--
-- Host: localhost    Database: papedins_db
-- ------------------------------------------------------


--
-- Table structure for table `acronyms`
--

CREATE TABLE `acronyms` (
  `id_chave_acronym` int(11) NOT NULL AUTO_INCREMENT,
  `id_entity` varchar(255) DEFAULT NULL,
  `acronym` varchar(50) DEFAULT NULL,
  PRIMARY KEY (`id_chave_acronym`),
  KEY `id_entity` (`id_entity`),
  CONSTRAINT `acronyms_ibfk_1` FOREIGN KEY (`id_entity`) REFERENCES `entities` (`entity_url`)
) ENGINE=InnoDB DEFAULT CHARSET=utf8mb4 COLLATE=utf8mb4_general_ci;

--
-- Dumping data for table `acronyms`
--


--
-- Table structure for table `addresses`
--

CREATE TABLE `addresses` (
  `id_chave_address` int(11) NOT NULL AUTO_INCREMENT,
  `id_entity` varchar(255) DEFAULT NULL,
  `address` text DEFAULT NULL,
  PRIMARY KEY (`id_chave_address`),
  KEY `id_entity` (`id_entity`),
  CONSTRAINT `addresses_ibfk_1` FOREIGN KEY (`id_entity`) REFERENCES `entities` (`entity_url`)
) ENGINE=InnoDB DEFAULT CHARSET=utf8mb4 COLLATE=utf8mb4_general_ci;

--
-- Dumping data for table `addresses`
--


--
-- Table structure for table `aliases`
--

CREATE TABLE `aliases` (
  `id_chave_alias` int(11) NOT NULL AUTO_INCREMENT,
  `id_entity` varchar(255) DEFAULT NULL,
  `alias` varchar(255) DEFAULT NULL,
  PRIMARY KEY (`id_chave_alias`),
  KEY `id_entity` (`id_entity`),
  CONSTRAINT `aliases_ibfk_1` FOREIGN KEY (`id_entity`) REFERENCES `entities` (`entity_url`)
) ENGINE=InnoDB DEFAULT CHARSET=utf8mb4 COLLATE=utf8mb4_general_ci;

--
-- Dumping data for table `aliases`
--


--
-- Table structure for table `autores_evidencias`
--

CREATE TABLE `autores_evidencias` (
  `id_chave_autor_evidencia` int(11) NOT NULL AUTO_INCREMENT,
  `nome_autor_evidencia` varchar(500) DEFAULT NULL,
  `id_evidencia` int(11) DEFAULT NULL,
  `id_pessoa` int(11) DEFAULT NULL,
  `time_stamp` timestamp(6) NOT NULL DEFAULT current_timestamp(6) ON UPDATE current_timestamp(6),
  PRIMARY KEY (`id_chave_autor_evidencia`),
  UNIQUE KEY `nome_autor_evidencia` (`nome_autor_evidencia`),
  UNIQUE KEY `id_pessoa` (`id_pessoa`,`id_evidencia`),
  KEY `id_evidencia` (`id_evidencia`),
  CONSTRAINT `autores_evidencias_ibfk_1` FOREIGN KEY (`id_evidencia`) REFERENCES `evidencias` (`id_chave_evidencia`),
  CONSTRAINT `autores_evidencias_ibfk_2` FOREIGN KEY (`id_pessoa`) REFERENCES `pessoas` (`id_chave_pessoa`)
) ENGINE=InnoDB AUTO_INCREMENT=3 DEFAULT CHARSET=utf8mb4 COLLATE=utf8mb4_general_ci;

--
-- Dumping data for table `autores_evidencias`
--

INSERT INTO `autores_evidencias` VALUES (1,'VICTOR_teste_161_1',1,161,'2024-06-05 04:44:38.785051'),(2,'VICTOR_Teste_161_3',3,161,'2024-07-31 13:21:53.249643');

--
-- Table structure for table `cargos_comissionados`
--

CREATE TABLE `cargos_comissionados` (
  `id_chave_cargo_comissionado` int(11) NOT NULL AUTO_INCREMENT,
  `nome_cargo_comissionado` varchar(300) DEFAULT NULL,
  `valor` float DEFAULT NULL,
  `cce_equivalente` float DEFAULT NULL,
  PRIMARY KEY (`id_chave_cargo_comissionado`),
  UNIQUE KEY `nome_cargo_comissionado` (`nome_cargo_comissionado`)
) ENGINE=InnoDB AUTO_INCREMENT=116 DEFAULT CHARSET=utf8mb4 COLLATE=utf8mb4_general_ci;

--
-- Dumping data for table `cargos_comissionados`
--

INSERT INTO `cargos_comissionados` VALUES (1,'CCE_1.18',1887.14,6.41),(2,'CCE_1.17',1469.94,6.27),(3,'CCE_1.16',1100.92,5.81),(4,'CCE_1.15',1849.5,5.04),(5,'CCE_1.14',1701.64,4.31),(6,'CCE_1.13',11306.9,3.84),(7,'CCE_1.12',9137.66,3.1),(8,'CCE_1.11',7286.14,2.47),(9,'CCE_1.10',6250.69,2.12),(10,'CCE_1.09',4907.65,1.67),(11,'CCE_1.08',4706.98,1.6),(12,'CCE_1.07',4080.23,1.39),(13,'CCE_1.06',3455.09,1.17),(14,'CCE_1.05',2944.59,1),(15,'CCE_1.04',1307.74,0.44),(16,'CCE_1.03',1089.5,0.37),(17,'CCE_1.02',609.36,0.21),(18,'CCE_1.01',360.56,0.12),(19,'CCE_2.17',18469.9,6.27),(20,'CCE_2.16',17100.9,5.81),(21,'CCE_2.15',14849.5,5.04),(22,'CCE_2.14',12701.6,4.31),(23,'CCE_2.13',11306.9,3.84),(24,'CCE_2.12',9137.66,3.1),(25,'CCE_2.11',7286.14,2.47),(26,'CCE_2.10',6250.69,2.12),(27,'CCE_2.09',4907.65,1.67),(28,'CCE_2.08',4706.98,1.6),(29,'CCE_2.07',4080.23,1.39),(30,'CCE_2.06',3455.09,1.17),(31,'CCE_2.05',2944.59,1),(32,'CCE_2.04',1307.74,0.44),(33,'CCE_2.03',1089.5,0.37),(34,'CCE_2.02',609.36,0.21),(35,'CCE_2.01',360.56,0.12),(36,'CCE_3.16',17100.9,5.81),(37,'CCE_3.15',14849.5,5.04),(38,'CCE_3.14',12701.6,4.31),(39,'CCE_3.13',11306.9,3.84),(40,'CCE_3.12',9137.66,3.1),(41,'CCE_3.11',7286.14,2.47),(42,'CCE_3.10',6250.69,2.12),(43,'CCE_3.09',4907.65,1.67),(44,'CCE_3.08',4706.98,1.6),(45,'CCE_3.07',4080.23,1.39),(46,'CCE_3.06',3455.09,1.17),(47,'CCE_3.05',2944.59,1),(48,'CCE_3.04',1307.74,0.44),(49,'CCE_3.03',1089.5,0.37),(50,'CCE_3.02',609.36,0.21),(51,'CCE_3.01',360.56,0.12),(52,'FCE_1.17',11082,3.76),(53,'FCE_1.16',10260.5,3.48),(54,'FCE_1.15',8909.69,3.03),(55,'FCE_1.14',7620.99,2.59),(56,'FCE_1.13',6784.14,2.3),(57,'FCE_1.12',5482.59,1.86),(58,'FCE_1.11',4371.68,1.48),(59,'FCE_1.10',3750.42,1.27),(60,'FCE_1.09',2944.59,1),(61,'FCE_1.08',2824.69,0.96),(62,'FCE_1.07',2448.14,0.83),(63,'FCE_1.06',2073.06,0.7),(64,'FCE_1.05',1766.76,0.6),(65,'FCE_1.04',1307.74,0.44),(66,'FCE_1.03',1089.5,0.37),(67,'FCE_1.02',609.36,0.21),(68,'FCE_1.01',360.56,0.12),(69,'FCE_2.17',11082,3.76),(70,'FCE_2.16',10260.5,3.48),(71,'FCE_2.15',8909.69,3.03),(72,'FCE_2.14',7620.99,2.59),(73,'FCE_2.13',6784.14,2.3),(74,'FCE_2.12',5482.59,1.86),(75,'FCE_2.11',4371.68,1.48),(76,'FCE_2.10',3750.42,1.27),(77,'FCE_2.09',2944.59,1),(78,'FCE_2.08',2824.69,0.96),(79,'FCE_2.07',2448.14,0.83),(80,'FCE_2.06',2073.06,0.7),(81,'FCE_2.05',1766.76,0.6),(82,'FCE_2.04',1307.74,0.44),(83,'FCE_2.03',1089.5,0.37),(84,'FCE_2.02',609.36,0.21),(85,'FCE_2.01',360.56,0.12),(86,'FCE_3.16',10260.5,3.48),(87,'FCE_3.15',8909.69,3.03),(88,'FCE_3.14',7620.99,2.59),(89,'FCE_3.13',6784.14,2.3),(90,'FCE_3.12',5482.59,1.86),(91,'FCE_3.11',4371.68,1.48),(92,'FCE_3.10',3750.42,1.27),(93,'FCE_3.09',2944.59,1),(94,'FCE_3.08',2824.69,0.96),(95,'FCE_3.07',2448.14,0.83),(96,'FCE_3.06',2073.06,0.7),(97,'FCE_3.05',1766.76,0.6),(98,'FCE_3.04',1307.74,0.44),(99,'FCE_3.03',1089.5,0.37),(100,'FCE_3.02',609.36,0.21),(101,'FCE_3.01',360.56,0.12),(102,'FCE_4.13',6784.14,2.3),(103,'FCE_4.12',5482.59,1.86),(104,'FCE_4.11',4371.68,1.48),(105,'FCE_4.10',3750.42,1.27),(106,'FCE_4.09',2944.59,1),(107,'FCE_4.08',2824.69,0.96),(108,'FCE_4.07',2448.14,0.83),(109,'FCE_4.06',2073.06,0.7),(110,'FCE_4.05',1766.76,0.6),(111,'FCE_4.04',1307.74,0.44),(112,'FCE_4.03',1089.5,0.37),(113,'FCE_4.02',609.36,0.21),(114,'FCE_4.01',360.56,0.12),(115,'Preencher',0,0);

--
-- Table structure for table `cargos_da_carreira`
--

CREATE TABLE `cargos_da_carreira` (
  `id_chave_cargo_da_carreira` int(11) NOT NULL AUTO_INCREMENT,
  `nome_cargo_da_carreira` varchar(100) DEFAULT NULL,
  `nome_carreira` varchar(100) DEFAULT NULL,
  PRIMARY KEY (`id_chave_cargo_da_carreira`),
  UNIQUE KEY `nome_cargo_da_carreira` (`nome_cargo_da_carreira`)
) ENGINE=InnoDB AUTO_INCREMENT=7 DEFAULT CHARSET=utf8mb4 COLLATE=utf8mb4_general_ci;

--
-- Dumping data for table `cargos_da_carreira`
--

INSERT INTO `cargos_da_carreira` VALUES (1,'Analista','Gestão, Planejamento e Infraestrutura'),(2,'Assistente','Gestão, Planejamento e Infraestrutura'),(3,'Auxiliar','Gestão, Planejamento e Infraestrutura'),(4,'Pesquisador(a)','Pesquisa'),(5,'Técnico(a)','Desenvolvimento Tecnológco'),(6,'Tecnologista','Desenvolvimento Tecnológco');

--
-- Table structure for table `cargos_denominacoes`
--

CREATE TABLE `cargos_denominacoes` (
  `id_chave_cargo_denominacao` int(11) NOT NULL AUTO_INCREMENT,
  `nome_cargo_denominacao` varchar(300) DEFAULT NULL,
  `valor` float DEFAULT NULL,
  PRIMARY KEY (`id_chave_cargo_denominacao`),
  UNIQUE KEY `nome_cargo_denominacao` (`nome_cargo_denominacao`)
) ENGINE=InnoDB AUTO_INCREMENT=30 DEFAULT CHARSET=utf8mb4 COLLATE=utf8mb4_general_ci;

--
-- Dumping data for table `cargos_denominacoes`
--

INSERT INTO `cargos_denominacoes` VALUES (1,'Presidente',NULL),(2,'Diretor',NULL),(3,'Chefe de Gabinete',NULL),(4,'Auditor-Chefe',NULL),(5,'Procurador-Chefe',NULL),(6,'Assessor',NULL),(7,'Assessor Técnico',NULL),(8,'Assistente Técnico',NULL),(9,'Corregedor',NULL),(10,'Chefe',NULL),(11,'Coordenador Geral',NULL),(12,'Coordenador',NULL),(13,'Gerente de Projeto',NULL),(14,'Coordenador de Projeto',NULL),(15,'Preencher',NULL),(16,'Presidente Substituto',NULL),(17,'Diretor Substituto',NULL),(18,'Chefe de Gabinete Substituto',NULL),(19,'Auditor-Chefe Substituto',NULL),(20,'Procurador-Chefe Substituto',NULL),(21,'Assessor Substituto',NULL),(22,'Assessor Técnico Substituto',NULL),(23,'Assistente Técnico Substituto',NULL),(24,'Corregedor Substituto',NULL),(25,'Chefe Substituto',NULL),(26,'Coordenador Geral Substituto',NULL),(27,'Coordenador Substituto',NULL),(28,'Gerente de Projeto Substituto',NULL),(29,'Coordenador de Projeto Substituto',NULL);

--
-- Table structure for table `contabilizar_para_registrados`
--

CREATE TABLE `contabilizar_para_registrados` (
  `id_chave_contabilizar_para_registrado` int(11) NOT NULL AUTO_INCREMENT,
  `nome_contabilizar_para_registrado` varchar(100) DEFAULT NULL,
  `id_registrado` int(11) DEFAULT NULL,
  `id_quesito` int(11) DEFAULT NULL,
  `contabilizar` varchar(20) DEFAULT NULL,
  PRIMARY KEY (`id_chave_contabilizar_para_registrado`),
  UNIQUE KEY `id_registrado` (`id_registrado`,`id_quesito`),
  UNIQUE KEY `nome_contabilizar_para_registrado` (`nome_contabilizar_para_registrado`),
  KEY `id_quesito` (`id_quesito`),
  CONSTRAINT `contabilizar_para_registrados_ibfk_1` FOREIGN KEY (`id_registrado`) REFERENCES `registrados` (`id_chave_registrado`),
  CONSTRAINT `contabilizar_para_registrados_ibfk_2` FOREIGN KEY (`id_quesito`) REFERENCES `quesitos` (`id_chave_quesito`)
) ENGINE=InnoDB DEFAULT CHARSET=utf8mb4 COLLATE=utf8mb4_general_ci;

--
-- Dumping data for table `contabilizar_para_registrados`
--


--
-- Table structure for table `criptos`
--

CREATE TABLE `criptos` (
  `id_chave_cripto` int(11) NOT NULL,
  `nome_pessoa` varchar(100) DEFAULT NULL,
  `hash` char(64) DEFAULT NULL,
  `apelido` varchar(100) DEFAULT NULL,
  PRIMARY KEY (`id_chave_cripto`),
  UNIQUE KEY `apelido` (`apelido`),
  UNIQUE KEY `nome_pessoa` (`nome_pessoa`)
) ENGINE=InnoDB DEFAULT CHARSET=utf8mb4 COLLATE=utf8mb4_general_ci;

--
-- Dumping data for table `criptos`
--

INSERT INTO `criptos` VALUES (1,'ADIR DE SOUZA','2a71874d92da8ae65cdbe56960fc389c00a6cb8ae2dffd08d3f9ff52fb327d13','ADIR_1'),(2,'ADRIANA CUNHA BELASCO','dc113348daa482ae7a816f32161a4a4995ec2d7363057339bbf382a69e9f881d','ADRIANA_2'),(3,'ADRIANO MYOTIN','d8bbaa78c1308b5562148c80434ffdb7f5c00d7ae6a2819a83809f5cf31f829a','ADRIANO_3'),(4,'ADRIANO ROGERIO CHINELLATO CAMARDELLA','861cc89b5b13d0d0320ed037f63094abe61e5f21227a307ee89af3a62489c954','ADRIANO_4'),(5,'AIRTON TAVARES DE ALMEIDA JUNIOR','0c6e3bd698f918082c4f0ddeeea673f3542838b4b50b5dab2d31ccee78f4aca9','AIRTON_5'),(6,'ALEXANDRA RINALDI','2c2be7f1f185ffcb0300272224e23f2a817cbb34c525806ead08c75e670fa80f','ALEXANDRA_6'),(7,'ALEXANDRE CABRAL TINET DOS SANTOS','4ea99353455f789055fe1bc469e5d60ef9b7b4347a1286e1cf5c8bb921da475d','ALEXANDRE_7'),(8,'ANA LUCIA BENTO DA SILVA','dd6009d7912dc99e51f8896025f10ef5a56ce7edf190c9af9462e1b4aae6d1d6','ANA_8'),(9,'ANA RUBIA WOLF GOMES','d4fd4e291683966dfa1f4c2fa387affaaee815c7354c1a36d543a5bb4bae2ffa','ANA_9'),(10,'ANDRE LUIS SANTIAGO MAIA','b425ee9bb86e6d9e522996a5165723ea13b22ae87663c3c5c7f665351f6f4dc4','ANDRE_10'),(11,'ANGELA SALETE GENARO','cb974404431c784f2a54344eeb0ee604423c55285f4a78f206db9207adebad89','ANGELA_11'),(12,'ANGELA TANIESKA SCARLATO','3225ac612a3e6504efd471739b1e9617e37150071a143b9aa91c7dcc4d544878','ANGELA_12'),(13,'ANTONIO LINCOLN COLUCCI','eb2c1be8d024354d1d363b57f0821880a4e773f4302635b103349ea23ccff689','ANTONIO_13'),(14,'ARTUR CARLOS DA SILVA MOREIRA','ef6a8b8921a4c206d4d15c2b012ede3a5d5f9d54786322967451eba4f30b7d17','ARTUR_14'),(15,'AUGUSTO ANTONIO BARROSO MADRUGA','78a531bf102f1292831bf44af98c930437e3687b0bb8073fc323c63a3923bded','AUGUSTO_15'),(16,'BENEDITO SILVA GUIMARÃES FILHO','18c97822f3c3c55f4960a0842340924a702a957a02906d913fc76e40cfe9dd96','BENEDITO_16'),(17,'CARLOS ALBERTO DE FRANÇA','22343fdc45d05dfb4b2a6c7ede06f7f92c9016f6cfd7e0e38fe1049633bdc8ee','CARLOS_17'),(18,'CELBE FERREIRA LOPES','47f3f1f982d89c29ebcd4c0e93a5d85bbf64dfe01f6bb5e5a3d45e44c6a48400','CELBE_18'),(19,'CELSO AMORIM SALIM','7cb3d82088c9a91ec95efa1b27f5f97c7fa4324457ba1c8535ea671cdcd566e9','CELSO_19'),(20,'CEZAR AKIYOSHI SAITO','b9505279e799aed99f16458c4bf62b050c68b5a8f93df5f569341b5265340e82','CEZAR_20'),(21,'CLAUDIA CECÍLIA MARCHIANO','743cf2c7ad603243d7e0056f5109744253e4f9cdfd50da5bb3afac78d5072552','CLAUDIA_21'),(22,'CLEITON FARIA LIMA','198c2c5eea411ab5abee39b25e942e8028528d6a7db7065b7e880e63d6bd384f','CLEITON_22'),(23,'CLODOALDO CAETITÉ DE NOVAES','f02bae6bfde6a0dd23f896f6edf0d034cda5c17c42866179b74cae72eadd5edf','CLODOALDO_23'),(24,'CRISTIANE MARIA GALVÃO BARBOSA','361031632feb4c7c02badae90d769ebd84be640b2e6fd2ab052dac5c9fa4450f','CRISTIANE_24'),(25,'CRISTIANE OLIVEIRA REIMBERG','6ac8b818de0b67d2356384f3963a7d5e28a916292cacb3e23d1d3c16ce58be7e','CRISTIANE_25'),(26,'CRISTIANE PAIM DA CUNHA','792d9fd3189b8852ef3fabd08d0b1c3a1a3eca7d76d1f74862afe6bbce3c8ca9','CRISTIANE_26'),(27,'DALTON TRIA CUSCIANO','4a95188144c1a3207e38b04a52fadd3cd7e49bcb5b1283103bb09b908ce2b6e5','DALTON_27'),(28,'DANIELA SANCHES TAVARES','a637b9cf744133ff3dd916dcfce272cb12ef44be33ac03cb2269f25e49c8265a','DANIELA_28'),(29,'DANIEL DE FREITAS BERTOLINO','a1fc8cabc670a5af57cb91077b8d2361fc36990210891017e46795e7119251f1','DANIEL_29'),(30,'DANIEL MARTINS DA SILVA JUNIOR','12bab70754aa75b155de0ebc452613916dd79339b62035c437c432cf41590f5f','DANIEL_30'),(31,'DANIEL PIRES BITENCOURT','eb5acf2384fb66bcb0e1d27ccbe478aa17dbfcc1ce2338c98d83f70544c883dd','DANIEL_31'),(32,'DÉBORA MARIA DOS SANTOS','ad0f0c28dd21b8fcc1bce011101c88d1994569520ed573879f0be83d59c78c29','DÉBORA_32'),(33,'DELMA FRANCISCO BATISTA','9eb8d737cd1154faa39299dbb464b03ec60ddbd4566942fc22bf47b198194c7a','DELMA_33'),(34,'DENILSON JOSÉ DA SILVA','dd502288a40f5f1f13259b7b5e7203c95d8592bec34f671f0770fcbb30b54929','DENILSON_34'),(35,'DENISE BERTASI','94680dbc006f042860aa5e54ff69ab1fe0003a03af9add27a43a92ac7546f48e','DENISE_35'),(36,'DIEGO FERNANDO FERREIRA DE OLIVEIRA','41da013201b52c58f3953a94c604a9e658a9fb9938e58a5597bb9629ecf5a348','DIEGO_36'),(37,'DIEGO RICARDI DOS ANJOS','28c53eac8b2c7f251ec25a16837aaa915d4664cb410ae421c6003f0c218d3f16','DIEGO_37'),(38,'DIOGO TADEU RUBIO','9ab9221451b6d5888b80ea17300f2f2e3a4339d91e7565d6080fe179a00c5186','DIOGO_38'),(39,'DORACY MORAES DE SOUZA','ab0677f9c64cacfb7d0e741e26e268b22fe2b98cbc9afde3bd659f1d41d81a8c','DORACY_39'),(40,'EDUARDO GARCIA GARCIA','7fa08b6a5c8559039c50d6f777722b4d461a54fd6038d3914e1b220e8925575c','EDUARDO_40'),(41,'ELISA KAYO SHIBUYA','bc57b6d51703895f6a3bd38380a2334f4f739fb4a33b57ad54be404ce442d4af','ELISA_41'),(42,'ELISEU BAPTISTA FILHO','65e10a7a293f5d1835983a01cc671556b7a732ff2d6ddb46408754a3f52afb60','ELISEU_42'),(43,'ELIZABETH DA SILVA FIGUEIREDO','cc2675cf93221978ff448267c4527f18493aa14e7c9378b97120ceb55eed6ea9','ELIZABETH_43'),(44,'ELIZABETI YURIKO MUTO','80f38662ed61e2e7b399600d8988cb5e87ecd6ba8cda126f7322ef1be4ec0551','ELIZABETI_44'),(45,'EMERSON JOSE ALMEIDA DA FONSECA','fe95fa71a50bb4227ece973632066bc8022a5472e31af4c67491b4c7cef1efdd','EMERSON_45'),(46,'EMERSON MORAES TEIXEIRA','129433fef907f0eb37e2792b53f9a9c79721fb0efd129e777fa35644b903438b','EMERSON_46'),(47,'ERALDO ARRUDA LIMA','b76372bf6370f47458220fbc913b4a942efc28c88775d9fa1c87fc5a03c329ee','ERALDO_47'),(48,'ERICA LUI REINHARDT','8d20f72da4ee8f75eba61a1ea7c0a6ea0dd94eb64e65dbf83e118134ddd1d17d','ERICA_48'),(49,'ERIKA ALVES DOS SANTOS','144fd368e78bf735b8980b7c5ef152b15c63f53f9b50b156a7e003f98cf2cccb','ERIKA_49'),(50,'ERIKA MACHADO MELO ALVES','96efce1d99fe9c27a3a2c6d1b9e73c57349275fb8e509d05fbb69e12c163bc28','ERIKA_50'),(51,'EUCLIDES MANOEL DA PAZ','ce14e5c03279f23890026c46d817e289b9691258f404e5abb42331590246b7da','EUCLIDES_51'),(52,'EUGENIO PACELI HATEM DINIZ','29c08ef0d9cf4f0b5874f473caf07a89c95309c215fa8d1f585f1a5e2f96b4be','EUGENIO_52'),(53,'EVANDRO TAMAITI','7781a1a8db5b28d83a5796a96a5b7763fd363cfb62cb2432967414b9505184e8','EVANDRO_53'),(54,'EZEQUIAS DE SOUZA LIMA','f533ee319e6f7da2e2f715568c8348b2394648b10c500d0865f6e183d372e24e','EZEQUIAS_54'),(55,'FABIO AKIO SHIOMI IHA','2bd5480623584127a40aa5466fafa7406cf7cc2df4f1c6bb52be4857e6ff192d','FABIO_55'),(56,'FABIO SPERDUTI','93df19ce8346cffe98b9254eab4e088e7fd19eace4de397d87e09c1eb9a0cf37','FABIO_56'),(57,'FELIPE AUGUSTO CASCALES','e30b69f4b3f169fd01f4d04a0a9aa86799d576cf1e09edeba81666b11b420e3c','FELIPE_57'),(58,'FELIPE MORAIS SANTOS','8475ca1234281891c3c37b78fc78f0e41230e4e9e9a6ac32418568e8b0f249a0','FELIPE_58'),(59,'FERNANDA DE FREITAS VENTURA','a692cc6652de883e6e04245d115a25d57b856007b0b7caade2c2dbf66deb9c35','FERNANDA_59'),(60,'FERNANDO BARBOSA DA SILVA','f52f96898d2c94f6973757c3fe1e53bd98d7bb3205107a2ae27ee65619f33758','FERNANDO_60'),(61,'FERNANDO JOSÉ SMECELATO','1a6da29b4ed69957dbed705ad0a299c8a82ad6ea0c46b342eddc1a3ca1c478c3','FERNANDO_61'),(62,'FERNANDO TIMOTEO FERNANDES','7e2aab3ad67ca0985be9bab5c63a9b95f5352c8d6801c2c4de503f5631d4a02c','FERNANDO_62'),(63,'FLÁVIO BARBOSA GALVÃO','9b8aed54ebfc2cb7ad5e50755c63f02e3449a2a89e5292555858229a10067c22','FLÁVIO_63'),(64,'FLÁVIO MALDONADO BENTES','9d20aaeeeeb2fc51a3a6c6ea86bda7c17b8104794ee700048e0cf43ef7a250cd','FLÁVIO_64'),(65,'GILCEMAR ANTONIO PEREIRA ENDLICH','183a1220376f770dc5eac2eb6ea2e3859b4289fdf7d931996dae607298453e07','GILCEMAR_65'),(66,'GILMAR DA CUNHA TRIVELATO','8cd3c8f38827b87f3bf103b7cdfb78adf69c6454e98a2c7ff2b08cc3c3e50a91','GILMAR_66'),(67,'GLAUCIA DE MENEZES FERNANDES','99d315e8f71ed311a6c0dad5f6b8a0b22dc873f21d399fd52da4067e2d20e663','GLAUCIA_67'),(68,'GLÁUCIA NASCIMENTO DE SOUZA VELOSO','2c99134b7b53cd48b63d4782d809241dbf73d9117c0006f5f8bb32211c613b86','GLÁUCIA_68'),(69,'GUILHERME MASAAKI KOREEDA','5d4a88f3841daa5b531e14cabb7ce122697e5d554fd6426788cb7e5443a4fa22','GUILHERME_69'),(70,'GUSTAVO BRAGA SENRA','872668b7848ba096e701d24f03777c9d7d958b8316225fa220cf99483dc49ce8','GUSTAVO_70'),(71,'GUSTAVO DOS SANTOS HENSCHEL','ed44b80194fa55a572e33a1bdd847606a2976a8bbc10c8f1db378d2dd487b588','GUSTAVO_71'),(72,'GUSTAVO HOLZBACH HAIBARA','fc44421856e216a7adc39e349306e8b8f7e8b82eff229deb6bff17badd4ba71b','GUSTAVO_72'),(73,'HORACY HIROKI TAKADA','9cc0e875d6f6039f6c0e93f36cb3f135cff331dfc7d3296ca0e7ebedf63d7e78','HORACY_73'),(74,'HUMBERTO MOREIRA DA SILVA','632c4342fb7eca5f65b24bed374d07d04bb6aeaff42a884bd3ed0c65643ae47f','HUMBERTO_74'),(75,'JEFFERSON PEIXOTO DA SILVA','90bbb4aad5c145613777424e65c5fa198e25c5dbfad1bdf8cde9b432179de82b','JEFFERSON_75'),(76,'JOÃO LUIZ MARTINS','57aaab6ff7cc0ec8cd4d28040d210e094bf82c9345203c0008a70afa2d2ba845','JOÃO_76'),(77,'JORGE MARQUES PONTES','19d3bf295ba26baedac4db7aaff884ea7a18287262065e039c7be70defe8a49c','JORGE_77'),(78,'JOSÉ DAMASIO DE AQUINO','bd337b006b2880fd557bb250b09f176fd629b450a82c1a619b7cc3c3b0c1027d','JOSÉ_78'),(79,'JOSE LEONARDO PADILHA','09d4d42ed76ed817ca01e16276fabef4945d8a38c5cd6d97e65467f570532b19','JOSE_79'),(80,'JOSÉ MARÇAL JACKSON FILHO','c1bf12269ff5956196cbb5e097e3d7bf0120120e973de8f23ad74f3aecaf7bc4','JOSÉ_80'),(81,'JOSÉ MÁRIO MATRICARDI','faf88a9fffe1e3b6bf2566daab4fd71b8c6b85dd317ad12cf052e2f9bcaa8f54','JOSÉ_81'),(82,'JOSÉ RENATO ALVES SCHMIDT','89f2964229a32e6f0f0f7ed8612028cc3219e4685233c7d99aeda0c14e348cbf','JOSÉ_82'),(83,'JOSILDO MARCELO MURICY SILVA','9a206fd575522a8e0c5ec3f7b9686ecb73d9827a08796ecbdb50d55451e5acde','JOSILDO_83'),(84,'JOSUÉ AMADOR DA SILVA','afa0155a78d1ae2e1f5a147988898ade361638bd14633e2d28222fa3701f88c8','JOSUÉ_84'),(85,'JUAN GOMES PEREIRA','ef4fbeadc22f6743a5bcd79775433e201df94b962d008eb58a00a03a9fff8c20','JUAN_85'),(86,'JULIANA ANDRADE OLIVEIRA','bdaa0df15102fc1ea632adfcf09ccb722c9ff62b5a0bb1fcd70be95f9a00533e','JULIANA_86'),(87,'JULIO CESAR LOPARDO ALVES','ab3272ef1355dc6a3bc184fe97c081ddb6ae59aa5dd7b73a46958974f0342b49','JULIO_87'),(88,'KARINA PENARIOL SANCHES','445ab4bf676fd5532794d473fceeeda4978cc0f24fafdaa9365fbb11b7547c4c','KARINA_88'),(89,'LAURA SOARES MARTINS NOGUEIRA','f3403b7732e9dce0a24769644e448c1b25e4563ccb0f73d2f8605f9f8eec3d2d','LAURA_89'),(90,'LÊNIO SÉRVIO AMARAL','e253f7f0404ba519a4d6ef754017977c6db279a600557a37757d001e9458ac20','LÊNIO_90'),(91,'LEONICE LIMA SILVA','7a99a8b5775b1bf819de4efc2c7a00b3c4a35eac2694ea35b0ae1d471a0e7ad6','LEONICE_91'),(92,'LEONIDAS RAMOS PANDAGGIS','e54f4a8c0f889f9f6a7e17ace8192ba447142d2b4c330ff685ffef05d26550d0','LEONIDAS_92'),(93,'LÉO VINÍCIUS MAIA LIBERATO','1b1accd6c76c630d16d32dd98329406ade1901ac776e51881e3511d4791c2d13','LÉO_93'),(94,'LUCIA SILVA DA ROCHA','23643eb082ae24880425caab94de613ac85e725ade1c46920ca9def4bb43635b','LUCIA_94'),(95,'LUIS CARLOS SOARES','120a5767db1d0eedacbf223fc54071c4353d0d012b356cf0e0e69f4b054de04b','LUIS_95'),(96,'LUÍS RENATO BALBÃO ANDRADE','63d9378e984482d5432005eff4fc9612929cd973eeb760d0dac7afdc113af3f9','LUÍS_96'),(97,'LUIZ ANTONIO DE MELO','a90dff9138147f1a93c4c833c8e7241f34fe1dc7af1d1af7ac5563d693ca7eae','LUIZ_97'),(98,'LUIZ FERNANDO DE SENA','6572787d03a8592abb69d0a36b62de655c110036f4c9086b86f546c3a781d793','LUIZ_98'),(99,'MÁCIA MEDEIROS DOS SANTOS TEIXEIRA','658f4633f3c5487e353663d75ca1476b2f4d11adbbf24be4605607b7c4d4fb7e','MÁCIA_99'),(100,'MANUEL PEREIRA TEIXEIRA','02d0037323263d28f14c10ae77824951ea0745561aefa7610f17dce3265d389b','MANUEL_100'),(101,'MARCELA GERARDO RIBEIRO','03d8805878e61dc091e57c218606733a28217dceea968f1325ce55ff3ddeff4a','MARCELA_101'),(102,'MARCELA SARTO ALVARES OTERO PONTES','e73662cca93350c9ecccca0cbdd8a02c0d83a1ebe5c54fd85a858dbc456da22b','MARCELA_102'),(103,'MARCELO ALEXANDRE DE VASCONCELOS','1d4372abcb5903d9cecb0f6442836173bdcfe7ac7c21101e212c04b7a62aa868','MARCELO_103'),(104,'MARCELO RAMOS','1d8aeecdfc325d531fb79f6a75d4ffd0dedfb977ac83ac7dd46ffa8a2bca977e','MARCELO_104'),(105,'MARCO ANTONIO BUSSACOS','536c16e6ec4dbabbe1db87883acd69f6f1b96646b6d07001e4cd870586a5f68b','MARCO_105'),(106,'MARCOS FRAGA','0e8e2048d9ce5491fbd61285bb4ed2b3259d2086f973784c50d34c62004492aa','MARCOS_106'),(107,'MARIA ANGELA PIZZANI CRUZ','438c167ca0d9c8d5158dab28168001e2cc8059c7da95d31230157d50c1e334cf','MARIA_107'),(108,'MARIA APARECIDA CHRIST','dfba158671493e24531c42868a4f2cfeda0182215a0c4b09aafd7aef09df95e1','MARIA_108'),(109,'MARIA CELESTE MAIELLO','0a3e9d291d1af131dbd4fbe3de17e94025b73c7421f51ebb88928f6b10bc75fb','MARIA_109'),(110,'MARIA CHRISTINA FELIX','5bbbab0575f680c016a185eec0b298d5170f6a54fe7a2db715916f09a8364f92','MARIA_110'),(111,'MARIA CRISTINA AGUIAR CAMPOS','7da18846fd7a9263eda8760227fc1323ea6787834748dee5cb0c46d6508ed17d','MARIA_111'),(112,'MARIA DE FÁTIMA TORRES FARIA VIEGAS','18800cec1c2995f2f34756ed1b600eacfc6a32ffce6ea1937bf7c06c660c8cd5','MARIA_112'),(113,'MARIA MAENO','f1b45f8ca826968ae980df9139eed49530f03ebe11b8e1b5d77858eb8be599f1','MARIA_113'),(114,'MARIANA SOUZA GOMES FURST','2db9d2f09c5ab21b14938516057cbea5f8d6aca2eb9ca3b189652e0229d731a2','MARIANA_114'),(115,'MARTA KATSUE HATANO TSUJINO','af1c05c8dd05cc09994ff825082d55e09760782a2ded1e448cd4dfcec058630e','MARTA_115'),(116,'MAURO MAIA LARUCCIA','17c74311e0cee8f2e253a397312abc855013a0e07f5c9bc1f611e8b92210ea14','MAURO_116'),(117,'MILDA JODELIS','be263e850cfeb43066518ae3c4717ee98c464c6c3761010f0cbafc577ee52d93','MILDA_117'),(118,'MOACILDO PAIVA DA SILVA','8d7c9898cd3d3b0c4f13e5233eef8bbf80eee5e8f64f2f508bc658c1b487be5f','MOACILDO_118'),(119,'NELSON JORGE GOMES','f441363fabf2c4999382e2f61bba95f9930bd9a0d38ecde482b4d0f2e36288ea','NELSON_119'),(120,'NORISVALDO FERRAZ JUNIOR','d28df3e97a1434ed895d87a5063424eaee8855f1ca183b530982eb70ce94ec84','NORISVALDO_120'),(121,'PATRÍCIA MOURA DIAS','92626a03f7c83fe6e329f57aee08afd5279a371a9b4202099d59a7f4dedc9446','PATRÍCIA_121'),(122,'PAULA PEIXOTO MONTEIRO NASSAR','546c9be3254890a2c331d122ca8d54f5c9adba51e63d34afa5481b6946f3fda8','PAULA_122'),(123,'RAQUEL ORLANDO DE ALMEIDA','fd1da706c5fa1dcd836ac09898e88e7a697f74c9737f3c4f629c49a5c89325e8','RAQUEL_123'),(124,'RENATA LUIZA FERNANDES CALDAS','55ad4fe25e4b4eecd1f38336c515aff31b73572f5dd6e41edb64d3ecf71d9f65','RENATA_124'),(125,'RENATA SCHNEIDER VIARO','ecc4c6843eba5e1893352b909fdf9abba53248fb46245d14a0d6773719d2e6ce','RENATA_125'),(126,'RICARDO LUIZ LORENZI','98b846349ae507e92322822b2b451026341e259dadbe5d9fcfe0aab0ecccd038','RICARDO_126'),(127,'RITA DE CÁSSIA BRISIGHELLO','81f9fef0c3890951e9a119ad87c942bb878c90ca8fbda040e4fa0cebd89aecb0','RITA_127'),(128,'ROBERTA GRANJA GONZAGA','d7894c53af966f9759f3f0c2a9e82522f40d8faea4813d44e4bf726ae64f1b9d','ROBERTA_128'),(129,'ROBERTO CUNHA DANTAS','115a8b322bc5dfa6d5f778bbb2b07bac283f9f4bce0e5556c75cfbbbcddbc96f','ROBERTO_129'),(130,'ROBSON RODRIGUES DA SILVA','2d5b7f91c9ad0804299a103cbb614e3babc9de67b04fe384537cd7f6ce0c999c','ROBSON_130'),(131,'ROBSON SPINELLI GOMES','1eeb6fded3909e8f9c48e0bc71a514bdcb7eed2500b27c95a819da7b21d8c671','ROBSON_131'),(132,'RODRIGO CAUDURO ROSCANI','e5d8b03b8bfd8b828457187e221e8113e24df2db91866ff4df6279473100de55','RODRIGO_132'),(133,'RONILDO BARROS ORFAO','8f22567c16a90705f761e63d74a8ac50c42d84a807dc11b0ec87ddfa6a043d57','RONILDO_133'),(134,'ROSANA GONZAGA FRANCO MELO MASSA','f5b1295ddbb036db5a766739ac8096ac0bc17262f15c9befa77451c7e9a5834a','ROSANA_134'),(135,'ROSECLAIR RODRIGUES DE CAMPOS','97c19dfc9dd48d1b0c19989e3ff01303147265ab64e0493d27ed7344912cf10a','ROSECLAIR_135'),(136,'SANDRA MARQUES DA SILVA','6e3ca9a830e5b7fb13ced8055b9678d669cd6cb5da35af1df56de29a633670ef','SANDRA_136'),(137,'SERGIO ANTONIO DOS SANTOS','12d619f7844a486ebb857033e5df765842123b97981227ce0ed080a7744452c7','SERGIO_137'),(138,'SÉRGIO LUIZ PEREIRA','adf2b99d00e9f8465cf622d215f10bc054a09149866d68f5f995f53b2e8ad500','SÉRGIO_138'),(139,'SERGIO ROBERTO COSMANO','f0dd8ba9764ad18c5570b2f9c3bf5104a01ca3822fb168c4a09dcd7e38a75341','SERGIO_139'),(140,'SILVANA CUTRUPI GONÇALVES','29f81304f8f99f2409cc60339a424f52a555b039caf8ca01a6d2ea5a634d5d61','SILVANA_140'),(141,'SILVIA HELENA DE ARAUJO NICOLAI','c9250e1e044b40606a2b829b771bd07ff9b9063eebc45846b404e9863dfd1dd7','SILVIA_141'),(142,'SILVIA RODRIGUES MAKIYA','c6255b3a92f5ebff629c0d11a917b4b62f7bc02e2bc69b834390bfb11b5e18ca','SILVIA_142'),(143,'SÍLVIA SILVA','97a6199d2e203ec5f4dafd152b681acfdcdfbf339c8fb447a20dd527a44ad706','SÍLVIA_143'),(144,'SOLANGE REGINA SCHAFFER','ee4dfdfe60068e03bc73cb2e3e8a5816830cc11a3f6d10ee112e1799b5fad39b','SOLANGE_144'),(145,'SOLANGE SILVA NASCIMENTO','bd2f00d1605c4b1ea090af63a8a19231ae97d17ef8900bd95f21fb54dab9b93d','SOLANGE_145'),(146,'SORAYA WINGESTER VASCONCELOS','d9cbb223c2f619d93f5689ea011187213652d2b79dbaf2cdf2f78ae88d91ee62','SORAYA_146'),(147,'SUSANA ELISABETH DOCE MACHADO','7b91d86e5ec182cadd8346e5405aab68c13969d171283a1fa51fb74b36c28bfe','SUSANA_147'),(148,'TARSILA BAPTISTA PONCE','09264ef8f3ca28df403f6ce4140b6f84cac56f44ceb784e4ced944ab6b4fc38c','TARSILA_148'),(149,'TATIANA GONCALVES','bcc083ed06fd8dd23d042e8d96547cfaa04c13ebbdb6eb45f9796a11f234d1c5','TATIANA_149'),(150,'TEREZA LUIZA FERREIRA DOS SANTOS','8761da92dd1b05d9a10308774a4d28be226381068f8c49d2c7a5acd2324357ae','TEREZA_150'),(151,'THAIS HELENA DE CARVALHO BARREIRA','7af34769bb2a1bd7b3db76903b5419a0841c432b7b2fad34ece35709ccb07a66','THAIS_151'),(152,'THAIS MARIA SANTIAGO DE MORAES BARROS','bc7a5635ec487b557cc0f461eb01731ffcc0cd81b428943134638f1a3ec095fe','THAIS_152'),(153,'THAIS MONTEIRO ANDRADE DA SILVA','11ecce0ec290e081e55e0e0e0ce126467e3294eb1529cbc8b4f8a0d37b130e94','THAIS_153'),(154,'TIAGO BORGES PEDROSO DO AMARAL','996b0176110c5bed44596b85ccc086bcdb7278b32c3a1e6c0ee8cf2a9e246974','TIAGO_154'),(155,'VALDIR RODRIGUES SOARES','5210f4cc610718b7dd5237cc0c4cf61e25403837d38469893a4d0049a79a8b26','VALDIR_155'),(156,'VALÉRIA RAMOS SOARES PINTO','8f4e1af6fa50daf14a09c2c6525df3788a2c363a0f63d74b2b344bd76a361ad9','VALÉRIA_156'),(157,'VANIA GAEBLER','d3fdb12508b9796ace22590d167738a0a4154c258df1dacf346f51e9c9849d29','VANIA_157'),(158,'VIVIANE MACIEL TREVISAN','450c4eb631694021817c5b6b70b782eb47146a26387978b5d6c786abb801e56f','VIVIANE_158'),(159,'WALTER DOS REIS PEDREIRA FILHO','040ff66f3fa021a2942e4151f452a69e413a1e93af41d8d8ad0a7d34d12e4be1','WALTER_159'),(160,'PEDRO TOURINHO DE SIQUEIRA','ed639b585bdc56e83986c968267581f59270f55db9c4b2fc0930cb271e7b4da1','PEDRO_160'),(161,'VICTOR PELLEGRINI MAMMANA','39f877bb1854db417d9172883c21b1f0eadc91f4d503ff40da73908dfecb3fea','VICTOR_161'),(162,'VITOR ARAÚJO FILGUEIRAS','4ed91ddd0b6ce19fd6cb450c976fdd77c29d17939f9a384747134d90bd7dd5b5','VITOR_162'),(163,'RAFAEL MÔNICO SILVA','6417186d87bca7fc72744519b683b051fa2d7179b773b4af34a5d172d7e58157','RAFAEL_163'),(164,'JOSÉ CLOVES DA SILVA','2edcee153a30ad916ae91445a5f995bf78be111b0ef26b6de2f80c3d19effa75','JOSÉ_164'),(165,'ESTEFÂNIA MEDEIROS CASTRO','3e6fc2be8d31e716bdb04eb151ac98fe9f3f98e0c6b64006b4889e7895ebe4b4','ESTEFÂNIA_165'),(166,'VAGO','f99742bb78225b249cfc49eb517cec584ba05bd03e0b822e6c684d60ffc78a62','VAGO_166'),(167,'REMIGIO TODESCHINI','be18e63a19646724f72b7efc72802a2843f87bd2143064d7a3d26cd791bc7396','REMIGIO_167'),(168,'KARINA NUNES FIGUEIREDO','1cf1cfa962d20715c99394fcae422e21c3264641884ca8a17f641d8c607b9115','KARINA_168'),(169,'ROGÉRIO BEZERRA DA SILVA','22d2e3e6033b9aeeb1d9044304a34548fb3111d4d84d8f22a4e6b47b1db605ce','ROGÉRIO_169'),(170,'PREENCHER','e8d94900ce1ce479ac1c375e06d5b77a94644b9a80c72c4dd8d8e6b731374f27','PREENCHER_170'),(171,'MÁRIO AUGUSTO SILVA PINTO','9b428f1315b1319ce90791cb82b49a196772f68bbaed632a3b6ec69ef1b8f37f','MÁRIO_171'),(172,'MARCELO KIMATI DIAS','0476efc2a83ee99b696c21f46ae73c48c9345416747c9156bd8e0f8e7b2ec676','MARCELO_172'),(173,'MÁRCIA DA COSTA BRANTS','f97c3868a1072082d1edeee14e727bd2fa0b0bc501569b42f3eaf9962d79c766','MÁRCIA_173'),(174,'MARCOS ROBERTO LUSTOSA RIBEIRO','2674c0ac82c20d1696737164d7ca6a641a5e97e2965c62764f35a0f2504b99c5','MARCOS_174'),(175,'ELAINE DA SILVA TOZZI','03f3b2d36e9fc39953e8eb3123066f172a9b907106ebfbff9643c3b5ee70953f','ELAINE_175'),(176,'CIOMAR OKABAYASHI','76bcdec643f3efe4e52dd07b655e51eb39f4b8a6821b5ac54f3d63136a1fb60e','CIOMAR_176'),(177,'KELLY WATANABE KOKETSU','c091ee60b1a6d84276cbe1bf9288c02acf92107e79999dd0ec078677264c5475','KELLY_177'),(178,'JOÃO DA COSTA BEZERRA FILHO','aa864641bf8978d19867b5672132ff914a690182c056d8f93c4eb3ee9b4b85a3','JOÃO_178'),(179,'MARIA DA AJUDA LUIZ DOS SANTOS','5c3bd6d1b0f7599c85226befb584f87c40a4d429b46d3a04ccba4b7e53dc3722','MARIA_179'),(180,'LEILA POSENATO GARCIA','c6a5af6b0d625407c0601b1991bc036746321e7b80d6aeefa2046d877363a6d0','LEILA_180'),(181,'CLAUDIO ARAUJO NASCIMENTO','38c0e566b7b0451583e906c522a256a61042a2a2b384bb080d27263c8358b253','CLAUDIO_181'),(182,'DENISE FERNANDES ELOY DA COSTA','c2abf642cae6462137d594678f8d0327baa0e47586d61a5ab240bc28e5f984c3','DENISE_182'),(183,'ELIANE DE MOURA MARTINS','bf108cc6bc6e877de81192d7d075651d2675423196c56d515e1cbd26d9489ad1','ELIANE_183'),(184,'FLÁVIA DE ANGELIS SANTANA','38a1cc2665c5b1f0d19b7b2ffbb15b28c97fa0eba3e735985cd28b4f40b3e236','FLÁVIA_184'),(185,'IVONE DE SANTANA','5b47fe6db03088fbaac8ac560dcfa1897ab9dd8e98ac49b0569626b1fe6724b5','IVONE_185'),(186,'LIDIANE FREIRE DE JESUS','e24555d9e90e04e9e416433b1292211a569e4b752d4dfa09206a0b3b69edeb95','LIDIANE_186'),(187,'MARIA LUIZA MARTINS ALESSIO','b81be3e326216ef7a99f3870af0076b2d241b154dee4c3e98f4c95e14a99696c','MARIA_187'),(188,'RAIMUNDA DE OLIVEIRA SILVA','29ae49ca742f146d9f687a753ba795722f4bb36b8e93810dc0fcc413e7eea7a9','RAIMUNDA_188'),(189,'THAYS SANTOS CARVALHO','422a6bed3fdd2090891cf264c911f58a8857d938fef82e51464e8b9aca114e79','THAYS_189'),(190,'MARIA DE LOURDES ALENCAR','60938f4bbb30ec8d881ad53f257c3f56de7089317da14030180c4e47ab601c92','MARIA_190'),(191,'THAYS MALHEIROS GAWRYSZEWSKI','324104b4d5557ee59bd5f852c1a4ad531dbbcf7900c96adc37eeb570918067d8','THAYS_191'),(192,'LUCIANA PENA MORGADO','7e10d7f26b4cd2b554b38d3fb49b56a9c0aaa97ac3c7a71cf37a4e746163fac6','LUCIANA_192'),(193,'CARLOS EDUARDO MAGNANI RIZZO','477325f0b597f5a33c31ab232bbf1d6161cd3f16e60a71faadbdbf05c0ba072b','CARLOS_193'),(194,'CAROLINA FIGUEIREDO MENEZES','78beb10a4657c8ab92b860d7c957681b9888586c69ae21d1de81ae0e46951cff','CAROLINA_194'),(195,'CLARINHA GLOCK','8e09a7cd15153493fa371e6b699f02e25501a5a18676754a75e61911a2f72ca1','CLARINHA_195'),(196,'DENISE VIEIRA PEREIRA','13429ad66445bbbacc32f062e6e9675b126897a6c84e5ea3ca3255a96c211181','DENISE_196'),(197,'DANIELLE MENEZES RODRIGUES','6d09f1a75b1321d6cc1f822405553450c1d6a47fa32f323b1a8ed8409c5c1df5','DANIELLE_197'),(198,'ALESSANDRA LEMOS DESIGANT','d7e8a1e096ab1245a5100875649871287bf3c817ee1dcb7a75a7fded7242c7e2','ALESSANDRA_198'),(199,'MARIA ADRIANA ALVES DANTAS','920146d16f744356261d899a89638ae9869c8f47e12873d4862bb17c2f6f2813','MARIA_199'),(200,'RAQUEL DA SILVA ALVES','5b41131c6fb1433a00182bd2f32ec2e488e7f7b9e0a8f10ce9135070c09bb600','RAQUEL_200'),(201,'ALINE MARY VINCI DA SILVA','d47727a3a05605599315c59c064e6a8422bf2f9cb7e5295e77d7fb544f7b52d8','ALINE_201'),(202,'BÁRBARA EL KHALIL','29aeadc07a209234e6fd350cbf96aaf20089ca2a818a86168837a8b4a1348a92','BÁRBARA_202'),(203,'ELENILSON DE MELO SILVA','b33c3e7b5d6592c88ce5ce2251e131df2ff75b26db84c7425a340ff881ee0bfe','ELENILSON_203'),(204,'IVALDA RIBEIRO DE MACEDO LOPES','ed111e9dd9dc68faf8e5928c8c06e03467539909e2796e1e1efa8bebf3bc2ad9','IVALDA_204'),(205,'IVONETE APARECIDA DOS SANTOS','df1192191cd6656fb51ed52e63e3778b370067c7e72a66bc7d5d580c782b769d','IVONETE_205'),(206,'JOSÉ MOISÉS VILAS BOAS NETO','ec72492a236b27e22057ebdc669880ca5000383f7a38debae2cab22fdc15e7e6','JOSÉ_206'),(207,'JULIA LEITE CASSA','1fa8c7e98b09bd0861493b89b9ffc9840f588d092162f6635615e6b168a2d52b','JULIA_207'),(208,'JULIA PEDOTE LOURENÇÃO','3e9d1037f0eb71059ac7ceecd2fb14992c309b024fefbd3ed73583339024065d','JULIA_208'),(209,'LUCIANA MENA BELLATO','619752cf5380134aa6a03a4de52ab4e989186ed362fe235d0b09ceff03988812','LUCIANA_209'),(210,'MARCIA ELENA NASCIMENTO FACHINI','dce2feff33f8a75e750901963c743a3cf907ebe85add8206f692f7290c340852','MARCIA_210'),(211,'MICHEL CONZ','352c6cc2f968923e842d980b3a8ca8ce2874680ceb60884f4b5ce366b95f5e3a','MICHEL_211'),(212,'ODAIR MIGUEL CHAVES','e5af1fe97dc0405101397060798a302b1ee22a06334931e59bd2732872694087','ODAIR_212'),(213,'RICARDO GOES SPOLADORE','cd4389a264dd210ab437af08325f484eddd12fd8e3d871638738302f252669bf','RICARDO_213'),(214,'ROBSON SOUZA DUTRA','7987635926bbf4f568e5c3df757b1c031d9f2e70fa059bae89dc6e45a19d12ba','ROBSON_214'),(215,'RUTE FERREIRA MENEZES','0f695c9d142e9add88a5c4e5e7d3b177bab5a94eef6c16b4034d7d362403286c','RUTE_215'),(216,'WALTER CRUZ DE OLIVEIRA','55c8daea2959ede9efdedab7d345e0c54a5ea785465f3d10522bb8bf82205efd','WALTER_216'),(217,'MARCELA VIEIRA GONÇALVES','d88ec63368d3118fa5cd550fdacea36cbf0e38a7c96d7d4fbe9dbf9c79ed045d','MARCELA_217');

--
-- Table structure for table `duplos_tokens_para_grupos_de_tokens`
--

CREATE TABLE `duplos_tokens_para_grupos_de_tokens` (
  `id_chave_duplo_token_para_grupo_de_token` int(11) NOT NULL AUTO_INCREMENT,
  `nome_duplo_token_para_grupo_de_token` varchar(200) DEFAULT NULL,
  `id_grupo_de_token` int(11) DEFAULT NULL,
  `id_token_evidencia` int(11) DEFAULT NULL,
  `id_token_veiculo` int(11) DEFAULT NULL,
  `valido` varchar(3) DEFAULT 'sim',
  `time_stamp` timestamp(6) NOT NULL DEFAULT current_timestamp(6) ON UPDATE current_timestamp(6),
  PRIMARY KEY (`id_chave_duplo_token_para_grupo_de_token`),
  UNIQUE KEY `nome_duplo_token_para_grupo_de_token` (`nome_duplo_token_para_grupo_de_token`),
  UNIQUE KEY `id_grupo_de_token` (`id_grupo_de_token`,`id_token_evidencia`,`id_token_veiculo`),
  KEY `id_token_evidencia` (`id_token_evidencia`),
  KEY `id_token_veiculo` (`id_token_veiculo`),
  CONSTRAINT `duplos_tokens_para_grupos_de_tokens_ibfk_1` FOREIGN KEY (`id_grupo_de_token`) REFERENCES `grupos_de_tokens` (`id_chave_grupo_de_token`),
  CONSTRAINT `duplos_tokens_para_grupos_de_tokens_ibfk_2` FOREIGN KEY (`id_token_evidencia`) REFERENCES `tokens` (`id_chave_token`),
  CONSTRAINT `duplos_tokens_para_grupos_de_tokens_ibfk_3` FOREIGN KEY (`id_token_veiculo`) REFERENCES `tokens` (`id_chave_token`)
) ENGINE=InnoDB AUTO_INCREMENT=228 DEFAULT CHARSET=utf8mb4 COLLATE=utf8mb4_general_ci;

--
-- Dumping data for table `duplos_tokens_para_grupos_de_tokens`
--

INSERT INTO `duplos_tokens_para_grupos_de_tokens` VALUES (1,'<documentos>[análise]{SEI}',5,250,345,'sim','2024-06-12 17:45:29.806006'),(2,'<documentos>[ata]{SEI}',5,430,345,'sim','2024-06-12 17:45:29.807700'),(3,'<documentos>[avaliação]{SEI}',5,192,345,'sim','2024-06-12 17:45:29.808239'),(4,'<documentos>[bibliografia]{SEI}',5,186,345,'sim','2024-06-12 17:45:29.808711'),(5,'<documentos>[contrato]{SEI}',5,213,345,'sim','2024-06-12 17:45:29.809180'),(6,'<documentos>[credencial]{SEI}',5,202,345,'sim','2024-06-12 17:45:29.809628'),(7,'<documentos>[dado]{SEI}',5,438,345,'sim','2024-06-12 17:45:29.810111'),(8,'<documentos>[demanda]{SEI}',5,433,345,'sim','2024-06-12 17:45:29.811557'),(9,'<documentos>[diretriz]{SEI}',5,427,345,'sim','2024-06-12 17:45:29.812053'),(10,'<documentos>[documento]{SEI}',5,163,345,'sim','2024-06-12 17:45:29.812572'),(11,'<documentos>[especificação]{SEI}',5,209,345,'sim','2024-06-12 17:45:29.813066'),(12,'<documentos>[método]{SEI}',5,429,345,'sim','2024-06-12 17:45:29.813558'),(13,'<documentos>[norma]{SEI}',5,426,345,'sim','2024-06-12 17:45:29.814017'),(14,'<documentos>[notatécnica]{SEI}',5,344,345,'sim','2024-06-12 17:45:29.816338'),(15,'<documentos>[parecer]{SEI}',5,376,345,'sim','2024-06-12 17:45:29.817937'),(16,'<documentos>[peça]{SEI}',5,370,345,'sim','2024-06-12 17:45:29.823869'),(17,'<documentos>[planejamento]{SEI}',5,195,345,'sim','2024-06-12 17:45:29.829850'),(18,'<documentos>[planodetrabalho]{SEI}',5,196,345,'sim','2024-06-12 17:45:29.836064'),(19,'<documentos>[procedimento]{SEI}',5,211,345,'sim','2024-06-12 17:45:29.841731'),(20,'<documentos>[projeção]{SEI}',5,227,345,'sim','2024-06-12 17:45:29.847890'),(21,'<documentos>[projeto]{SEI}',5,230,345,'sim','2024-06-12 17:45:29.854395'),(22,'<documentos>[projetobásico]{SEI}',5,228,345,'sim','2024-06-12 17:45:29.860005'),(23,'<documentos>[projetoexecutivo]{SEI}',5,229,345,'sim','2024-06-12 17:45:29.866535'),(24,'<documentos>[proposição]{SEI}',5,216,345,'sim','2024-06-12 17:45:29.872273'),(25,'<documentos>[proposta]{SEI}',5,372,345,'sim','2024-06-12 17:45:29.877887'),(26,'<documentos>[relato]{SEI}',5,214,345,'sim','2024-06-12 17:45:29.884459'),(27,'<documentos>[relatório]{SEI}',5,369,345,'sim','2024-06-12 17:45:29.896277'),(28,'<documentos>[revisão]{SEI}',5,193,345,'sim','2024-06-12 17:45:29.901809'),(29,'<editoracoes>[apostila]{produçãoeditorial}',15,255,176,'sim','2024-06-12 17:45:29.908307'),(30,'<editoracoes>[capítulo]{produçãoeditorial}',15,366,176,'sim','2024-06-12 17:45:29.913948'),(31,'<editoracoes>[cartilha]{produçãoeditorial}',15,367,176,'sim','2024-06-12 17:45:29.920629'),(32,'<editoracoes>[conteúdo]{produçãoeditorial}',15,371,176,'sim','2024-06-12 17:45:29.926238'),(33,'<editoracoes>[dissertação]{produçãoeditorial}',15,169,176,'nao','2024-06-12 17:45:31.086490'),(34,'<editoracoes>[livro]{produçãoeditorial}',15,364,176,'sim','2024-06-12 17:45:29.938428'),(35,'<editoracoes>[monografia]{produçãoeditorial}',15,177,176,'sim','2024-06-12 17:45:29.944029'),(36,'<editoracoes>[prefácio]{produçãoeditorial}',15,166,176,'sim','2024-06-12 17:45:29.949698'),(37,'<editoracoes>[tese]{produçãoeditorial}',15,365,176,'nao','2024-06-12 17:45:31.088791'),(38,'<eventos>[apresentação]{conferência}',11,199,428,'sim','2024-06-12 17:45:29.957992'),(39,'<eventos>[apresentação]{congresso}',11,199,380,'sim','2024-06-12 17:45:29.964626'),(40,'<eventos>[apresentação]{convenção}',11,199,383,'sim','2024-06-12 17:45:29.971679'),(41,'<eventos>[apresentação]{evento}',11,199,391,'sim','2024-06-12 17:45:29.976324'),(42,'<eventos>[apresentação]{extensão}',11,199,415,'nao','2024-06-12 17:45:31.090468'),(43,'<eventos>[apresentação]{fórum}',11,199,452,'sim','2024-06-12 17:45:29.988383'),(44,'<eventos>[apresentação]{oficina}',11,199,382,'sim','2024-06-12 17:45:29.993925'),(45,'<eventos>[debate]{conferência}',11,218,428,'sim','2024-06-12 17:45:30.000434'),(46,'<eventos>[debate]{congresso}',11,218,380,'sim','2024-06-12 17:45:30.005919'),(47,'<eventos>[debate]{convenção}',11,218,383,'sim','2024-06-12 17:45:30.012463'),(48,'<eventos>[debate]{evento}',11,218,391,'sim','2024-06-12 17:45:30.017990'),(49,'<eventos>[debate]{extensão}',11,218,415,'nao','2024-06-12 17:45:31.092928'),(50,'<eventos>[debate]{fórum}',11,218,452,'sim','2024-06-12 17:45:30.029912'),(51,'<eventos>[debate]{oficina}',11,218,382,'sim','2024-06-12 17:45:30.036333'),(52,'<eventos>[palestra]{conferência}',11,243,428,'sim','2024-06-12 17:45:30.041678'),(53,'<eventos>[palestra]{congresso}',11,243,380,'sim','2024-06-12 17:45:30.048436'),(54,'<eventos>[palestra]{convenção}',11,243,383,'sim','2024-06-12 17:45:30.053961'),(55,'<eventos>[palestra]{evento}',11,243,391,'sim','2024-06-12 17:45:30.060447'),(56,'<eventos>[palestra]{extensão}',11,243,415,'nao','2024-06-12 17:45:31.094964'),(57,'<eventos>[palestra]{fórum}',11,243,452,'sim','2024-06-12 17:45:30.072665'),(58,'<eventos>[palestra]{oficina}',11,243,382,'sim','2024-06-12 17:45:30.078206'),(59,'<eventos>[reunião]{conferência}',11,219,428,'sim','2024-06-12 17:45:30.083707'),(60,'<eventos>[reunião]{congresso}',11,219,380,'sim','2024-06-12 17:45:30.090190'),(61,'<eventos>[reunião]{convenção}',11,219,383,'sim','2024-06-12 17:45:30.095768'),(62,'<eventos>[reunião]{evento}',11,219,391,'sim','2024-06-12 17:45:30.102246'),(63,'<eventos>[reunião]{extensão}',11,219,415,'nao','2024-06-12 17:45:31.097590'),(64,'<eventos>[reunião]{fórum}',11,219,452,'sim','2024-06-12 17:45:30.110210'),(65,'<eventos>[reunião]{oficina}',11,219,382,'sim','2024-06-12 17:45:30.116673'),(66,'<eventos>[vivência]{conferência}',11,174,428,'sim','2024-06-12 17:45:30.122108'),(67,'<eventos>[vivência]{congresso}',11,174,380,'sim','2024-06-12 17:45:30.128529'),(68,'<eventos>[vivência]{convenção}',11,174,383,'sim','2024-06-12 17:45:30.133960'),(69,'<eventos>[vivência]{evento}',11,174,391,'sim','2024-06-12 17:45:30.140564'),(70,'<eventos>[vivência]{extensão}',11,174,415,'sim','2024-06-12 17:45:30.146111'),(71,'<eventos>[vivência]{fórum}',11,174,452,'sim','2024-06-12 17:45:30.151875'),(72,'<eventos>[vivência]{oficina}',11,174,382,'sim','2024-06-12 17:45:30.158873'),(73,'<formacoes>[curso]{EAD}',10,404,424,'sim','2024-06-12 17:45:30.171883'),(74,'<formacoes>[curso]{escola}',10,404,423,'sim','2024-06-12 17:45:30.181888'),(75,'<formacoes>[curso]{faculdade}',10,404,422,'sim','2024-06-12 17:45:30.257316'),(76,'<formacoes>[curso]{universidade}',10,404,421,'sim','2024-06-12 17:45:30.257943'),(77,'<formacoes>[disciplina]{EAD}',10,405,424,'sim','2024-06-12 17:45:30.259240'),(78,'<formacoes>[disciplina]{escola}',10,405,423,'sim','2024-06-12 17:45:30.259765'),(79,'<formacoes>[disciplina]{faculdade}',10,405,422,'sim','2024-06-12 17:45:30.260283'),(80,'<formacoes>[disciplina]{universidade}',10,405,421,'sim','2024-06-12 17:45:30.260781'),(81,'<formacoes>[doutorado]{EAD}',10,414,424,'sim','2024-06-12 17:45:30.261289'),(82,'<formacoes>[doutorado]{escola}',10,414,423,'nao','2024-06-12 17:45:31.101221'),(83,'<formacoes>[doutorado]{faculdade}',10,414,422,'sim','2024-06-12 17:45:30.263271'),(84,'<formacoes>[doutorado]{universidade}',10,414,421,'sim','2024-06-12 17:45:30.263779'),(85,'<formacoes>[graduação]{EAD}',10,236,424,'sim','2024-06-12 17:45:30.264277'),(86,'<formacoes>[graduação]{escola}',10,236,423,'nao','2024-06-12 17:45:31.103263'),(87,'<formacoes>[graduação]{faculdade}',10,236,422,'sim','2024-06-12 17:45:30.266336'),(88,'<formacoes>[graduação]{universidade}',10,236,421,'sim','2024-06-12 17:45:30.271755'),(89,'<formacoes>[mestrado]{EAD}',10,412,424,'sim','2024-06-12 17:45:30.278285'),(90,'<formacoes>[mestrado]{escola}',10,412,423,'nao','2024-06-12 17:45:31.105263'),(91,'<formacoes>[mestrado]{faculdade}',10,412,422,'sim','2024-06-12 17:45:30.290340'),(92,'<formacoes>[mestrado]{universidade}',10,412,421,'sim','2024-06-12 17:45:30.295815'),(93,'<formacoes>[pós-graduação]{EAD}',10,238,424,'sim','2024-06-12 17:45:30.302473'),(94,'<formacoes>[pós-graduação]{escola}',10,238,423,'nao','2024-06-12 17:45:31.106485'),(95,'<formacoes>[pós-graduação]{faculdade}',10,238,422,'sim','2024-06-12 17:45:30.313900'),(96,'<formacoes>[pós-graduação]{universidade}',10,238,421,'sim','2024-06-12 17:45:30.320657'),(97,'<imprensa>[coluna]{jornal}',12,347,516,'sim','2024-06-12 17:45:30.326529'),(98,'<imprensa>[coluna]{revistadenotícias}',12,347,508,'sim','2024-06-12 17:45:30.332179'),(99,'<imprensa>[coluna]{telejornal}',12,347,554,'nao','2024-06-12 17:45:31.108619'),(100,'<imprensa>[notícia]{jornal}',12,167,516,'sim','2024-06-12 17:45:30.344558'),(101,'<imprensa>[notícia]{revistadenotícias}',12,167,508,'sim','2024-06-12 17:45:30.350137'),(102,'<imprensa>[notícia]{telejornal}',12,167,554,'sim','2024-06-12 17:45:30.356677'),(103,'<imprensa>[reportagem]{jornal}',12,168,516,'sim','2024-06-12 17:45:30.362208'),(104,'<imprensa>[reportagem]{revistadenotícias}',12,168,508,'sim','2024-06-12 17:45:30.367762'),(105,'<imprensa>[reportagem]{telejornal}',12,168,554,'sim','2024-06-12 17:45:30.374348'),(106,'<infraestruturas>[infraestrutura]{SEI}',4,393,345,'sim','2024-06-12 17:45:30.379873'),(107,'<infraestruturas>[infraestruturacriada]{SEI}',4,395,345,'sim','2024-06-12 17:45:30.386489'),(108,'<infraestruturas>[infraestruturarecuperada]{SEI}',4,394,345,'sim','2024-06-12 17:45:30.392239'),(109,'<infraestruturas>[laboratório]{SEI}',4,396,345,'sim','2024-06-12 17:45:30.397802'),(110,'<infraestruturas>[laboratóriocriado]{SEI}',4,398,345,'sim','2024-06-12 17:45:30.404466'),(111,'<infraestruturas>[laboratóriorecuperado]{SEI}',4,397,345,'sim','2024-06-12 17:45:30.410019'),(112,'<orientacoes>[bolsista]{banca}',7,409,417,'sim','2024-06-12 17:45:30.415721'),(113,'<orientacoes>[bolsista]{comissãoexaminadora}',7,409,418,'sim','2024-06-12 17:45:30.422246'),(114,'<orientacoes>[bolsista]{emandamento}',7,409,478,'sim','2024-06-12 17:45:30.427770'),(115,'<orientacoes>[bolsista]{encerrada}',7,409,477,'sim','2024-06-12 17:45:30.434316'),(116,'<orientacoes>[bolsista]{encerrado}',7,409,476,'sim','2024-06-12 17:45:30.439879'),(117,'<orientacoes>[doutorado]{banca}',7,414,417,'sim','2024-06-12 17:45:30.446382'),(118,'<orientacoes>[doutorado]{comissãoexaminadora}',7,414,418,'sim','2024-06-12 17:45:30.451914'),(119,'<orientacoes>[doutorado]{emandamento}',7,414,478,'sim','2024-06-12 17:45:30.454516'),(120,'<orientacoes>[doutorado]{encerrada}',7,414,477,'sim','2024-06-12 17:45:30.460088'),(121,'<orientacoes>[doutorado]{encerrado}',7,414,476,'sim','2024-06-12 17:45:30.466561'),(122,'<orientacoes>[iniciaçãocientífica]{banca}',7,411,417,'nao','2024-06-12 17:45:31.112238'),(123,'<orientacoes>[iniciaçãocientífica]{comissãoexaminadora}',7,411,418,'nao','2024-06-12 17:45:31.115840'),(124,'<orientacoes>[iniciaçãocientífica]{emandamento}',7,411,478,'sim','2024-06-12 17:45:30.484151'),(125,'<orientacoes>[iniciaçãocientífica]{encerrada}',7,411,477,'sim','2024-06-12 17:45:30.490686'),(126,'<orientacoes>[iniciaçãocientífica]{encerrado}',7,411,476,'sim','2024-06-12 17:45:30.496206'),(127,'<orientacoes>[mestrado]{banca}',7,412,417,'sim','2024-06-12 17:45:30.513911'),(128,'<orientacoes>[mestrado]{comissãoexaminadora}',7,412,418,'sim','2024-06-12 17:45:30.522440'),(129,'<orientacoes>[mestrado]{emandamento}',7,412,478,'sim','2024-06-12 17:45:30.730893'),(130,'<orientacoes>[mestrado]{encerrada}',7,412,477,'sim','2024-06-12 17:45:30.731570'),(131,'<orientacoes>[mestrado]{encerrado}',7,412,476,'sim','2024-06-12 17:45:30.732118'),(132,'<orientacoes>[mestrando]{banca}',7,413,417,'sim','2024-06-12 17:45:30.732630'),(133,'<orientacoes>[mestrando]{comissãoexaminadora}',7,413,418,'sim','2024-06-12 17:45:30.733165'),(134,'<orientacoes>[mestrando]{emandamento}',7,413,478,'sim','2024-06-12 17:45:30.733690'),(135,'<orientacoes>[mestrando]{encerrada}',7,413,477,'sim','2024-06-12 17:45:30.734202'),(136,'<orientacoes>[mestrando]{encerrado}',7,413,476,'sim','2024-06-12 17:45:30.735644'),(137,'<orientacoes>[supervisão]{banca}',7,207,417,'nao','2024-06-12 17:45:31.123126'),(138,'<orientacoes>[supervisão]{comissãoexaminadora}',7,207,418,'nao','2024-06-12 17:45:31.127860'),(139,'<orientacoes>[supervisão]{emandamento}',7,207,478,'sim','2024-06-12 17:45:30.737343'),(140,'<orientacoes>[supervisão]{encerrada}',7,207,477,'sim','2024-06-12 17:45:30.737862'),(141,'<orientacoes>[supervisão]{encerrado}',7,207,476,'sim','2024-06-12 17:45:30.739230'),(142,'<processos>[apostilamento]{SEI}',8,254,345,'sim','2024-06-12 17:45:30.739783'),(143,'<processos>[colaboração]{SEI}',8,234,345,'sim','2024-06-12 17:45:30.740312'),(144,'<processos>[compra]{SEI}',8,222,345,'sim','2024-06-12 17:45:30.740851'),(145,'<processos>[contratação]{SEI}',8,212,345,'sim','2024-06-12 17:45:30.741366'),(146,'<processos>[correição]{SEI}',8,187,345,'sim','2024-06-12 17:45:30.742189'),(147,'<processos>[credenciamento]{SEI}',8,201,345,'sim','2024-06-12 17:45:30.743676'),(148,'<processos>[desenvolvimento]{SEI}',8,205,345,'sim','2024-06-12 17:45:30.744213'),(149,'<processos>[fomento]{SEI}',8,220,345,'sim','2024-06-12 17:45:30.744732'),(150,'<processos>[processamento]{SEI}',8,223,345,'sim','2024-06-12 17:45:30.745292'),(151,'<processos>[processo]{SEI}',8,224,345,'sim','2024-06-12 17:45:30.745789'),(152,'<processos>[programa]{SEI}',8,408,345,'sim','2024-06-12 17:45:30.746328'),(153,'<produtos_tecnologicos>[aplicativo]{SEI}',9,451,345,'sim','2024-06-12 17:45:30.746828'),(154,'<produtos_tecnologicos>[codificação]{SEI}',9,179,345,'sim','2024-06-12 17:45:30.747855'),(155,'<produtos_tecnologicos>[código]{SEI}',9,180,345,'sim','2024-06-12 17:45:30.748548'),(156,'<produtos_tecnologicos>[EPI]{SEI}',9,448,345,'sim','2024-06-12 17:45:30.749337'),(157,'<produtos_tecnologicos>[equipamento]{SEI}',9,400,345,'sim','2024-06-12 17:45:30.750067'),(158,'<produtos_tecnologicos>[instrumento]{SEI}',9,436,345,'sim','2024-06-12 17:45:30.752014'),(159,'<propriedades_intelectuais>[licenciamento]{INPI}',6,170,346,'sim','2024-06-12 17:45:30.752787'),(160,'<propriedades_intelectuais>[modelodeutilidade]{INPI}',6,171,346,'sim','2024-06-12 17:45:30.753318'),(161,'<propriedades_intelectuais>[patente]{INPI}',6,173,346,'sim','2024-06-12 17:45:30.753917'),(162,'<propriedades_intelectuais>[registrodesoftware]{INPI}',6,172,346,'sim','2024-06-12 17:45:30.755536'),(163,'<publicacoes_em_eventos>[artigo]{conferência}',2,363,428,'sim','2024-06-12 17:45:30.756306'),(164,'<publicacoes_em_eventos>[artigo]{congresso}',2,363,380,'sim','2024-06-12 17:45:30.757071'),(165,'<publicacoes_em_eventos>[resumo]{conferência}',2,164,428,'sim','2024-06-12 17:45:30.757605'),(166,'<publicacoes_em_eventos>[resumo]{congresso}',2,164,380,'sim','2024-06-12 17:45:30.758132'),(167,'<publicacoes_em_eventos>[resumoestendido]{conferência}',2,165,428,'sim','2024-06-12 17:45:30.759593'),(168,'<publicacoes_em_eventos>[resumoestendido]{congresso}',2,165,380,'sim','2024-06-12 17:45:30.760116'),(169,'<publicacoes_em_periodicos>[artigo]{periódico}',1,363,374,'sim','2024-06-12 17:45:30.760678'),(170,'<publicacoes_em_periodicos>[artigo]{revistacientífica}',1,363,509,'sim','2024-06-12 17:45:30.761358'),(171,'<publicacoes_em_periodicos>[paper]{periódico}',1,191,374,'sim','2024-06-12 17:45:30.761920'),(172,'<publicacoes_em_periodicos>[paper]{revistacientífica}',1,191,509,'sim','2024-06-12 17:45:30.762489'),(173,'<publicacoes_em_periodicos>[publicaçãocientífica]{periódico}',1,190,374,'sim','2024-06-12 17:45:30.762989'),(174,'<publicacoes_em_periodicos>[publicaçãocientífica]{revistacientífica}',1,190,509,'sim','2024-06-12 17:45:30.763808'),(175,'<redes_sociais>[live]{Facebook}',14,350,355,'sim','2024-06-12 17:45:30.764427'),(176,'<redes_sociais>[live]{Instagram}',14,350,356,'sim','2024-06-12 17:45:30.766098'),(177,'<redes_sociais>[live]{Kawai}',14,350,359,'sim','2024-06-12 17:45:30.771824'),(178,'<redes_sociais>[live]{SMS}',14,350,361,'nao','2024-06-12 17:45:31.139425'),(179,'<redes_sociais>[live]{SouGov}',14,350,357,'nao','2024-06-12 17:45:31.140995'),(180,'<redes_sociais>[live]{Telegram}',14,350,362,'nao','2024-06-12 17:45:31.141730'),(181,'<redes_sociais>[live]{TikTok}',14,350,358,'sim','2024-06-12 17:45:30.795739'),(182,'<redes_sociais>[live]{WhatsApp}',14,350,360,'nao','2024-06-12 17:45:31.147697'),(183,'<redes_sociais>[live]{X}',14,350,354,'nao','2024-06-12 17:45:31.153450'),(184,'<redes_sociais>[live]{Youtube}',14,350,353,'sim','2024-06-12 17:45:30.813240'),(185,'<redes_sociais>[podcast]{Facebook}',14,349,355,'sim','2024-06-12 17:45:30.820223'),(186,'<redes_sociais>[podcast]{Instagram}',14,349,356,'sim','2024-06-12 17:45:30.829807'),(187,'<redes_sociais>[podcast]{Kawai}',14,349,359,'sim','2024-06-12 17:45:30.835445'),(188,'<redes_sociais>[podcast]{SMS}',14,349,361,'nao','2024-06-12 17:45:31.160580'),(189,'<redes_sociais>[podcast]{SouGov}',14,349,357,'nao','2024-06-12 17:45:31.165682'),(190,'<redes_sociais>[podcast]{Telegram}',14,349,362,'nao','2024-06-12 17:45:31.172309'),(191,'<redes_sociais>[podcast]{TikTok}',14,349,358,'sim','2024-06-12 17:45:30.859480'),(192,'<redes_sociais>[podcast]{WhatsApp}',14,349,360,'nao','2024-06-12 17:45:31.177854'),(193,'<redes_sociais>[podcast]{X}',14,349,354,'sim','2024-06-12 17:45:30.872062'),(194,'<redes_sociais>[podcast]{Youtube}',14,349,353,'sim','2024-06-12 17:45:30.877673'),(195,'<redes_sociais>[post]{Facebook}',14,351,355,'sim','2024-06-12 17:45:30.883592'),(196,'<redes_sociais>[post]{Instagram}',14,351,356,'sim','2024-06-12 17:45:30.889334'),(197,'<redes_sociais>[post]{Kawai}',14,351,359,'sim','2024-06-12 17:45:30.896106'),(198,'<redes_sociais>[post]{SMS}',14,351,361,'sim','2024-06-12 17:45:30.908297'),(199,'<redes_sociais>[post]{SouGov}',14,351,357,'nao','2024-06-12 17:45:31.195668'),(200,'<redes_sociais>[post]{Telegram}',14,351,362,'sim','2024-06-12 17:45:30.922158'),(201,'<redes_sociais>[post]{TikTok}',14,351,358,'sim','2024-06-12 17:45:30.927810'),(202,'<redes_sociais>[post]{WhatsApp}',14,351,360,'sim','2024-06-12 17:45:30.933439'),(203,'<redes_sociais>[post]{X}',14,351,354,'sim','2024-06-12 17:45:30.940210'),(204,'<redes_sociais>[post]{Youtube}',14,351,353,'sim','2024-06-12 17:45:30.945751'),(205,'<redes_sociais>[tweet]{Facebook}',14,352,355,'nao','2024-06-12 17:45:31.232077'),(206,'<redes_sociais>[tweet]{Instagram}',14,352,356,'nao','2024-06-12 17:45:31.242180'),(207,'<redes_sociais>[tweet]{Kawai}',14,352,359,'nao','2024-06-12 17:45:31.271256'),(208,'<redes_sociais>[tweet]{SMS}',14,352,361,'nao','2024-06-12 17:45:31.294962'),(209,'<redes_sociais>[tweet]{SouGov}',14,352,357,'sim','2024-06-12 17:45:30.982548'),(210,'<redes_sociais>[tweet]{Telegram}',14,352,362,'nao','2024-06-12 17:45:31.297118'),(211,'<redes_sociais>[tweet]{TikTok}',14,352,358,'nao','2024-06-12 17:45:31.297882'),(212,'<redes_sociais>[tweet]{WhatsApp}',14,352,360,'nao','2024-06-12 17:45:31.299572'),(213,'<redes_sociais>[tweet]{X}',14,352,354,'sim','2024-06-12 17:45:30.998322'),(214,'<redes_sociais>[tweet]{Youtube}',14,352,353,'nao','2024-06-12 17:45:31.300514'),(215,'<redes_sociais>[vídeo]{Facebook}',14,348,355,'sim','2024-06-12 17:45:31.009931'),(216,'<redes_sociais>[vídeo]{Instagram}',14,348,356,'sim','2024-06-12 17:45:31.016086'),(217,'<redes_sociais>[vídeo]{Kawai}',14,348,359,'sim','2024-06-12 17:45:31.017812'),(218,'<redes_sociais>[vídeo]{SMS}',14,348,361,'nao','2024-06-12 17:45:31.301727'),(219,'<redes_sociais>[vídeo]{SouGov}',14,348,357,'nao','2024-06-12 17:45:31.303291'),(220,'<redes_sociais>[vídeo]{Telegram}',14,348,362,'sim','2024-06-12 17:45:31.041426'),(221,'<redes_sociais>[vídeo]{TikTok}',14,348,358,'sim','2024-06-12 17:45:31.041937'),(222,'<redes_sociais>[vídeo]{WhatsApp}',14,348,360,'sim','2024-06-12 17:45:31.043423'),(223,'<redes_sociais>[vídeo]{X}',14,348,354,'sim','2024-06-12 17:45:31.043941'),(224,'<redes_sociais>[vídeo]{Youtube}',14,348,353,'sim','2024-06-12 17:45:31.044431'),(225,'<servico_publico>[reunião]{comissão}',3,219,390,'sim','2024-06-12 17:45:31.045989'),(226,'<servico_publico>[reunião]{comitê}',3,219,389,'sim','2024-06-12 17:45:31.051784'),(227,'<servico_publico>[reunião]{conselho}',3,219,420,'sim','2024-06-12 17:45:31.057434');

--
-- Table structure for table `enderecos_do_OSM`
--

CREATE TABLE `enderecos_do_OSM` (
  `id_chave_endereco_do_OSM` int(11) NOT NULL AUTO_INCREMENT,
  `place_id` bigint(20) DEFAULT NULL,
  `licence` varchar(255) DEFAULT NULL,
  `osm_type` varchar(50) DEFAULT NULL,
  `osm_id` bigint(20) DEFAULT NULL,
  `tipo` varchar(50) DEFAULT NULL,
  `latitude` decimal(10,8) DEFAULT NULL,
  `longitude` decimal(11,8) DEFAULT NULL,
  `descricao` text DEFAULT NULL,
  `pais` varchar(100) DEFAULT NULL,
  `codigo_pais` varchar(10) DEFAULT NULL,
  `estado` varchar(100) DEFAULT NULL,
  `codigo_estado` varchar(10) DEFAULT NULL,
  `ISO3166_2` varchar(10) DEFAULT NULL,
  `cidade` varchar(100) DEFAULT NULL,
  `rua` varchar(100) DEFAULT NULL,
  `bairro` varchar(200) DEFAULT NULL,
  `regiao_do_estado` varchar(200) DEFAULT NULL,
  `regiao_do_pais` varchar(200) DEFAULT NULL,
  `importancia_nominatim` decimal(10,8) DEFAULT NULL,
  `postcode` varchar(20) DEFAULT NULL,
  `id_pais` int(11) DEFAULT NULL,
  `id_estado` int(11) DEFAULT NULL,
  `id_municipio` int(11) DEFAULT NULL,
  `limite_sul` decimal(10,8) DEFAULT NULL,
  `limite_norte` decimal(10,8) DEFAULT NULL,
  `limite_oeste` decimal(11,8) DEFAULT NULL,
  `limite_leste` decimal(11,8) DEFAULT NULL,
  `class` varchar(200) DEFAULT NULL,
  `time_stamp` timestamp NOT NULL DEFAULT current_timestamp(),
  PRIMARY KEY (`id_chave_endereco_do_OSM`),
  UNIQUE KEY `osm_type` (`osm_type`,`osm_id`,`class`),
  KEY `id_pais` (`id_pais`),
  KEY `id_estado` (`id_estado`),
  KEY `id_municipio` (`id_municipio`),
  CONSTRAINT `enderecos_do_OSM_ibfk_1` FOREIGN KEY (`id_pais`) REFERENCES `paises` (`id_chave_pais`),
  CONSTRAINT `enderecos_do_OSM_ibfk_2` FOREIGN KEY (`id_estado`) REFERENCES `estados` (`id_chave_estado`),
  CONSTRAINT `enderecos_do_OSM_ibfk_3` FOREIGN KEY (`id_municipio`) REFERENCES `municipios` (`id_chave_municipio`)
) ENGINE=InnoDB AUTO_INCREMENT=8 DEFAULT CHARSET=utf8mb4 COLLATE=utf8mb4_general_ci;

--
-- Dumping data for table `enderecos_do_OSM`
--

INSERT INTO `enderecos_do_OSM` VALUES (1,40620656,'Data © OpenStreetMap contributors, ODbL 1.0. http://osm.org/copyright','way',8443071,'primary',-23.62824847,-46.64127615,'Avenida Doutor Hugo Beolchi, Vila Monte Alegre, Saúde, São Paulo, Região Imediata de São Paulo, Região Metropolitana de São Paulo, Região Geográfica Intermediária de São Paulo, São Paulo, Região Sudeste, 04304-000, Brasil','Brasil','br','São Paulo','BR-SP','BR-SP','São Paulo','Avenida Doutor Hugo Beolchi','','Região Metropolitana de São Paulo','Região Sudeste',0.10001000,'04304-000',7,26,3832,-23.62840360,-23.62796270,-46.64129740,-46.64123700,'highway','2024-06-05 04:44:26'),(2,40324514,'Data © OpenStreetMap contributors, ODbL 1.0. http://osm.org/copyright','node',5700093412,'house',-23.55561370,-46.67646010,'694 C4, Rua Capote Valente, Jardim Paulista, São Paulo, Região Imediata de São Paulo, Região Metropolitana de São Paulo, Região Geográfica Intermediária de São Paulo, São Paulo, Região Sudeste, 05409-002, Brasil','Brasil','br','São Paulo','BR-SP','BR-SP','São Paulo','Rua Capote Valente',NULL,'Região Metropolitana de São Paulo','Região Sudeste',0.00001000,'05409-002',7,26,3832,-23.55566370,-23.55556370,-46.67651010,-46.67641010,'place','2024-06-20 21:17:29'),(3,13587766,'Data © OpenStreetMap contributors, ODbL 1.0. http://osm.org/copyright','way',46114588,'government',-15.79994575,-47.86925126,'Ministério da Economia, S1, Setor de Autarquias Sul, Brasília, Plano Piloto, Região Geográfica Imediata do Distrito Federal, Região Integrada de Desenvolvimento do Distrito Federal e Entorno, Região Geográfica Intermediária do Distrito Federal, Distrito Federal, Região Centro-Oeste, 70046-900, Brasil','Brasil','br','Distrito Federal','BR-DF','BR-DF','Brasília','S1',NULL,'Região Integrada de Desenvolvimento do Distrito Federal e Entorno','Região Centro-Oeste',0.00001000,'70046-900',7,7,5570,-15.80050570,-15.79957620,-47.86950790,-47.86905790,'office','2024-07-31 13:21:47'),(4,8082226,'Data © OpenStreetMap contributors, ODbL 1.0. http://osm.org/copyright','way',75259404,'residential',-22.82381461,-47.07626688,'Rua Deusdeti Martins Gomes, Barão Geraldo, Campinas, Região Imediata de Campinas, Região Metropolitana de Campinas, Região Geográfica Intermediária de Campinas, São Paulo, Região Sudeste, 13084-759, Brasil','Brasil','br','São Paulo','BR-SP','BR-SP','Campinas','Rua Deusdeti Martins Gomes',NULL,'Região Metropolitana de Campinas','Região Sudeste',0.10001000,'13084-759',7,26,3376,-22.82434970,-22.82277380,-47.07721170,-47.07583290,'highway','2024-08-17 19:20:07'),(5,40939411,'Data © OpenStreetMap contributors, ODbL 1.0. http://osm.org/copyright','way',890076349,'secondary',-22.82703916,-47.08029145,'Avenida Santa Isabel, Jardim Santa Genebra 2, Barão Geraldo, Campinas, Região Imediata de Campinas, Região Metropolitana de Campinas, Região Geográfica Intermediária de Campinas, São Paulo, Região Sudeste, 13084-090, Brasil','Brasil','br','São Paulo','BR-SP','BR-SP','Campinas','Avenida Santa Isabel',NULL,'Região Metropolitana de Campinas','Região Sudeste',0.10001000,'13084-090',7,26,3376,-22.82809340,-22.82675900,-47.08060350,-47.07921320,'highway','2024-08-17 21:21:38'),(6,387369916,'Data © OpenStreetMap contributors, ODbL 1.0. http://osm.org/copyright','relation',14349862,'university',-22.82265605,-47.06279590,'Universidade Estadual de Campinas, Avenida Érico Veríssimo, Cidade Universitária, Barão Geraldo, Campinas, Região Imediata de Campinas, Região Metropolitana de Campinas, Região Geográfica Intermediária de Campinas, São Paulo, Região Sudeste, 13083-851, Brasil','Brasil','br','São Paulo','BR-SP','BR-SP','Campinas','Avenida Érico Veríssimo',NULL,'Região Metropolitana de Campinas','Região Sudeste',0.46061819,'13083-851',7,26,3376,-22.83432430,-22.81097850,-47.07443730,-47.05686970,'amenity','2024-08-18 17:23:39'),(7,8030213,'Data © OpenStreetMap contributors, ODbL 1.0. http://osm.org/copyright','way',128142545,'motorway',-22.83299227,-47.08779552,'Rodovia Professor Zeferino Vaz, Jardim Santa Genebra 2, Barão Geraldo, Campinas, Região Imediata de Campinas, Região Metropolitana de Campinas, Região Geográfica Intermediária de Campinas, São Paulo, Região Sudeste, 13084-779, Brasil','Brasil','br','São Paulo','BR-SP','BR-SP','Campinas','Rodovia Professor Zeferino Vaz',NULL,'Região Metropolitana de Campinas','Região Sudeste',0.28258255,'13084-779',7,26,3376,-22.83974260,-22.82656090,-47.09352430,-47.07972210,'highway','2024-08-28 17:04:11');

--
-- Table structure for table `enderecos_evidencias`
--

CREATE TABLE `enderecos_evidencias` (
  `id_chave_endereco_evidencia` int(11) NOT NULL AUTO_INCREMENT,
  `id_endereco_do_OSM` int(11) DEFAULT NULL,
  `id_evidencia` int(11) DEFAULT NULL,
  `nome_endereco_evidencia` varchar(200) DEFAULT NULL,
  `time_stamp` timestamp NOT NULL DEFAULT current_timestamp(),
  PRIMARY KEY (`id_chave_endereco_evidencia`),
  UNIQUE KEY `id_endereco_do_OSM` (`id_endereco_do_OSM`,`id_evidencia`),
  UNIQUE KEY `nome_endereco_evidencia` (`nome_endereco_evidencia`),
  KEY `id_evidencia` (`id_evidencia`),
  CONSTRAINT `enderecos_evidencias_ibfk_1` FOREIGN KEY (`id_endereco_do_OSM`) REFERENCES `enderecos_do_OSM` (`id_chave_endereco_do_OSM`),
  CONSTRAINT `enderecos_evidencias_ibfk_2` FOREIGN KEY (`id_evidencia`) REFERENCES `evidencias` (`id_chave_evidencia`)
) ENGINE=InnoDB AUTO_INCREMENT=17 DEFAULT CHARSET=utf8mb4 COLLATE=utf8mb4_general_ci;

--
-- Dumping data for table `enderecos_evidencias`
--

INSERT INTO `enderecos_evidencias` VALUES (1,1,1,NULL,'2024-06-05 04:44:26'),(2,2,2,NULL,'2024-06-20 21:17:30'),(3,3,3,NULL,'2024-07-31 13:21:47'),(4,4,4,NULL,'2024-08-17 19:20:07'),(5,4,5,NULL,'2024-08-17 19:30:06'),(6,4,6,NULL,'2024-08-17 20:02:07'),(7,5,7,NULL,'2024-08-17 21:21:38'),(8,5,8,NULL,'2024-08-18 15:43:56'),(9,6,9,NULL,'2024-08-18 17:23:39'),(10,6,10,NULL,'2024-08-18 17:46:04'),(11,6,11,NULL,'2024-08-18 19:25:22'),(12,6,13,NULL,'2024-08-18 20:44:42'),(13,6,14,NULL,'2024-08-26 18:39:16'),(14,7,15,NULL,'2024-08-28 17:04:11'),(15,5,16,NULL,'2024-09-01 19:27:03'),(16,7,16,NULL,'2024-09-01 19:27:03');

--
-- Table structure for table `entities`
--

CREATE TABLE `entities` (
  `id_chave_entity` int(11) NOT NULL AUTO_INCREMENT,
  `entity_url` varchar(255) DEFAULT NULL,
  `name` varchar(255) DEFAULT NULL,
  `nome_entity` varchar(255) DEFAULT NULL,
  `status` varchar(50) DEFAULT NULL,
  `wikipedia_url` text DEFAULT NULL,
  `email_address` varchar(255) DEFAULT NULL,
  `established` varchar(10) DEFAULT NULL,
  `country_name` varchar(255) DEFAULT NULL,
  `country_code` varchar(10) DEFAULT NULL,
  PRIMARY KEY (`id_chave_entity`),
  UNIQUE KEY `entity_url` (`entity_url`),
  KEY `idx_name` (`name`),
  KEY `idx_entity_url` (`entity_url`)
) ENGINE=InnoDB DEFAULT CHARSET=utf8mb4 COLLATE=utf8mb4_general_ci;

--
-- Dumping data for table `entities`
--


--
-- Table structure for table `estados`
--

CREATE TABLE `estados` (
  `id_chave_estado` int(11) NOT NULL AUTO_INCREMENT,
  `nome_estado` varchar(255) NOT NULL,
  `categoria` varchar(50) NOT NULL,
  `codigo_iso3166_2` varchar(10) NOT NULL,
  `codigo_estado` char(2) NOT NULL,
  `idioma` varchar(50) NOT NULL,
  `codigo_pais` char(2) NOT NULL,
  `codigo_ibge` int(11) DEFAULT NULL,
  `id_pais` int(11) DEFAULT NULL,
  PRIMARY KEY (`id_chave_estado`),
  UNIQUE KEY `nome_estado` (`nome_estado`),
  UNIQUE KEY `codigo_iso3166_2` (`codigo_iso3166_2`),
  UNIQUE KEY `codigo_estado` (`codigo_estado`),
  KEY `id_pais` (`id_pais`),
  CONSTRAINT `estados_ibfk_1` FOREIGN KEY (`id_pais`) REFERENCES `paises` (`id_chave_pais`)
) ENGINE=InnoDB AUTO_INCREMENT=28 DEFAULT CHARSET=utf8mb4 COLLATE=utf8mb4_general_ci;

--
-- Dumping data for table `estados`
--

INSERT INTO `estados` VALUES (1,'Acre','state','BR-AC','AC','pt','BR',12,7),(2,'Alagoas','state','BR-AL','AL','pt','BR',27,7),(3,'Amapá','state','BR-AP','AP','pt','BR',16,7),(4,'Amazonas','state','BR-AM','AM','pt','BR',13,7),(5,'Bahia','state','BR-BA','BA','pt','BR',29,7),(6,'Ceará','state','BR-CE','CE','pt','BR',23,7),(7,'Distrito Federal','federal district','BR-DF','DF','pt','BR',53,7),(8,'Espírito Santo','state','BR-ES','ES','pt','BR',32,7),(9,'Goiás','state','BR-GO','GO','pt','BR',52,7),(10,'Maranhão','state','BR-MA','MA','pt','BR',21,7),(11,'Mato Grosso','state','BR-MT','MT','pt','BR',51,7),(12,'Mato Grosso do Sul','state','BR-MS','MS','pt','BR',50,7),(13,'Minas Gerais','state','BR-MG','MG','pt','BR',31,7),(14,'Paraná','state','BR-PR','PR','pt','BR',41,7),(15,'Paraíba','state','BR-PB','PB','pt','BR',25,7),(16,'Pará','state','BR-PA','PA','pt','BR',15,7),(17,'Pernambuco','state','BR-PE','PE','pt','BR',26,7),(18,'Piauí','state','BR-PI','PI','pt','BR',22,7),(19,'Rio Grande do Norte','state','BR-RN','RN','pt','BR',24,7),(20,'Rio Grande do Sul','state','BR-RS','RS','pt','BR',43,7),(21,'Rio de Janeiro','state','BR-RJ','RJ','pt','BR',33,7),(22,'Rondônia','state','BR-RO','RO','pt','BR',11,7),(23,'Roraima','state','BR-RR','RR','pt','BR',14,7),(24,'Santa Catarina','state','BR-SC','SC','pt','BR',42,7),(25,'Sergipe','state','BR-SE','SE','pt','BR',28,7),(26,'São Paulo','state','BR-SP','SP','pt','BR',35,7),(27,'Tocantins','state','BR-TO','TO','pt','BR',17,7);

--
-- Table structure for table `eventos`
--

CREATE TABLE `eventos` (
  `id_chave_evento` int(11) NOT NULL AUTO_INCREMENT,
  `nome_evento` varchar(500) DEFAULT NULL,
  `time_stamp` timestamp(6) NOT NULL DEFAULT current_timestamp(6) ON UPDATE current_timestamp(6),
  `id_instituicao` int(11) DEFAULT NULL,
  PRIMARY KEY (`id_chave_evento`),
  KEY `id_instituicao` (`id_instituicao`),
  CONSTRAINT `eventos_ibfk_1` FOREIGN KEY (`id_instituicao`) REFERENCES `instituicoes` (`id_chave_instituicao`)
) ENGINE=InnoDB AUTO_INCREMENT=2 DEFAULT CHARSET=utf8mb4 COLLATE=utf8mb4_general_ci;

--
-- Dumping data for table `eventos`
--

INSERT INTO `eventos` VALUES (1,'teste','2024-08-16 18:04:02.535925',NULL);

--
-- Table structure for table `evidencias`
--

CREATE TABLE `evidencias` (
  `id_chave_evidencia` int(11) NOT NULL AUTO_INCREMENT,
  `nome_evidencia` varchar(500) DEFAULT NULL,
  `id_token_tipo_de_evidencia` int(11) DEFAULT NULL,
  `id_token_tipo_de_veiculo` int(11) DEFAULT NULL,
  `id_evento` int(11) DEFAULT NULL,
  `latitude` decimal(10,8) DEFAULT NULL,
  `longitude` decimal(11,8) DEFAULT NULL,
  `id_pessoa` int(11) DEFAULT NULL,
  `data` date DEFAULT NULL,
  `time_stamp` timestamp(6) NOT NULL DEFAULT current_timestamp(6) ON UPDATE current_timestamp(6),
  PRIMARY KEY (`id_chave_evidencia`),
  KEY `id_token_tipo_de_evidencia` (`id_token_tipo_de_evidencia`),
  KEY `id_token_tipo_de_veiculo` (`id_token_tipo_de_veiculo`),
  KEY `id_pessoa` (`id_pessoa`),
  KEY `id_evento` (`id_evento`),
  CONSTRAINT `evidencias_ibfk_1` FOREIGN KEY (`id_token_tipo_de_evidencia`) REFERENCES `tokens` (`id_chave_token`),
  CONSTRAINT `evidencias_ibfk_2` FOREIGN KEY (`id_token_tipo_de_veiculo`) REFERENCES `tokens` (`id_chave_token`),
  CONSTRAINT `evidencias_ibfk_3` FOREIGN KEY (`id_pessoa`) REFERENCES `pessoas` (`id_chave_pessoa`),
  CONSTRAINT `evidencias_ibfk_4` FOREIGN KEY (`id_evento`) REFERENCES `eventos` (`id_chave_evento`)
) ENGINE=InnoDB AUTO_INCREMENT=17 DEFAULT CHARSET=utf8mb4 COLLATE=utf8mb4_general_ci;

--
-- Dumping data for table `evidencias`
--

INSERT INTO `evidencias` VALUES (1,'teste',255,176,NULL,-23.62830000,-46.64090000,198,'2024-06-05','2024-06-05 04:44:24.619378'),(2,'Feira de economia solidária ',250,345,NULL,-23.55541140,-46.67658730,198,'2024-06-20','2024-06-20 21:17:28.448567'),(3,'Teste senaes 2',451,345,NULL,-15.79972830,-47.86910120,198,'2024-07-31','2024-07-31 13:21:46.233361'),(4,'tetes',451,345,NULL,-22.82365160,-47.07606590,198,'2024-08-20','2024-08-17 19:20:06.416514'),(5,'chromium',250,345,NULL,-22.82362360,-47.07609410,198,'2024-08-17','2024-08-17 19:30:06.675160'),(6,'Teste velular',219,428,NULL,-22.82366760,-47.07605520,198,'2024-08-17','2024-08-17 20:02:07.295307'),(7,'Teste Jaqueline',369,345,NULL,-22.82692004,-47.08018783,198,'2024-08-17','2024-08-17 21:21:37.957409'),(8,'Teste X',254,345,NULL,-22.82692390,-47.08015740,198,'2024-08-19','2024-08-18 15:43:56.499580'),(9,'teste xz',451,345,NULL,-22.82146860,-47.06593630,198,'2024-08-18','2024-08-18 17:23:38.671124'),(10,'teste jkh',219,380,NULL,-22.82144270,-47.06597180,198,'2024-08-19','2024-08-18 17:46:04.121691'),(11,'teste',363,380,NULL,-22.82181530,-47.06547370,198,'2024-08-18','2024-08-18 19:25:22.004457'),(12,'teste',250,345,NULL,0.00000000,0.00000000,198,'2024-08-18','2024-08-18 20:17:31.321303'),(13,'teste',250,345,NULL,-22.82181270,-47.06546260,198,'2024-08-18','2024-08-18 20:44:42.821703'),(14,'Teste XYZ',195,345,NULL,-22.81690840,-47.06568780,198,'2024-08-26','2024-08-26 18:39:16.301542'),(15,'test',214,345,NULL,-22.83274240,-47.08761600,198,'2024-08-28','2024-08-28 17:04:10.627769'),(16,'jghg',250,345,NULL,-22.82693230,-47.08015250,198,'2024-09-01','2024-09-01 19:27:03.580116');

--
-- Table structure for table `evidencias_tipos_de_identificadores`
--

CREATE TABLE `evidencias_tipos_de_identificadores` (
  `id_chave_evidencia_tipo_de_identificador` int(11) NOT NULL AUTO_INCREMENT,
  `nome_evidencia_tipo_de_identificador` varchar(200) DEFAULT NULL,
  `id_tipo_de_identificador` int(11) DEFAULT NULL,
  `id_evidencia` int(11) DEFAULT NULL,
  `valor` varchar(255) DEFAULT NULL,
  `id_chave_externa` int(11) DEFAULT NULL,
  `time_stamp` timestamp(6) NOT NULL DEFAULT current_timestamp(6) ON UPDATE current_timestamp(6),
  PRIMARY KEY (`id_chave_evidencia_tipo_de_identificador`),
  UNIQUE KEY `nome_evidencia_tipo_de_identificador` (`nome_evidencia_tipo_de_identificador`),
  UNIQUE KEY `id_evidencia` (`id_evidencia`,`id_tipo_de_identificador`),
  KEY `id_tipo_de_identificador` (`id_tipo_de_identificador`),
  CONSTRAINT `evidencias_tipos_de_identificadores_ibfk_1` FOREIGN KEY (`id_tipo_de_identificador`) REFERENCES `tipos_de_identificadores` (`id_chave_tipo_de_identificador`),
  CONSTRAINT `evidencias_tipos_de_identificadores_ibfk_2` FOREIGN KEY (`id_evidencia`) REFERENCES `evidencias` (`id_chave_evidencia`)
) ENGINE=InnoDB AUTO_INCREMENT=13 DEFAULT CHARSET=utf8mb4 COLLATE=utf8mb4_general_ci;

--
-- Dumping data for table `evidencias_tipos_de_identificadores`
--

INSERT INTO `evidencias_tipos_de_identificadores` VALUES (1,'Teste_HASH_FILE_3_7',7,3,'0c34ea327f1ccaacf6576e459fef5fe2cc1d8fe615e9e8f1c33bd175f3333f17',NULL,'2024-07-31 13:22:12.052160'),(2,'Teste_FILE_3_10',10,3,'/var/www/html/dev_vitor/papedins/imagens/17224321157574951676711176847543.jpg',NULL,'2024-07-31 13:22:12.053608'),(3,'Teste_HASH_FILE_6_7',7,6,'cf09e9af60cf9ff1488c8803a81ea9790bc06e34d1ca67862380973ae675f39d',NULL,'2024-08-17 20:04:37.373071'),(4,'Teste_FILE_6_10',10,6,'/var/www/html/dev_vitor/papedins/imagens/17239250668115987787234372575206.jpg',NULL,'2024-08-17 20:04:37.374645'),(5,'Teste_HASH_FILE_7_7',7,7,'57591f32a343e89f50834ed9e9b7824a211e60bca778a30718466ed4b7e0993a',NULL,'2024-08-17 21:22:33.865883'),(6,'Teste_FILE_7_10',10,7,'/var/www/html/dev_vitor/papedins/imagens/IMG_4532.jpeg',NULL,'2024-08-17 21:22:33.867288'),(7,'teste_HASH_FILE_10_7',7,10,'0f2be4f53dd78fcd6231959b7c2e227793bd8126301052276b7b4438be3561f1',NULL,'2024-08-18 17:46:13.945860'),(8,'teste_FILE_10_10',10,10,'/var/www/html/dev_vitor/papedins/imagens/camera.png',NULL,'2024-08-18 17:46:13.947008'),(9,'teste_HASH_FILE_13_7',7,13,'267ec5b974112a1033f59646125a2e78d2dc747627a1396cd38ce1582f3e137b',NULL,'2024-08-18 21:21:43.403929'),(10,'teste_FILE_13_10',10,13,'/var/www/html/dev_vitor/papedins/imagens/edited_image.jpeg',NULL,'2024-08-18 21:21:43.405726'),(11,'jghg_HASH_FILE_16_7',7,16,'572223d043a2d049ea4b9dfb88c0f5c458e4cdf60a4481768241c57b29ab8655',NULL,'2024-09-01 19:27:21.395751'),(12,'jghg_FILE_16_10',10,16,'/var/www/html/dev_vitor/papedins/imagens/close.png',NULL,'2024-09-01 19:27:21.397134');
DELIMITER ;;
/*!50003 CREATE*/ /*!50017 DEFINER=`root`@`localhost`*/ /*!50003 TRIGGER before_insert_evidencias_tipos_de_identificadores
BEFORE INSERT ON evidencias_tipos_de_identificadores 
FOR EACH ROW 
BEGIN 
    DECLARE hashExist INT;
    DECLARE hashType INT;
    DECLARE existing_evidencia_name VARCHAR(255);
    DECLARE existing_id_chave_evidencia INT;

    SET hashType = (SELECT id_chave_tipo_de_identificador FROM tipos_de_identificadores WHERE nome_tipo_de_identificador = 'HASH_FILE');

    IF NEW.id_tipo_de_identificador = hashType THEN
        SELECT COUNT(*), nome_evidencia, id_chave_evidencia INTO hashExist, existing_evidencia_name, existing_id_chave_evidencia 
        FROM evidencias_tipos_de_identificadores 
        INNER JOIN evidencias ON evidencias.id_chave_evidencia = evidencias_tipos_de_identificadores.id_evidencia
        WHERE valor = NEW.valor AND id_tipo_de_identificador = hashType;

        IF hashExist > 0 THEN 
            SET @errMsg = CONCAT('Detectado valor de HASH_FILE duplicado. Esse HASH já está vinculado à evidencia: ', existing_evidencia_name, ' com identificador ', existing_id_chave_evidencia);
            SIGNAL SQLSTATE '45000' SET MESSAGE_TEXT = @errMsg;
        END IF;
    END IF;
END */;;
DELIMITER ;

--
-- Table structure for table `external_ids`
--

CREATE TABLE `external_ids` (
  `id_chave_external_id` int(11) NOT NULL AUTO_INCREMENT,
  `id_entity` varchar(255) DEFAULT NULL,
  `external_id_type` varchar(50) DEFAULT NULL,
  `external_id` varchar(255) DEFAULT NULL,
  PRIMARY KEY (`id_chave_external_id`),
  KEY `id_entity` (`id_entity`),
  CONSTRAINT `external_ids_ibfk_1` FOREIGN KEY (`id_entity`) REFERENCES `entities` (`entity_url`)
) ENGINE=InnoDB DEFAULT CHARSET=utf8mb4 COLLATE=utf8mb4_general_ci;

--
-- Dumping data for table `external_ids`
--


--
-- Table structure for table `fc_guarda_ids_da_lixeira`
--

CREATE TABLE `fc_guarda_ids_da_lixeira` (
  `id_chave_guarda_id_da_lixeira` int(11) NOT NULL AUTO_INCREMENT,
  `id_da_secao_da_lixeira` int(11) DEFAULT NULL,
  PRIMARY KEY (`id_chave_guarda_id_da_lixeira`),
  KEY `id_da_secao_da_lixeira` (`id_da_secao_da_lixeira`),
  CONSTRAINT `fc_guarda_ids_da_lixeira_ibfk_1` FOREIGN KEY (`id_da_secao_da_lixeira`) REFERENCES `fc_secoes` (`fc_id_chave_categoria`)
) ENGINE=InnoDB DEFAULT CHARSET=utf8mb4 COLLATE=utf8mb4_general_ci;

--
-- Dumping data for table `fc_guarda_ids_da_lixeira`
--


--
-- Table structure for table `fc_ids_de_referencia`
--

CREATE TABLE `fc_ids_de_referencia` (
  `id_chave_id_de_referencia` int(11) NOT NULL AUTO_INCREMENT,
  `nome_id_de_referencia` varchar(300) DEFAULT NULL,
  `id_secao_do_identificador` int(11) DEFAULT NULL,
  PRIMARY KEY (`id_chave_id_de_referencia`),
  UNIQUE KEY `nome_id_de_referencia` (`nome_id_de_referencia`),
  UNIQUE KEY `id_secao_do_identificador` (`id_secao_do_identificador`),
  CONSTRAINT `fc_ids_de_referencia_ibfk_1` FOREIGN KEY (`id_secao_do_identificador`) REFERENCES `fc_secoes` (`fc_id_chave_categoria`)
) ENGINE=InnoDB DEFAULT CHARSET=utf8mb4 COLLATE=utf8mb4_general_ci;

--
-- Dumping data for table `fc_ids_de_referencia`
--


--
-- Table structure for table `fc_instancias_propriedades`
--

CREATE TABLE `fc_instancias_propriedades` (
  `fc_id_chave_instancia_propriedade` int(11) NOT NULL AUTO_INCREMENT,
  `fc_valor_continuo` varchar(50) DEFAULT NULL,
  `fc_id_propriedade` int(11) DEFAULT NULL,
  `fc_id_valor_discreto` int(11) DEFAULT NULL,
  `fc_id_nested_tipo_secao` int(11) DEFAULT NULL,
  PRIMARY KEY (`fc_id_chave_instancia_propriedade`),
  UNIQUE KEY `fc_id_propriedade` (`fc_id_propriedade`,`fc_id_nested_tipo_secao`),
  KEY `fc_id_valor_discreto` (`fc_id_valor_discreto`),
  KEY `fc_id_nested_tipo_secao` (`fc_id_nested_tipo_secao`),
  CONSTRAINT `fc_instancias_propriedades_ibfk_1` FOREIGN KEY (`fc_id_propriedade`) REFERENCES `propriedades` (`id_chave_propriedade`),
  CONSTRAINT `fc_instancias_propriedades_ibfk_2` FOREIGN KEY (`fc_id_valor_discreto`) REFERENCES `fc_valores_discretos` (`fc_id_chave_valor_discreto`),
  CONSTRAINT `fc_instancias_propriedades_ibfk_3` FOREIGN KEY (`fc_id_nested_tipo_secao`) REFERENCES `fc_nested_tipos_secoes` (`fc_id_chave_nested_tipo_secao`)
) ENGINE=InnoDB AUTO_INCREMENT=358 DEFAULT CHARSET=utf8mb4 COLLATE=utf8mb4_general_ci;

--
-- Dumping data for table `fc_instancias_propriedades`
--

INSERT INTO `fc_instancias_propriedades` VALUES (1,'',11,66,NULL),(2,'',12,68,NULL),(3,'',17,82,NULL),(4,'',6,8,NULL),(5,'',7,12,NULL),(6,'',8,1,NULL),(7,'',2,40,NULL),(8,'',3,47,NULL),(9,'',1,52,NULL),(10,'',11,65,2),(11,'',12,67,2),(12,'',17,81,2),(13,'',13,71,2),(14,'',15,75,2),(15,'',14,79,2),(16,'',6,8,2),(17,'',7,12,2),(18,'',8,3,2),(19,'',2,40,2),(20,'',3,47,2),(21,'',1,52,2),(22,'',4,45,2),(23,'',5,48,2),(24,'',11,66,21),(25,'',12,68,21),(26,'',17,82,21),(27,'',6,8,21),(28,'',7,12,21),(29,'',8,3,21),(30,'',2,40,21),(31,'',3,47,21),(32,'',1,52,21),(33,'',11,66,30),(34,'',12,68,30),(35,'',17,82,30),(36,'',6,8,30),(37,'',7,12,30),(38,'',8,3,30),(39,'',2,40,30),(40,'',3,47,30),(41,'',1,52,30),(42,'',11,66,35),(43,'',12,68,35),(44,'',17,82,35),(45,'',6,8,35),(46,'',7,12,35),(47,'',8,3,35),(48,'',2,40,35),(49,'',3,47,35),(50,'',1,52,35),(51,'',11,65,3),(52,'',12,68,3),(53,'',17,82,3),(54,'',6,8,3),(55,'',7,12,3),(56,'',8,1,3),(57,'',2,40,3),(58,'',3,47,3),(59,'',1,52,3),(60,'',11,65,22),(61,'',12,68,22),(62,'',17,82,22),(63,'',6,8,22),(64,'',7,12,22),(65,'',8,1,22),(66,'',2,40,22),(67,'',3,47,22),(68,'',1,52,22),(69,'',11,65,31),(70,'',12,68,31),(71,'',17,82,31),(72,'',6,8,31),(73,'',7,12,31),(74,'',8,1,31),(75,'',2,40,31),(76,'',3,47,31),(77,'',1,52,31),(78,'',11,65,36),(79,'',12,68,36),(80,'',17,82,36),(81,'',6,8,36),(82,'',7,12,36),(83,'',8,1,36),(84,'',2,40,36),(85,'',3,47,36),(86,'',1,52,36),(87,'',11,65,41),(88,'',12,68,41),(89,'',17,82,41),(90,'',6,8,41),(91,'',7,12,41),(92,'',8,1,41),(93,'',2,40,41),(94,'',3,47,41),(95,'',1,52,41),(96,'',11,65,23),(97,'',12,68,23),(98,'',17,82,23),(99,'',6,8,23),(100,'',7,12,23),(101,'',8,1,23),(102,'',2,41,23),(103,'',3,46,23),(104,'',1,51,23),(105,'',16,62,23),(106,'',11,65,32),(107,'',12,68,32),(108,'',17,82,32),(109,'',6,8,32),(110,'',7,12,32),(111,'',8,1,32),(112,'',2,41,32),(113,'',3,46,32),(114,'',1,51,32),(115,'',16,62,32),(116,'',11,65,37),(117,'',12,68,37),(118,'',17,82,37),(119,'',6,8,37),(120,'',7,12,37),(121,'',8,1,37),(122,'',2,41,37),(123,'',3,46,37),(124,'',1,51,37),(125,'',16,62,37),(126,'',11,65,42),(127,'',12,68,42),(128,'',17,82,42),(129,'',6,8,42),(130,'',7,12,42),(131,'',8,1,42),(132,'',2,41,42),(133,'',3,46,42),(134,'',1,51,42),(135,'',16,62,42),(136,'',11,65,4),(137,'',12,68,4),(138,'',17,82,4),(139,'',6,8,4),(140,'',7,12,4),(141,'',8,1,4),(142,'',2,41,4),(143,'',3,46,4),(144,'',1,51,4),(145,'',16,62,4),(146,'',11,65,5),(147,'',12,67,5),(148,'',17,82,5),(149,'',6,8,5),(150,'',7,12,5),(151,'',8,1,5),(152,'',2,43,5),(153,'',3,46,5),(154,'',1,51,5),(155,'',16,62,5),(156,'',13,72,5),(157,'',15,76,5),(158,'',14,80,5),(159,'',11,65,6),(160,'',12,67,6),(161,'',17,82,6),(162,'',13,70,6),(163,'',15,74,6),(164,'',14,78,6),(165,'',6,8,6),(166,'',7,12,6),(167,'',8,1,6),(168,'',2,42,6),(169,'',3,46,6),(170,'',1,51,6),(171,'',16,62,6),(172,'',11,65,7),(173,'',12,67,7),(174,'',17,81,7),(175,'',13,69,7),(176,'',15,73,7),(177,'',14,77,7),(178,'',6,8,7),(179,'',7,12,7),(180,'',8,1,7),(181,'',2,38,7),(182,'',3,46,7),(183,'',1,51,7),(184,'',16,62,7),(185,'',11,65,18),(186,'',12,67,18),(187,'',17,81,18),(188,'',13,69,18),(189,'',15,73,18),(190,'',14,77,18),(191,'',6,8,18),(192,'',7,12,18),(193,'',8,1,18),(194,'',2,38,18),(195,'',3,46,18),(196,'',1,51,18),(197,'',16,62,18),(198,'',11,65,17),(199,'',12,67,17),(200,'',17,81,17),(201,'',13,69,17),(202,'',15,73,17),(203,'',14,77,17),(204,'',6,8,17),(205,'',7,12,17),(206,'',8,1,17),(207,'',2,38,17),(208,'',3,46,17),(209,'',1,51,17),(210,'',16,62,17),(211,'',11,65,20),(212,'',12,67,20),(213,'',17,81,20),(214,'',13,69,20),(215,'',15,73,20),(216,'',14,77,20),(217,'',6,8,20),(218,'',7,12,20),(219,'',8,1,20),(220,'',2,38,20),(221,'',3,46,20),(222,'',1,51,20),(223,'',16,62,20),(224,'',11,65,19),(225,'',12,67,19),(226,'',17,81,19),(227,'',13,69,19),(228,'',15,73,19),(229,'',14,77,19),(230,'',6,8,19),(231,'',7,12,19),(232,'',8,1,19),(233,'',2,38,19),(234,'',3,46,19),(235,'',1,51,19),(236,'',16,62,19),(237,'',11,65,8),(238,'',12,68,8),(239,'',17,82,8),(240,'',6,8,8),(241,'',7,12,8),(242,'',8,1,8),(243,'',2,38,8),(244,'',3,46,8),(245,'',1,51,8),(246,'',16,62,8),(247,'',13,69,8),(248,'',15,73,8),(249,'',14,77,8),(250,'',11,65,26),(251,'',12,68,26),(252,'',17,82,26),(253,'',6,8,26),(254,'',7,12,26),(255,'',8,1,26),(256,'',2,38,26),(257,'',3,46,26),(258,'',1,51,26),(259,'',16,62,26),(260,'',11,65,NULL),(261,'',12,68,NULL),(262,'',17,82,NULL),(263,'',6,8,NULL),(264,'',7,12,NULL),(265,'',8,1,NULL),(266,'',2,38,NULL),(267,'',3,46,NULL),(268,'',1,51,NULL),(269,'',16,62,NULL),(270,'',11,65,27),(271,'',12,68,27),(272,'',17,82,27),(273,'',6,8,27),(274,'',7,12,27),(275,'',8,1,27),(276,'',2,38,27),(277,'',3,46,27),(278,'',1,51,27),(279,'',16,62,27),(280,'',11,65,28),(281,'',12,68,28),(282,'',17,82,28),(283,'',6,8,28),(284,'',7,12,28),(285,'',8,1,28),(286,'',2,38,28),(287,'',3,46,28),(288,'',1,51,28),(289,'',16,62,28),(290,'',11,65,29),(291,'',12,68,29),(292,'',17,82,29),(293,'',6,8,29),(294,'',7,12,29),(295,'',8,1,29),(296,'',2,38,29),(297,'',3,46,29),(298,'',1,51,29),(299,'',16,62,29),(300,'',11,65,10),(301,'',12,68,10),(302,'',17,82,10),(303,'',6,7,10),(304,'',7,9,10),(305,'',8,3,10),(306,'',2,40,10),(307,'',3,47,10),(308,'',1,52,10),(309,'',11,66,24),(310,'',12,68,24),(311,'',17,82,24),(312,'',6,7,24),(313,'',2,40,24),(314,'',3,47,24),(315,'',1,52,24),(316,'',11,66,33),(317,'',12,68,33),(318,'',17,82,33),(319,'',6,7,33),(320,'',2,40,33),(321,'',3,47,33),(322,'',1,52,33),(323,'',11,66,38),(324,'',12,68,38),(325,'',17,82,38),(326,'',6,7,38),(327,'',2,40,38),(328,'',3,47,38),(329,'',1,52,38),(330,'',11,66,43),(331,'',12,68,43),(332,'',17,82,43),(333,'',6,7,43),(334,'',2,40,43),(335,'',3,47,43),(336,'',1,52,43),(337,'',11,66,9),(338,'',12,68,9),(339,'',17,82,9),(340,'',6,7,9),(341,'',2,40,9),(342,'',3,47,9),(343,'',1,52,9),(344,'',11,66,11),(345,'',12,68,11),(346,'',17,82,11),(347,'',6,7,11),(348,'',2,40,11),(349,'',3,47,11),(350,'',1,52,11),(351,'',11,66,14),(352,'',12,68,14),(353,'',17,82,14),(354,'',6,7,14),(355,'',2,40,14),(356,'',3,47,14),(357,'',1,52,14);

--
-- Table structure for table `fc_nested_tipos_secoes`
--

CREATE TABLE `fc_nested_tipos_secoes` (
  `fc_id_chave_nested_tipo_secao` int(11) NOT NULL AUTO_INCREMENT,
  `fc_nome_nested_tipo_secao` varchar(200) NOT NULL,
  `fc_descricao` varchar(10000) DEFAULT NULL,
  `fc_lft` int(11) NOT NULL,
  `fc_rgt` int(11) NOT NULL,
  PRIMARY KEY (`fc_id_chave_nested_tipo_secao`)
) ENGINE=InnoDB AUTO_INCREMENT=45 DEFAULT CHARSET=utf8mb4 COLLATE=utf8mb4_general_ci;

--
-- Dumping data for table `fc_nested_tipos_secoes`
--

INSERT INTO `fc_nested_tipos_secoes` VALUES (1,'raiz','Rais dos Tipos de Secao',1,88),(2,'estrutura','Tópicos ou Seções incluindo capítulos',2,39),(3,'paragrafo','Parágrafos dos tópicos ou das sessões',3,4),(4,'sustentacao_regimental','Sustentação Regimental',5,6),(5,'cargo','Cargo',7,8),(6,'comissionamento','Comissionamento',9,10),(7,'titular','Titular',11,12),(8,'substituto','Substituto',13,14),(9,'imagem','Imagens dos tópicos ou sessões',15,16),(10,'legenda_imagem','Legenda de Imagens dos tópicos ou sessões',17,18),(11,'grafico','Gráficos dos tópicos ou sessões',19,20),(12,'pdf','Arquivos PDF',21,22),(13,'legenda_grafico','Legenda de gráficos dos tópicos ou sessões',23,24),(14,'tabela','Tabelas dos tópicos ou sessões',25,26),(15,'legenda_tabela','Legenda de tabela dos tópicos ou sessões',27,28),(16,'item_de_referencia','Itens da seção de referências',29,30),(17,'servidor','Quarda o nome de um servidor',31,32),(18,'terceirizado','Quarda o nome de um terceirizado',33,34),(19,'bolsista','Quarda o nome de um bolsista',35,36),(20,'senior','Quarda o nome de um senior',37,38),(21,'colegiado','Índice',40,57),(22,'paragrafo_colegiado','Parágrafo explicativo sobre o colegiado',41,42),(23,'sustentacao_colegiado','Sustentação normativa do colegiado',43,44),(24,'imagem_colegiado','Imagens pertinentes ao universo dos colegiados',45,46),(25,'pdf_colegiado','Arquivos PDF pertinentes ao colegiado',47,48),(26,'titular_colegiado','Titular de um colegiado',49,50),(27,'suplente_colegiado','Suplente de um colegiado',51,52),(28,'lotacao_titular','Divisão da Fundacentro em que o Titular está lotado',53,54),(29,'instituicao_coordenadora','Instituição que coordena o grupo',55,56),(30,'programa','Índice',58,67),(31,'paragrafo_programa','Parágrafo explicativo sobre o programa',59,60),(32,'sustentacao_programa','Sustentação normativa do programa',61,62),(33,'imagem_programa','Imagens pertinentes ao universo dos programas',63,64),(34,'pdf_programa','Arquivos PDF pertinentes ao programa',65,66),(35,'projeto','Índice',68,77),(36,'paragrafo_projeto','Parágrafo explicativo sobre o projeto',69,70),(37,'sustentacao_projeto','Sustentação normativa do projeto',71,72),(38,'imagem_projeto','Imagens pertinentes ao universo dos projetos',73,74),(39,'pdf_projeto','Arquivos PDF pertinentes ao programa',75,76),(40,'processo','Índice',78,87),(41,'paragrafo_processo','Parágrafo explicativo sobre o processo',79,80),(42,'sustentacao_processo','Sustentação normativa do processo',81,82),(43,'imagem_processo','Imagens pertinentes ao universo dos processos',83,84),(44,'pdf_processo','Arquivos PDF pertinentes ao programa',85,86);

--
-- Table structure for table `fc_secoes`
--

CREATE TABLE `fc_secoes` (
  `fc_id_chave_categoria` int(11) NOT NULL AUTO_INCREMENT,
  `fc_nome_categoria` varchar(100) NOT NULL,
  `fc_descricao` varchar(3500) DEFAULT NULL,
  `fc_lnk` varchar(300) DEFAULT NULL,
  `fc_lft` int(11) NOT NULL,
  `fc_rgt` int(11) NOT NULL,
  `fc_id_tipo_secao` int(11) DEFAULT NULL,
  PRIMARY KEY (`fc_id_chave_categoria`),
  UNIQUE KEY `fc_nome_categoria` (`fc_nome_categoria`),
  KEY `fc_id_tipo_secao` (`fc_id_tipo_secao`),
  CONSTRAINT `fc_secoes_ibfk_1` FOREIGN KEY (`fc_id_tipo_secao`) REFERENCES `fc_nested_tipos_secoes` (`fc_id_chave_nested_tipo_secao`)
) ENGINE=InnoDB AUTO_INCREMENT=1421 DEFAULT CHARSET=utf8mb4 COLLATE=utf8mb4_general_ci;

--
-- Dumping data for table `fc_secoes`
--

INSERT INTO `fc_secoes` VALUES (1,'corpo_tese','raiz','',1,2832,1),(6,'descricao_presidencia','Presidência da Fundacentro','',2,3,3),(7,'presidencia','95','',4,15,2),(8,'auto_2023-05-13_17:52:08.396','Art 4o da Portaria 752 e Art. 4o do Decreto 10.096','',5,6,4),(9,'auto_2023-05-15_11:31:56.443','1','',7,8,5),(10,'auto_2023-05-15_11:26:28.716','2','',9,10,6),(11,'auto_2023-05-15_11:38:50.345','160','',11,12,7),(12,'foto_presidente','PedroTourinho2.png','',13,14,9),(13,'presidencia_substituta','96','',16,25,2),(14,'copia_2023-05-13_17:52:08.396','Art 4o da Portaria 752 e Art. 4o do Decreto 10.096','',17,18,4),(15,'copia_2023-05-15_11:31:56.443','16','',19,20,5),(16,'copia_2023-05-15_11:26:28.716','2','',21,22,6),(17,'copia_2023-05-15_11:38:50.345','166','',23,24,7),(18,'Gabinete','12','',26,83,2),(19,'gabinete_gestor','95','',27,38,2),(20,'auto_2024-04-11_10:08:31.560','alínea (a) do item II do Art. 3o do Regimento Interno (Portaria No. 725)','',28,29,4),(21,'auto_2024-04-11_10:09:14.033','3','',30,31,5),(22,'auto_2024-04-11_10:09:45.497','56','',32,33,6),(23,'auto_2024-04-11_10:10:29.442','161','',34,35,7),(24,'auto_2024-04-11_10:15:59.736','Victor.png','',36,37,9),(25,'gabinete_substituto','96','',39,48,2),(26,'copiado_2024-04-11_10:08:31.560','alínea (a) do item II do Art. 3o do Regimento Interno (Portaria No. 725)','',40,41,4),(27,'copiado_2024-04-11_10:09:14.033','18','',42,43,5),(28,'copiado_2024-04-11_10:09:45.497','56','',44,45,6),(29,'auto_2024-04-23_13:49:05.443','166','',46,47,8),(30,'auto_2023-05-13_17:17:13.099','13','',49,74,2),(31,'auto_2024-04-09_13:58:07.029','95','',50,61,2),(32,'auto_2024-04-09_13:59:36.902','ANEXO II do Art. 39','',51,52,4),(33,'auto_2024-04-09_14:00:13.041','10','',53,54,5),(34,'auto_2024-04-09_14:00:50.445','66','',55,56,6),(35,'auto_2024-04-09_14:01:40.999','127','',57,58,7),(36,'auto_2024-04-11_10:04:46.987','rita_brisi.png','',59,60,9),(37,'auto_2024-04-10_21:31:45.458','96','',62,71,2),(38,'auto_2024-04-10_21:33:39.437','ANEXO II do Art. 39','',63,64,4),(39,'auto_2024-04-10_21:34:48.954','25','',65,66,5),(40,'auto_2024-04-10_21:35:13.933','66','',67,68,6),(41,'auto_2024-04-10_21:35:55.737','6','',69,70,8),(42,'auto_2024-04-23_13:50:06.218906','','',72,73,3),(43,'auto_2024-04-23_13:51:08.683','97','',75,82,2),(44,'auto_2024-04-23_13:51:47.267','103','',76,81,2),(45,'auto_2024-04-23_13:52:05.157546','teste','',77,78,3),(46,'auto_2024-04-23_13:58:18.334','69','',79,80,17),(47,'assessoria_I','7','',84,321,2),(48,'auto_2023-05-12_09:27:46.638','95','',85,96,2),(49,'auto_2023-05-13_17:38:44.076','ANEXO II do Art. 39','',86,87,4),(50,'auto_2023-05-15_11:40:52.315','6','',88,89,5),(51,'auto_2023-05-15_11:43:31.089','73','',90,91,6),(52,'auto_2023-05-15_11:41:30.791','172','',92,93,7),(53,'auto_2024-04-15_11:55:15.437','kimati_menor.png','',94,95,9),(54,'equipe_bolsistas_senaes','98','',97,320,2),(55,'bolsista_senaes_1','104','',98,103,2),(56,'paragrafo_bolsista_1','bolsista_1','',99,100,3),(57,'nome_bolsista_senaes_1','181','',101,102,19),(58,'bolsista_senaes_2','104','',104,109,2),(59,'paragrafo_bolsista_2','bolsista_2','',105,106,3),(60,'nome_bolsista_senaes_2','182','',107,108,19),(61,'bolsista_senaes_3','104','',110,115,2),(62,'paragrafo_bolsista_3','bolsista_3','',111,112,3),(63,'nome_bolsista_senaes_3','183','',113,114,19),(64,'bolsista_senaes_4','104','',116,121,2),(65,'paragrafo_bolsista_4','bolsista_4','',117,118,3),(66,'nome_bolsista_senaes_4','184','',119,120,19),(67,'bolsista_senaes_5','104','',122,127,2),(68,'paragrafo_bolsista_5','bolsista_5','',123,124,3),(69,'nome_bolsista_senaes_5','185','',125,126,19),(70,'bolsista_senaes_6','104','',128,133,2),(71,'paragrafo_bolsista_6','bolsista_6','',129,130,3),(72,'nome_bolsista_senaes_6','186','',131,132,19),(73,'bolsista_senaes_7','104','',134,139,2),(74,'paragrafo_bolsista_7','bolsista_7','',135,136,3),(75,'nome_bolsista_senaes_7','187','',137,138,19),(76,'bolsista_senaes_8','104','',140,145,2),(77,'paragrafo_bolsista_8','bolsista_8','',141,142,3),(78,'nome_bolsista_senaes_8','188','',143,144,19),(79,'bolsista_senaes_9','104','',146,151,2),(80,'paragrafo_bolsista_9','bolsista_9','',147,148,3),(81,'nome_bolsista_senaes_9','189','',149,150,19),(82,'bolsista_senaes_10','104','',152,157,2),(83,'paragrafo_bolsista_10','bolsista_10','',153,154,3),(84,'nome_bolsista_senaes_10','190','',155,156,19),(85,'bolsista_senaes_11','104','',158,163,2),(86,'paragrafo_bolsista_11','bolsista_11','',159,160,3),(87,'nome_bolsista_senaes_11','191','',161,162,19),(88,'bolsista_senaes_12','104','',164,169,2),(89,'paragrafo_bolsista_12','bolsista_12','',165,166,3),(90,'nome_bolsista_senaes_12','192','',167,168,19),(91,'bolsista_senaes_13','104','',170,175,2),(92,'paragrafo_bolsista_13','bolsista_13','',171,172,3),(93,'nome_bolsista_senaes_13','193','',173,174,19),(94,'bolsista_senaes_14','104','',176,181,2),(95,'paragrafo_bolsista_14','bolsista_14','',177,178,3),(96,'nome_bolsista_senaes_14','194','',179,180,19),(97,'bolsista_senaes_15','104','',182,187,2),(98,'paragrafo_bolsista_15','bolsista_15','',183,184,3),(99,'nome_bolsista_senaes_15','195','',185,186,19),(100,'bolsista_senaes_16','104','',188,193,2),(101,'paragrafo_bolsista_16','bolsista_16','',189,190,3),(102,'nome_bolsista_senaes_16','196','',191,192,19),(103,'bolsista_senaes_17','104','',194,199,2),(104,'paragrafo_bolsista_17','bolsista_17','',195,196,3),(105,'nome_bolsista_senaes_17','197','',197,198,19),(106,'bolsista_senaes_18','104','',200,205,2),(107,'paragrafo_bolsista_18','bolsista_18','',201,202,3),(108,'nome_bolsista_senaes_18','198','',203,204,19),(109,'bolsista_senaes_19','104','',206,211,2),(110,'paragrafo_bolsista_19','bolsista_19','',207,208,3),(111,'nome_bolsista_senaes_19','199','',209,210,19),(112,'bolsista_senaes_20','104','',212,217,2),(113,'paragrafo_bolsista_20','bolsista_20','',213,214,3),(114,'nome_bolsista_senaes_20','200','',215,216,19),(115,'bolsista_senaes_21','104','',218,223,2),(116,'paragrafo_bolsista_21','bolsista_21','',219,220,3),(117,'nome_bolsista_senaes_21','201','',221,222,19),(118,'bolsista_senaes_22','104','',224,229,2),(119,'paragrafo_bolsista_22','bolsista_22','',225,226,3),(120,'nome_bolsista_senaes_22','202','',227,228,19),(121,'bolsista_senaes_23','104','',230,235,2),(122,'paragrafo_bolsista_23','bolsista_23','',231,232,3),(123,'nome_bolsista_senaes_23','203','',233,234,19),(124,'bolsista_senaes_24','104','',236,241,2),(125,'paragrafo_bolsista_24','bolsista_24','',237,238,3),(126,'nome_bolsista_senaes_24','204','',239,240,19),(127,'bolsista_senaes_25','104','',242,247,2),(128,'paragrafo_bolsista_25','bolsista_25','',243,244,3),(129,'nome_bolsista_senaes_25','205','',245,246,19),(130,'bolsista_senaes_26','104','',248,253,2),(131,'paragrafo_bolsista_26','bolsista_26','',249,250,3),(132,'nome_bolsista_senaes_26','206','',251,252,19),(133,'bolsista_senaes_27','104','',254,259,2),(134,'paragrafo_bolsista_27','bolsista_27','',255,256,3),(135,'nome_bolsista_senaes_27','207','',257,258,19),(136,'bolsista_senaes_28','104','',260,265,2),(137,'paragrafo_bolsista_28','bolsista_28','',261,262,3),(138,'nome_bolsista_senaes_28','208','',263,264,19),(139,'bolsista_senaes_29','104','',266,271,2),(140,'paragrafo_bolsista_29','bolsista_29','',267,268,3),(141,'nome_bolsista_senaes_29','209','',269,270,19),(142,'bolsista_senaes_30','104','',272,277,2),(143,'paragrafo_bolsista_30','bolsista_30','',273,274,3),(144,'nome_bolsista_senaes_30','210','',275,276,19),(145,'bolsista_senaes_31','104','',278,283,2),(146,'paragrafo_bolsista_31','bolsista_31','',279,280,3),(147,'nome_bolsista_senaes_31','211','',281,282,19),(148,'bolsista_senaes_32','104','',284,289,2),(149,'paragrafo_bolsista_32','bolsista_32','',285,286,3),(150,'nome_bolsista_senaes_32','212','',287,288,19),(151,'bolsista_senaes_33','104','',290,295,2),(152,'paragrafo_bolsista_33','bolsista_33','',291,292,3),(153,'nome_bolsista_senaes_33','213','',293,294,19),(154,'bolsista_senaes_34','104','',296,301,2),(155,'paragrafo_bolsista_34','bolsista_34','',297,298,3),(156,'nome_bolsista_senaes_34','214','',299,300,19),(157,'bolsista_senaes_35','104','',302,307,2),(158,'paragrafo_bolsista_35','bolsista_35','',303,304,3),(159,'nome_bolsista_senaes_35','215','',305,306,19),(160,'bolsista_senaes_36','104','',308,313,2),(161,'paragrafo_bolsista_36','bolsista_36','',309,310,3),(162,'nome_bolsista_senaes_36','216','',311,312,19),(163,'bolsista_senaes_37','104','',314,319,2),(164,'paragrafo_bolsista_37','bolsista_37','',315,316,3),(165,'nome_bolsista_senaes_37','217','',317,318,19),(166,'assessoria_II','8','',322,335,2),(167,'auto_2023-05-12_09:23:16.546','95','',323,334,2),(168,'auto_2023-05-13_17:39:03.653','ANEXO II do Art. 39','',324,325,4),(169,'auto_2023-05-15_11:41:46.732','6','',326,327,5),(170,'auto_2023-05-15_11:43:50.114','23','',328,329,6),(171,'auto_2023-05-15_11:42:02.158','163','',330,331,7),(172,'auto_2023-05-12_09:25:03.318','rafael.png','',332,333,9),(173,'auto_2024-04-11_15:02:27.987','10','',336,351,2),(174,'auto_2024-04-16_09:46:42.197','95','',337,350,2),(175,'auto_2024-04-16_09:47:47.573870','Acumula o papel de Ouvidoria, de acordo com o Portaria Fundacentro nº1230/23','',338,339,3),(176,'auto_2024-04-11_17:36:35.053','Portaria FUNDACENTRO nº 1230/23','',340,341,4),(177,'auto_2024-04-11_17:39:40.701','13','',342,343,5),(178,'auto_2024-04-11_17:40:16.009','39','',344,345,6),(179,'auto_2024-04-11_17:41:39.085','164','',346,347,7),(180,'auto_2024-04-11_17:42:03.555','jose-cloves.jpg','',348,349,9),(181,'gerencia_projetos_II','11','',352,363,2),(182,'auto_2023-05-13_17:16:11.477','95','',353,362,2),(183,'auto_2023-05-13_17:40:00.723_a','ANEXO II do Art. 39','',354,355,4),(184,'auto_2023-05-15_11:44:48.984_a','13','',356,357,5),(185,'auto_2023-05-15_11:45:12.581_a','89','',358,359,6),(186,'auto_2023-05-15_13:06:29.681_a','173','',360,361,7),(187,'servico_comunicacao','55','',364,411,2),(188,'servico_comunica_titular','95','',365,376,2),(189,'auto_2023-05-13_17:41:05.473','alínea (d) do item II do Art. 3o do Regimento Interno (Portaria No. 725).','',366,367,4),(190,'auto_2023-05-15_11:46:09.923','10','',368,369,5),(191,'auto_2023-05-15_11:46:27.147','63','',370,371,6),(192,'auto_2023-05-15_12:34:27.882','25','',372,373,7),(193,'auto_2023-05-12_09:41:19.853','cristiane.png','',374,375,9),(194,'servico_comunica_substituto','96','',377,386,2),(195,'copia_2023-05-13_17:41:05.473','alínea (d) do item II do Art. 3o do Regimento Interno (Portaria No. 725).','',378,379,4),(196,'copia_2023-05-15_11:46:09.923','26','',380,381,5),(197,'copia_2023-05-15_11:46:27.147','63','',382,383,6),(198,'copia_2023-05-15_12:34:27.882','32','',384,385,7),(199,'setor_apoio_comunicacao','56','',387,410,2),(200,'setor_de_apoio_comunicacao_titular','95','',388,399,2),(201,'auto_2023-05-13_17:55:40.074','ANEXO II do Art. 39 da Portaria 752','',389,390,4),(202,'auto_2023-05-15_12:34:57.325','10','',391,392,5),(203,'auto_2023-05-15_12:35:18.802','67','',393,394,6),(204,'auto_2023-05-15_12:35:44.449','32','',395,396,7),(205,'auto_2023-05-15_12:38:48.903','debora.png','',397,398,9),(206,'setor_de_apoio_comunicacao_substituto','96','',400,409,2),(207,'copia_2023-05-13_17:55:40.074','ANEXO II do Art. 39 da Portaria 752','',401,402,4),(208,'copia_2023-05-15_12:34:57.325','25','',403,404,5),(209,'copia_2023-05-15_12:35:18.802','67','',405,406,6),(210,'copia_2023-05-15_12:35:44.449','166','',407,408,8),(211,'auditoria','2','',412,459,2),(212,'auditoria_titular','95','',413,424,2),(213,'auto_2023-05-13_17:43:11.398','alínea (b) do item III do Art. 3o do Regimento Interno (Portaria No. 725).','',414,415,4),(214,'auto_2023-05-15_12:39:20.523','4','',416,417,5),(215,'auto_2023-05-15_12:40:12.481','56','',418,419,6),(216,'auto_2023-05-15_12:40:47.957','27','',420,421,7),(217,'auto_2023-05-12_09:38:20.582','dalton.png','',422,423,9),(218,'auditoria_substituta','96','',425,434,2),(219,'copia_2023-05-13_17:43:11.398','alínea (b) do item III do Art. 3o do Regimento Interno (Portaria No. 725).','',426,427,4),(220,'copia_2023-05-15_12:39:20.523','19','',428,429,5),(221,'copia_2023-05-15_12:40:12.481','56','',430,431,6),(222,'copia_2023-05-15_12:40:47.957','166','',432,433,7),(223,'assistencia_auditoria','3','',435,458,2),(224,'assistencia_auditoria_titular','95','',436,447,2),(225,'auto_2023-05-15_12:47:23.863','ANEXO II do Art. 39 da Portaria 752','',437,438,4),(226,'auto_2023-05-15_12:47:35.518','8','',439,440,5),(227,'auto_2023-05-15_12:48:02.518','80','',441,442,6),(228,'auto_2023-05-15_12:49:27.860','72','',443,444,7),(229,'auto_2024-04-16_10:11:52.458','Gustavo.png','',445,446,9),(230,'assistencia_auditoria_substituto','96','',448,457,2),(231,'copia_2023-05-15_12:47:23.863','ANEXO II do Art. 39 da Portaria 752','',449,450,4),(232,'copia_2023-05-15_12:47:35.518','22','',451,452,5),(233,'copia_2023-05-15_12:48:02.518','80','',453,454,6),(234,'copia_2023-05-15_12:49:27.860','166','',455,456,8),(235,'procuradoria_federal','4','',460,503,2),(236,'auto_2024-04-15_20:20:11.842','95','',461,470,2),(237,'auto_2023-05-13_17:43:35.153','alínea (a) do item III do Art. 3o do Regimento Interno (Portaria No. 725).','',462,463,4),(238,'auto_2023-05-15_12:41:45.541','5','',464,465,5),(239,'auto_2023-05-15_12:43:04.439','56','',466,467,6),(240,'auto_2023-05-15_12:43:36.785','165','',468,469,7),(241,'copia_2024-04-15_20:20:11.842','96','',471,480,2),(242,'copia_2023-05-13_17:43:35.153','alínea (a) do item III do Art. 3o do Regimento Interno (Portaria No. 725).','',472,473,4),(243,'copia_2023-05-15_12:41:45.541','20','',474,475,5),(244,'copia_2023-05-15_12:43:04.439','56','',476,477,6),(245,'copia_2023-05-15_12:43:36.785','166','',478,479,7),(246,'assistente_procuradoria','5','',481,502,2),(247,'assistente_procuradoria_titular','95','',482,491,2),(248,'auto_2023-05-15_12:45:04.309','ANEXO II do Art. 39','',483,484,4),(249,'auto_2023-05-15_12:45:54.636','8','',485,486,5),(250,'auto_2023-05-15_12:46:13.458','80','',487,488,6),(251,'auto_2023-06-17_15:53:05.076','170','',489,490,7),(252,'assistente_procuradoria_substituto','96','',492,501,2),(253,'copia_2023-05-15_12:45:04.309','ANEXO II do Art. 39','',493,494,4),(254,'copia_2023-05-15_12:45:54.636','22','',495,496,5),(255,'copia_2023-05-15_12:46:13.458','80','',497,498,6),(256,'copia_2023-06-17_15:53:05.076','166','',499,500,8),(257,'corregedoria','22','',504,525,2),(258,'corregedoria_titular','95','',505,514,2),(259,'auto_2023-05-13_17:43:52.553','alínea (c) do item III do Art. 3o do Regimento Interno (Portaria No. 725).','',506,507,4),(260,'auto_2023-05-15_12:50:26.407','9','',508,509,5),(261,'auto_2023-05-15_12:50:48.071','59','',510,511,6),(262,'auto_2023-05-15_12:51:31.031','177','',512,513,7),(263,'corregedoria_substituto','96','',515,524,2),(264,'copia_2023-05-13_17:43:52.553','alínea (c) do item III do Art. 3o do Regimento Interno (Portaria No. 725).','',516,517,4),(265,'copia_2023-05-15_12:50:26.407','24','',518,519,5),(266,'copia_2023-05-15_12:50:48.071','59','',520,521,6),(267,'copia_2023-05-15_12:51:31.031','166','',522,523,8),(268,'cg_gestao_corporativa','16','',526,713,2),(269,'cg_gestao_corporativa_titular','95','',527,538,2),(270,'auto_2023-05-13_17:45:05.739','alínea (c) do item II do Art. 3o do Regimento Interno (Portaria No. 725).','',528,529,4),(271,'auto_2023-05-15_12:52:41.865','11','',530,531,5),(272,'auto_2023-05-15_12:52:56.724','56','',532,533,6),(273,'auto_2023-05-15_12:53:31.633','157','',534,535,7),(274,'auto_2023-05-12_09:45:20.017','vania.png','',536,537,9),(275,'cg_gestao_corporativa_substituto','96','',539,548,2),(276,'copia_2023-05-13_17:45:05.739','alínea (c) do item II do Art. 3o do Regimento Interno (Portaria No. 725).','',540,541,4),(277,'copia_2023-05-15_12:52:41.865','26','',542,543,5),(278,'copia_2023-05-15_12:52:56.724','56','',544,545,6),(279,'copia_2023-05-15_12:53:31.633','166','',546,547,7),(280,'setor_apoio_cggc_I','17','',549,570,2),(281,'setor_apoio_cggc_I_titular','95','',550,559,2),(282,'auto_2023-06-17_09:28:40.977','ANEXO II do Art. 39 da Portaria 752','',551,552,4),(283,'auto_2023-05-15_13:03:24.210','10','',553,554,5),(284,'auto_2023-05-15_13:03:41.579','67','',555,556,6),(285,'auto_2023-06-17_09:51:58.195','11','',557,558,7),(286,'setor_apoio_cggc_I_substituto','96','',560,569,2),(287,'copia_2023-06-17_09:28:40.977','ANEXO II do Art. 39 da Portaria 752','',561,562,4),(288,'copia_2023-05-15_13:03:24.210','25','',563,564,5),(289,'copia_2023-05-15_13:03:41.579','67','',565,566,6),(290,'copia_2023-06-17_09:51:58.195','166','',567,568,8),(291,'servico_adm_pessoas','52','',571,630,2),(292,'servico_adm_pessoas_titular','95','',572,581,2),(293,'auto_2023-06-17_09:44:24.213','ANEXO II do Art. 39 da Portaria 752','',573,574,4),(294,'auto_2023-05-15_13:00:49.240','10','',575,576,5),(295,'auto_2023-05-15_13:01:46.360','64','',577,578,6),(296,'auto_2023-05-15_13:02:18.379','135','',579,580,7),(297,'servico_adm_pessoas_substituto','96','',582,591,2),(298,'copia_2023-06-17_09:44:24.213','ANEXO II do Art. 39 da Portaria 752','',583,584,4),(299,'copia_2023-05-15_13:00:49.240','25','',585,586,5),(300,'copia_2023-05-15_13:01:46.360','64','',587,588,6),(301,'copia_2023-05-15_13:02:18.379','166','',589,590,8),(302,'setor_apoio_cggc_II','18','',592,613,2),(303,'setor_apoio_cggc_II_titular','95','',593,602,2),(304,'auto_2023-06-17_09:30:22.042','ANEXO II do Art. 39 da Portaria 752','',594,595,4),(305,'auto_2023-05-15_13:03:53.281','10','',596,597,5),(306,'auto_2023-05-15_13:04:07.799','67','',598,599,6),(307,'auto_2023-06-17_09:52:52.024','109','',600,601,7),(308,'setor_apoio_cggc_II_substituto','96','',603,612,2),(309,'copia_2023-06-17_09:30:22.042','ANEXO II do Art. 39 da Portaria 752','',604,605,4),(310,'copia_2023-05-15_13:03:53.281','25','',606,607,5),(311,'copia_2023-05-15_13:04:07.799','67','',608,609,6),(312,'copia_2023-06-17_09:52:52.024','166','',610,611,8),(313,'auto_2024-04-23_18:55:51.220','97','',614,629,2),(314,'auto_2024-04-23_18:56:10.362376','Equipe','',615,616,3),(315,'auto_2024-04-23_18:56:56.797','103','',617,622,2),(316,'auto_2024-04-23_18:58:19.215237','servidor 1','',618,619,3),(317,'auto_2024-04-23_19:03:09.830','142','',620,621,17),(318,'auto_2024-04-23_19:05:30.356','103','',623,628,2),(319,'auto_2024-04-23_19:05:47.962383','servidor 2','',624,625,3),(320,'auto_2024-04-23_19:06:06.549','166','',626,627,17),(321,'servico_desenvolvimento_pessoas','60','',631,652,2),(322,'servico_desenvolvimento_pessoas_titular','95','',632,641,2),(323,'auto_2024-01-26_11:33:30.493','ANEXO II do Art. 39 da Portaria 752','',633,634,4),(324,'auto_2023-05-15_12:58:52.382','10','',635,636,5),(325,'auto_2023-05-15_12:59:06.306','64','',637,638,6),(326,'auto_2023-05-15_12:59:43.775','158','',639,640,7),(327,'servico_desenvolvimento_pessoas_substituto','96','',642,651,2),(328,'copia_2024-01-26_11:33:30.493','ANEXO II do Art. 39 da Portaria 752','',643,644,4),(329,'copia_2023-05-15_12:58:52.382','25','',645,646,5),(330,'copia_2023-05-15_12:59:06.306','64','',647,648,6),(331,'copia_2023-05-15_12:59:43.775','166','',649,650,8),(332,'coordenacao_planejamento','23','',653,682,2),(333,'coordenacao_planejamento_titular','95','',654,663,2),(334,'auto_2023-05-13_18:00:30.654','item 2 da alínea (c) do item II do Art. 3o da Portaria 752','',655,656,4),(335,'auto_2023-05-15_12:57:02.291','12','',657,658,5),(336,'auto_2023-05-15_12:57:30.990','59','',659,660,6),(337,'auto_2023-05-15_12:57:50.374','153','',661,662,7),(338,'coordenacao_planejamento_substituto','96','',664,673,2),(339,'copia_2023-05-13_18:00:30.654','item 2 da alínea (c) do item II do Art. 3o da Portaria 752','',665,666,4),(340,'copia_2023-05-15_12:57:02.291','27','',667,668,5),(341,'copia_2023-05-15_12:57:30.990','59','',669,670,6),(342,'copia_2023-05-15_12:57:50.374','166','',671,672,8),(343,'auto_2024-04-23_19:50:04.314','97','',674,681,2),(344,'auto_2024-04-23_19:52:07.706','103','',675,680,2),(345,'auto_2024-04-23_19:52:25.854798','servidor 1','',676,677,3),(346,'auto_2024-04-23_19:52:43.130','117','',678,679,17),(347,'coordenacao_gestao_pessoas','19','',683,704,2),(348,'coordenacao_gestao_pessoas_titular','95','',684,693,2),(349,'auto_2023-05-13_18:02:28.742','item 1 da alínea (c) do item II do Art. 39 da Portaria 752','',685,686,4),(350,'auto_2023-05-15_12:55:14.425','12','',687,688,5),(351,'auto_2023-05-15_12:55:38.733','59','',689,690,6),(352,'auto_2023-05-15_12:55:58.891','149','',691,692,7),(353,'coordenacao_gestao_pessoas_substituto','96','',694,703,2),(354,'copia_2023-05-13_18:02:28.742','item 1 da alínea (c) do item II do Art. 39 da Portaria 752','',695,696,4),(355,'copia_2023-05-15_12:55:14.425','27','',697,698,5),(356,'copia_2023-05-15_12:55:38.733','59','',699,700,6),(357,'copia_2023-05-15_12:55:58.891','166','',701,702,8),(358,'auto_2024-04-23_16:27:02.361','97','',705,712,2),(359,'auto_2024-04-23_16:29:33.838','103','',706,711,2),(360,'auto_2024-04-23_16:29:50.293421','servidor 1','',707,708,3),(361,'auto_2024-04-23_16:30:06.538','60','',709,710,17),(362,'diretoria_conhecimento_tecnologia','73','',714,961,2),(363,'diretoria_conhecimento_tecnologia_titular','95','',715,726,2),(364,'auto_2023-05-13_17:48:26.313','alínea (c) do item IV do Art. 3o do Regimento Interno (Portaria No. 725).','',716,717,4),(365,'auto_2023-05-15_13:11:05.783','2','',718,719,5),(366,'auto_2023-05-15_13:11:21.850','4','',720,721,6),(367,'auto_2023-05-15_13:11:36.911','167','',722,723,7),(368,'auto_2023-05-12_09:14:15.839','remidio.jpg','',724,725,9),(369,'diretoria_conhecimento_tecnologia_substituto','96','',727,736,2),(370,'copia_2023-05-13_17:48:26.313','alínea (c) do item IV do Art. 3o do Regimento Interno (Portaria No. 725).','',728,729,4),(371,'copia_2023-05-15_13:11:05.783','17','',730,731,5),(372,'copia_2023-05-15_13:11:21.850','4','',732,733,6),(373,'copia_2023-05-15_13:11:36.911','166','',734,735,8),(374,'gerencia_projetos_III','101','',737,750,2),(375,'gerencia_projetos_III_titular','95','',738,749,2),(376,'auto_2023-05-13_17:40:00.723','ANEXO II do Art. 39','',739,740,4),(377,'auto_2023-05-15_11:44:48.984','13','',741,742,5),(378,'auto_2023-05-15_11:45:12.581','89','',743,744,6),(379,'auto_2023-05-15_13:06:29.681','176','',745,746,7),(380,'auto_2024-04-15_16:05:06.577','ciomar.png','',747,748,9),(381,'assessoria_tecnica_DCT','102','',751,762,2),(382,'assessoria_tecnica_DCT_titular','95','',752,761,2),(383,'auto_2023-05-13_17:40:00.723_b','ANEXO II do Art. 39','',753,754,4),(384,'auto_2023-05-15_11:44:48.984_b','7','',755,756,5),(385,'auto_2023-05-15_11:45:12.581_b','26','',757,758,6),(386,'auto_2023-05-15_13:06:29.681_b','175','',759,760,7),(387,'coordenacao_inovacao_parcerias','20','',763,784,2),(388,'coordenacao_inovacao_parcerias_titular','95','',764,773,2),(389,'auto_2023-05-13_17:45:42.899','alínea (b) do item II do Art. 3o do Regimento Interno (Portaria No. 725).','',765,766,4),(390,'auto_2023-05-15_13:05:15.625','12','',767,768,5),(391,'auto_2023-05-15_13:05:34.961','59','',769,770,6),(392,'auto_2023-05-15_13:09:26.869','77','',771,772,7),(393,'coordenacao_inovacao_parcerias_substituto','96','',774,783,2),(394,'copia_2023-05-13_17:45:42.899','alínea (b) do item II do Art. 3o do Regimento Interno (Portaria No. 725).','',775,776,4),(395,'copia_2023-05-15_13:05:15.625','27','',777,778,5),(396,'copia_2023-05-15_13:05:34.961','59','',779,780,6),(397,'copia_2023-05-15_13:09:26.869','166','',781,782,8),(398,'coordenacao_difusao_conhecimento','15','',785,894,2),(399,'coordenacao_difusao_conhecimento_titular','95','',786,795,2),(400,'auto_2023-05-13_18:18:29.183','item 2 da alínea (c) do item IV do Art. 3o da Portaria 752','',787,788,4),(401,'auto_2023-06-17_09:58:11.440','12','',789,790,5),(402,'auto_2023-06-18_08:30:36.001','115','',791,792,6),(403,'auto_2023-06-18_08:31:06.612','88','',793,794,7),(404,'coordenacao_difusao_conhecimento_substituto','96','',796,805,2),(405,'copia_2023-05-13_18:18:29.183','item 2 da alínea (c) do item IV do Art. 3o da Portaria 752','',797,798,4),(406,'copia_2023-06-17_09:58:11.440','27','',799,800,5),(407,'copia_2023-06-18_08:30:36.001','115','',801,802,6),(408,'copia_2023-06-18_08:31:06.612','166','',803,804,8),(409,'setor_apoio_DCT','74','',806,827,2),(410,'setor_apoio_DCT_titular','95','',807,816,2),(411,'auto_2023-05-13_18:05:44.157','ANEXO II do Art. 39 da Portaria 752','',808,809,4),(412,'auto_2023-06-17_13:37:43.236','10','',810,811,5),(413,'auto_2023-06-17_15:40:46.016','115','',812,813,6),(414,'auto_2023-06-18_08:29:59.090','170','',814,815,7),(415,'setor_apoio_DCT_substituto','96','',817,826,2),(416,'copia_2023-05-13_18:05:44.157','ANEXO II do Art. 39 da Portaria 752','',818,819,4),(417,'copia_2023-06-17_13:37:43.236','25','',820,821,5),(418,'copia_2023-06-17_15:40:46.016','115','',822,823,6),(419,'copia_2023-06-18_08:29:59.090','166','',824,825,8),(420,'servico_biblioteca_doc','59','',828,849,2),(421,'servico_bibilioteca_doc_titular','95','',829,838,2),(422,'auto_2023-05-13_18:30:59.704','ANEXO II do Art. 39 da Portaria 752','',830,831,4),(423,'auto_2023-05-23_14:56:19.368','10','',832,833,5),(424,'auto_2023-05-23_14:56:49.232','64','',834,835,6),(425,'auto_2023-05-23_14:43:23.900','49','',836,837,7),(426,'servico_bibilioteca_doc_substituto','96','',839,848,2),(427,'copia_2023-05-13_18:30:59.704','ANEXO II do Art. 39 da Portaria 752','',840,841,4),(428,'copia_2023-05-23_14:56:19.368','25','',842,843,5),(429,'copia_2023-05-23_14:56:49.232','64','',844,845,6),(430,'copia_2023-05-23_14:43:23.900','166','',846,847,8),(431,'servico_de_cursos_e_eventos','54','',850,871,2),(432,'servico_de_cursos_e_eventos_gestor','95','',851,860,2),(433,'auto_2023-05-13_18:32:17.633','ANEXO II do Art. 39 da Portaria 752','',852,853,4),(434,'auto_2023-06-17_15:52:28.475','10','',854,855,5),(435,'auto_2023-06-17_15:52:40.755','115','',856,857,6),(436,'auto_2023-06-17_15:52:50.168','170','',858,859,7),(437,'servico_de_cursos_e_eventos_substituto','96','',861,870,2),(438,'copia_2023-05-13_18:32:17.633','ANEXO II do Art. 39 da Portaria 752','',862,863,4),(439,'copia_2023-06-17_15:52:28.475','25','',864,865,5),(440,'copia_2023-06-17_15:52:40.755','115','',866,867,6),(441,'copia_2023-06-17_15:52:50.168','166','',868,869,8),(442,'servico_pub_rbso','68','',872,893,2),(443,'servico_pub_rbso_gestor','95','',873,882,2),(444,'auto_2023-05-13_18:34:06.489','ANEXO II do Art. 39 da Portaria 752','',874,875,4),(445,'auto_2023-06-17_15:52:00.101','10','',876,877,5),(446,'auto_2023-06-17_15:52:09.286','115','',878,879,6),(447,'auto_2023-06-17_15:52:18.302','170','',880,881,7),(448,'servico_pub_rbso_substituto','96','',883,892,2),(449,'copia_2023-05-13_18:34:06.489','ANEXO II do Art. 39 da Portaria 752','',884,885,4),(450,'copia_2023-06-17_15:52:00.101','125','',886,887,5),(451,'copia_2023-06-17_15:52:09.286','115','',888,889,6),(452,'copia_2023-06-17_15:52:18.302','166','',890,891,8),(453,'coordenacao_TIC','24','',895,960,2),(454,'coordenacao_TIC_titular','95','',896,905,2),(455,'auto_2023-05-13_18:19:34.489','item 1 da alínea (c) do item IV do Art. 3o da Portaria 752','',897,898,4),(456,'auto_2023-06-15_09:54:14.683','12','',899,900,5),(457,'auto_2023-06-15_09:54:57.222','59','',901,902,6),(458,'auto_2023-06-15_09:55:27.880','37','',903,904,7),(459,'coordenacao_TIC_substituto','96','',906,915,2),(460,'copia_2023-05-13_18:19:34.489','item 1 da alínea (c) do item IV do Art. 3o da Portaria 752','',907,908,4),(461,'copia_2023-06-15_09:54:14.683','27','',909,910,5),(462,'copia_2023-06-15_09:54:57.222','59','',911,912,6),(463,'copia_2023-06-15_09:55:27.880','166','',913,914,8),(464,'servico_infra_operacoes','70','',916,937,2),(465,'servico_infra_operacoes_titular','95','',917,926,2),(466,'auto_2023-05-13_18:35:19.907','ANEXO II do Art. 39 da Portaria 752','',918,919,4),(467,'auto_2023-06-17_15:51:30.452','10','',920,921,5),(468,'auto_2023-06-17_15:51:38.965','115','',922,923,6),(469,'auto_2023-06-17_15:51:48.473','170','',924,925,7),(470,'servico_infra_operacoes_substituto','96','',927,936,2),(471,'copia_2023-05-13_18:35:19.907','ANEXO II do Art. 39 da Portaria 752','',928,929,4),(472,'copia_2023-06-17_15:51:30.452','25','',930,931,5),(473,'copia_2023-06-17_15:51:38.965','115','',932,933,6),(474,'copia_2023-06-17_15:51:48.473','166','',934,935,8),(475,'servico_desenv_negocios','69','',938,959,2),(476,'servico_desenv_negocios_titular','95','',939,948,2),(477,'auto_2023-05-13_18:35:48.844','ANEXO II do Art. 39 da Portaria 752','',940,941,4),(478,'auto_2023-06-17_15:51:03.827','10','',942,943,5),(479,'auto_2023-06-17_15:51:12.693','115','',944,945,6),(480,'auto_2023-06-17_15:51:21.742','170','',946,947,7),(481,'servico_desenv_negocios_substituto','96','',949,958,2),(482,'copia_2023-05-13_18:35:48.844','ANEXO II do Art. 39 da Portaria 752','',950,951,4),(483,'copia_2023-06-17_15:51:03.827','25','',952,953,5),(484,'copia_2023-06-17_15:51:12.693','115','',954,955,6),(485,'copia_2023-06-17_15:51:21.742','166','',956,957,8),(486,'diretoria_adm_financas','25','',962,1333,2),(487,'diretoria_adm_financas_titular','95','',963,972,2),(488,'auto_2023-05-13_17:49:02.778','alínea (a) do item IV do Art. 3o do Regimento Interno (Portaria No. 725).','',964,965,4),(489,'auto_2023-06-15_10:11:42.210','2','',966,967,5),(490,'auto_2023-06-15_10:16:12.700','54','',968,969,6),(491,'auto_2023-06-15_10:32:08.517','168','',970,971,7),(492,'diretoria_adm_financas_substituto','96','',973,982,2),(493,'copia_2023-05-13_17:49:02.778','alínea (a) do item IV do Art. 3o do Regimento Interno (Portaria No. 725).','',974,975,4),(494,'copia_2023-06-15_10:11:42.210','17','',976,977,5),(495,'copia_2023-06-15_10:16:12.700','54','',978,979,6),(496,'copia_2023-06-15_10:32:08.517','166','',980,981,8),(497,'assessor_DAF','26','',983,1004,2),(498,'assessor_DAF_titular','95','',984,993,2),(499,'auto_2023-05-13_18:21:53.245','ANEXO II do Art.39 da Portaria 752','',985,986,4),(500,'auto_2023-06-18_08:31:30.919','7','',987,988,5),(501,'auto_2023-06-18_08:31:44.065','26','',989,990,6),(502,'auto_2023-06-18_08:32:01.969','4','',991,992,7),(503,'assessor_DAF_substituto','96','',994,1003,2),(504,'copia_2023-05-13_18:21:53.245','ANEXO II do Art.39 da Portaria 752','',995,996,4),(505,'copia_2023-06-18_08:31:30.919','22','',997,998,5),(506,'copia_2023-06-18_08:31:44.065','26','',999,1000,6),(507,'copia_2023-06-18_08:32:01.969','166','',1001,1002,8),(508,'coordenacao_adm','90','',1005,1204,2),(509,'coordenador_adm_titular','95','',1006,1015,2),(510,'auto_2023-05-13_18:25:22.961','item 1 da alínea (a) do Item IV do Art. 3o da Portaria 752','',1007,1008,4),(511,'auto_2023-06-15_10:34:42.838','12','',1009,1010,5),(512,'auto_2023-06-15_10:35:16.096','59','',1011,1012,6),(513,'auto_2023-06-15_10:36:00.027','171','',1013,1014,7),(514,'coordenador_adm_substituto','96','',1016,1025,2),(515,'copia_2023-05-13_18:25:22.961','item 1 da alínea (a) do Item IV do Art. 3o da Portaria 752','',1017,1018,4),(516,'copia_2023-06-15_10:34:42.838','27','',1019,1020,5),(517,'copia_2023-06-15_10:35:16.096','59','',1021,1022,6),(518,'copia_2023-06-15_10:36:00.027','166','',1023,1024,8),(519,'servico_gestao_contratos','63','',1026,1069,2),(520,'servico_gestao_contratos_gestor','95','',1027,1036,2),(521,'auto_2023-05-13_18:24:05.219','ANEXO II do Art.39 da Portaria 752','',1028,1029,4),(522,'auto_2023-06-18_08:33:41.627','10','',1030,1031,5),(523,'auto_2023-06-18_08:33:54.005','64','',1032,1033,6),(524,'auto_2023-06-18_08:34:15.642','55','',1034,1035,7),(525,'servico_gestao_contratos_substituto','96','',1037,1046,2),(526,'copia_2023-05-13_18:24:05.219','ANEXO II do Art.39 da Portaria 752','',1038,1039,4),(527,'copia_2023-06-18_08:33:41.627','25','',1040,1041,5),(528,'copia_2023-06-18_08:33:54.005','64','',1042,1043,6),(529,'copia_2023-06-18_08:34:15.642','166','',1044,1045,8),(530,'setor_apoio_DAF_I','27','',1047,1068,2),(531,'setor_apoio_DAF_I_gestor','95','',1048,1057,2),(532,'auto_2023-05-13_18:22:40.165','ANEXO II do Art.39 da Portaria 752','',1049,1050,4),(533,'auto_2023-06-18_08:32:19.221','10','',1051,1052,5),(534,'auto_2023-06-18_08:32:31.199','66','',1053,1054,6),(535,'auto_2023-06-18_08:32:43.443','140','',1055,1056,7),(536,'setor_apoio_DAF_I_substituto','96','',1058,1067,2),(537,'copia_2023-05-13_18:22:40.165','ANEXO II do Art.39 da Portaria 752','',1059,1060,4),(538,'copia_2023-06-18_08:32:19.221','25','',1061,1062,5),(539,'copia_2023-06-18_08:32:31.199','66','',1063,1064,6),(540,'copia_2023-06-18_08:32:43.443','166','',1065,1066,8),(541,'servico_compras','58','',1070,1101,2),(542,'servico_compras_gestor','95','',1071,1080,2),(543,'auto_2023-05-13_18:24:05.219_copia','ANEXO II do Art.39 da Portaria 752','',1072,1073,4),(544,'auto_2023-06-18_08:33:41.627_copia','10','',1074,1075,5),(545,'auto_2023-06-18_08:33:54.005_copia','115','',1076,1077,6),(546,'auto_2023-06-18_08:34:15.642_copia','85','',1078,1079,7),(547,'servico_compras_substituto','96','',1081,1090,2),(548,'copia_2023-05-13_18:24:05.219_copia','ANEXO II do Art.39 da Portaria 752','',1082,1083,4),(549,'copia_2023-06-18_08:33:41.627_copia','25','',1084,1085,5),(550,'copia_2023-06-18_08:33:54.005_copia','115','',1086,1087,6),(551,'copia_2023-06-18_08:34:15.642_copia','166','',1088,1089,8),(552,'auto_2024-04-25_00:36:18.528','97','',1091,1100,2),(553,'auto_2024-04-25_00:36:38.603707','servidores','',1092,1093,3),(554,'auto_2024-04-25_00:36:51.435','103','',1094,1099,2),(555,'auto_2024-04-25_00:37:10.941414','servidor 1','',1095,1096,3),(556,'auto_2024-04-25_00:37:28.971','100','',1097,1098,17),(557,'servico_logistica','66','',1102,1165,2),(558,'servico_logistica_gestor','95','',1103,1112,2),(559,'auto_2023-05-13_18:24:05.219_copia_2','ANEXO II do Art.39 da Portaria 752','',1104,1105,4),(560,'auto_2023-06-18_08:33:41.627_copia_2','10','',1106,1107,5),(561,'auto_2023-06-18_08:33:54.005_copia_2','115','',1108,1109,6),(562,'auto_2023-06-18_08:34:15.642_copia_2','99','',1110,1111,7),(563,'servico_logistica_substituto','96','',1113,1122,2),(564,'copia_2023-05-13_18:24:05.219_copia_2','ANEXO II do Art.39 da Portaria 752','',1114,1115,4),(565,'copia_2023-06-18_08:33:41.627_copia_2','25','',1116,1117,5),(566,'copia_2023-06-18_08:33:54.005_copia_2','115','',1118,1119,6),(567,'copia_2023-06-18_08:34:15.642_copia_2','166','',1120,1121,8),(568,'setor_apoio_DAF_II','28','',1123,1144,2),(569,'setor_apoio_DAF_II_gestor','95','',1124,1133,2),(570,'auto_2023-05-13_18:22:40.165copia','ANEXO II do Art.39 da Portaria 752','',1125,1126,4),(571,'auto_2023-06-18_08:32:19.221copia','10','',1127,1128,5),(572,'auto_2023-06-18_08:32:31.199copia','115','',1129,1130,6),(573,'auto_2023-06-18_08:32:43.443copia','34','',1131,1132,7),(574,'setor_apoio_DAF_II_substituto','96','',1134,1143,2),(575,'copia_2023-05-13_18:22:40.165copia','ANEXO II do Art.39 da Portaria 752','',1135,1136,4),(576,'copia_2023-06-18_08:32:19.221copia','25','',1137,1138,5),(577,'copia_2023-06-18_08:32:31.199copia','115','',1139,1140,6),(578,'copia_2023-06-18_08:32:43.443copia','166','',1141,1142,8),(579,'auto_2024-04-25_00:09:58.516','97','',1145,1164,2),(580,'auto_2024-04-25_00:10:40.437','103','',1146,1151,2),(581,'auto_2024-04-25_00:11:04.474523','servidor 1','',1147,1148,3),(582,'auto_2024-04-25_00:24:07.076','35','',1149,1150,17),(583,'auto_2024-04-25_00:24:30.858','103','',1152,1157,2),(584,'auto_2024-04-25_00:24:54.379744','servidor 2','',1153,1154,3),(585,'auto_2024-04-25_00:26:56.771','74','',1155,1156,17),(586,'auto_2024-04-25_00:27:42.702','103','',1158,1163,2),(587,'auto_2024-04-25_00:28:16.415715','servidor 3','',1159,1160,3),(588,'auto_2024-04-25_00:32:26.215','54','',1161,1162,17),(589,'servico_materiais_patrimonio','67','',1166,1203,2),(590,'servico_materiais_patrimonio_gestor','95','',1167,1176,2),(591,'auto_2023-05-13_18:24:05.219_copia_3','ANEXO II do Art.39 da Portaria 752','',1168,1169,4),(592,'auto_2023-06-18_08:33:41.627_copia_3','10','',1170,1171,5),(593,'auto_2023-06-18_08:33:54.005_copia_3','115','',1172,1173,6),(594,'auto_2023-06-18_08:34:15.642_copia_3','134','',1174,1175,7),(595,'servico_materiais_patrimonio_substituto','96','',1177,1186,2),(596,'copia_2023-05-13_18:24:05.219_copia_3','ANEXO II do Art.39 da Portaria 752','',1178,1179,4),(597,'copia_2023-06-18_08:33:41.627_copia_3','25','',1180,1181,5),(598,'copia_2023-06-18_08:33:54.005_copia_3','115','',1182,1183,6),(599,'copia_2023-06-18_08:34:15.642_copia_3','166','',1184,1185,8),(600,'auto_2024-04-25_00:37:55.972','97','',1187,1202,2),(601,'auto_2024-04-25_00:38:40.067778','servidores','',1188,1189,3),(602,'auto_2024-04-25_00:38:54.108','103','',1190,1195,2),(603,'auto_2024-04-25_00:39:10.567674','servidor 1','',1191,1192,3),(604,'auto_2024-04-25_00:39:37.434','3','',1193,1194,17),(605,'auto_2024-04-25_00:40:13.734','103','',1196,1201,2),(606,'auto_2024-04-25_00:40:42.067145','servidor 2','',1197,1198,3),(607,'auto_2024-04-25_00:41:11.875','136','',1199,1200,17),(608,'coordenacao_orc_fin','21','',1205,1324,2),(609,'coordenacao_orc_fin_gestor','95','',1206,1215,2),(610,'auto_2023-05-13_18:26:13.556','item 2 da alínea (a) do item IV do Art. 3o da Portaria 752','',1207,1208,4),(611,'auto_2023-06-15_10:36:24.513','12','',1209,1210,5),(612,'auto_2023-06-15_10:38:03.926','59','',1211,1212,6),(613,'auto_2023-06-15_10:38:43.428','17','',1213,1214,7),(614,'coordenacao_orc_fin_substituto','96','',1216,1225,2),(615,'copia_2023-05-13_18:26:13.556','item 2 da alínea (a) do item IV do Art. 3o da Portaria 752','',1217,1218,4),(616,'copia_2023-06-15_10:36:24.513','27','',1219,1220,5),(617,'copia_2023-06-15_10:38:03.926','59','',1221,1222,6),(618,'copia_2023-06-15_10:38:43.428','166','',1223,1224,8),(619,'servico_exec_orc_fin','62','',1226,1285,2),(620,'servico_exec_orc_fin_gestor','95','',1227,1236,2),(621,'auto_2023-05-13_18:36:42.319','ANEXO II do Art. 39 da Portaria 752','',1228,1229,4),(622,'auto_2023-06-17_15:50:10.613','10','',1230,1231,5),(623,'auto_2023-06-17_15:50:22.684','115','',1232,1233,6),(624,'auto_2023-06-17_15:50:53.694','170','',1234,1235,7),(625,'servico_exec_orc_fin_substituto','96','',1237,1246,2),(626,'copia_2023-05-13_18:36:42.319','ANEXO II do Art. 39 da Portaria 752','',1238,1239,4),(627,'copia_2023-06-17_15:50:10.613','25','',1240,1241,5),(628,'copia_2023-06-17_15:50:22.684','115','',1242,1243,6),(629,'copia_2023-06-17_15:50:53.694','166','',1244,1245,8),(630,'setor_apoio_DAF_III','29','',1247,1268,2),(631,'setor_apoio_DAF_III_gestor','95','',1248,1257,2),(632,'auto_2023-05-13_18:22:49.489','ANEXO II do Art.39 da Portaria 752','',1249,1250,4),(633,'auto_2023-06-18_08:33:00.449','10','',1251,1252,5),(634,'auto_2023-06-18_08:33:09.485','115','',1253,1254,6),(635,'auto_2023-06-18_08:33:19.999','170','',1255,1256,7),(636,'setor_apoio_DAF_III_substituto','96','',1258,1267,2),(637,'copia_2023-05-13_18:22:49.489','ANEXO II do Art.39 da Portaria 752','',1259,1260,4),(638,'copia_2023-06-18_08:33:00.449','25','',1261,1262,5),(639,'copia_2023-06-18_08:33:09.485','115','',1263,1264,6),(640,'copia_2023-06-18_08:33:19.999','166','',1265,1266,8),(641,'auto_2024-04-25_00:45:04.249','97','',1269,1284,2),(642,'auto_2024-04-25_00:45:33.830093','servidores','',1270,1271,3),(643,'auto_2024-04-25_00:45:46.835','103','',1272,1277,2),(644,'auto_2024-04-25_00:46:06.590400','servidor 1','',1273,1274,3),(645,'auto_2024-04-25_00:46:26.761','4','',1275,1276,17),(646,'auto_2024-04-25_00:47:00.836','103','',1278,1283,2),(647,'auto_2024-04-25_00:47:20.204119','servidor 2','',1279,1280,3),(648,'auto_2024-04-25_00:47:58.872','73','',1281,1282,17),(649,'servico_contabilidade','57','',1286,1323,2),(650,'servico_contabilidade_gestor','95','',1287,1296,2),(651,'auto_2023-05-13_18:37:23.953','ANEXO II do Art. 39 da Portaria 752','',1288,1289,4),(652,'auto_2023-06-17_15:49:29.073','10','',1290,1291,5),(653,'auto_2023-06-17_15:49:43.258','115','',1292,1293,6),(654,'auto_2023-06-17_15:49:56.414','29','',1294,1295,7),(655,'servico_contabilidade_substituto','96','',1297,1306,2),(656,'copia_2023-05-13_18:37:23.953','ANEXO II do Art. 39 da Portaria 752','',1298,1299,4),(657,'copia_2023-06-17_15:49:29.073','25','',1300,1301,5),(658,'copia_2023-06-17_15:49:43.258','115','',1302,1303,6),(659,'copia_2023-06-17_15:49:56.414','166','',1304,1305,7),(660,'auto_2024-04-25_00:48:40.827','97','',1307,1322,2),(661,'auto_2024-04-25_00:49:00.504612','servidores','',1308,1309,3),(662,'auto_2024-04-25_00:50:27.228','103','',1310,1315,2),(663,'auto_2024-04-25_00:50:47.266487','servidor 1','',1311,1312,3),(664,'auto_2024-04-25_00:51:17.263','81','',1313,1314,17),(665,'auto_2024-04-25_00:51:45.334','103','',1316,1321,2),(666,'auto_2024-04-25_00:52:05.043097','servidor 2','',1317,1318,3),(667,'auto_2024-04-25_00:52:38.503','138','',1319,1320,17),(668,'auto_2024-04-24_23:48:51.554','97','',1325,1332,2),(669,'auto_2024-04-24_23:50:19.181','103','',1326,1331,2),(670,'auto_2024-04-24_23:51:51.239294','servidora 1','',1327,1328,3),(671,'auto_2024-04-24_23:52:33.116','53','',1329,1330,17),(672,'diretoria_pesquisa_aplicada','30','',1334,1681,2),(673,'diretoria_pesquisa_aplicada_titular','95','',1335,1346,2),(674,'auto_2023-05-13_17:49:17.714','alínea (b) do item IV do Art. 3o do Regimento Interno (Portaria No. 725).','',1336,1337,4),(675,'auto_2023-06-17_15:41:28.825','2','',1338,1339,5),(676,'auto_2023-06-17_15:41:42.408','4','',1340,1341,6),(677,'auto_2023-06-17_15:42:55.752','169','',1342,1343,7),(678,'auto_2023-05-12_09:07:59.518','Rogerio.jpeg','',1344,1345,9),(679,'diretoria_pesquisa_aplicada_substituto','96','',1347,1356,2),(680,'copia_2023-05-13_17:49:17.714','alínea (b) do item IV do Art. 3o do Regimento Interno (Portaria No. 725).','',1348,1349,4),(681,'copia_2023-06-17_15:41:28.825','17','',1350,1351,5),(682,'copia_2023-06-17_15:41:42.408','4','',1352,1353,6),(683,'copia_2023-06-17_15:42:55.752','166','',1354,1355,8),(684,'assessoria_DPA','31','',1357,1368,2),(685,'assessoria_DPA_gestor','95','',1358,1367,2),(686,'auto_2024-04-22_23:16:00.469','Verificar','',1359,1360,4),(687,'auto_2024-04-22_23:16:28.769','7','',1361,1362,5),(688,'auto_2024-04-22_23:17:16.433','26','',1363,1364,6),(689,'auto_2024-04-22_23:18:55.475','178','',1365,1366,7),(690,'coordenacao_projetos_I','34','',1369,1390,2),(691,'coordenacao_projetos_I_titular','95','',1370,1379,2),(692,'auto_2024-04-22_23:38:41.986','verificar','',1371,1372,4),(693,'auto_2024-04-22_23:40:10.590','14','',1373,1374,5),(694,'auto_2024-04-22_23:40:41.956','92','',1375,1376,6),(695,'auto_2024-04-22_23:41:19.213','162','',1377,1378,7),(696,'coordenacao_projetos_I_substituto','96','',1380,1389,2),(697,'copia_2024-04-22_23:38:41.986','verificar','',1381,1382,4),(698,'copia_2024-04-22_23:40:10.590','27','',1383,1384,5),(699,'copia_2024-04-22_23:40:41.956','92','',1385,1386,6),(700,'copia_2024-04-22_23:41:19.213','166','',1387,1388,8),(701,'auto_2024-04-22_23:42:39.779','32','',1391,1402,2),(702,'auto_2024-04-22_23:49:49.870','95','',1392,1401,2),(703,'auto_2024-04-22_23:43:35.937','verificar','',1393,1394,4),(704,'auto_2024-04-22_23:44:16.274','13','',1395,1396,5),(705,'auto_2024-04-22_23:44:42.034','39','',1397,1398,6),(706,'auto_2024-04-22_23:45:45.628','179','',1399,1400,7),(707,'auto_2024-04-22_23:54:51.830','33','',1403,1414,2),(708,'auto_2024-04-22_23:59:05.038','95','',1404,1413,2),(709,'auto_2024-04-22_23:55:28.394','verificar','',1405,1406,4),(710,'auto_2024-04-22_23:56:13.034','13','',1407,1408,5),(711,'auto_2024-04-22_23:56:41.875','89','',1409,1410,6),(712,'auto_2024-04-22_23:57:10.611','180','',1411,1412,7),(713,'coordenacao_apoio_pesquisa','14','',1415,1502,2),(714,'coordenacao_apoio_pesquisa_gestor','95','',1416,1425,2),(715,'auto_2023-05-13_18:28:46.711','item 2 da alínea (b) do Item IV do Art. 3o da Portaria 752','',1417,1418,4),(716,'auto_2023-06-17_15:44:08.554','10','',1419,1420,5),(717,'auto_2023-06-17_15:44:20.735','115','',1421,1422,6),(718,'auto_2023-06-17_15:44:34.174','170','',1423,1424,7),(719,'coordenacao_apoio_pesquisa_substituto','96','',1426,1435,2),(720,'copia_2023-05-13_18:28:46.711','item 2 da alínea (b) do Item IV do Art. 3o da Portaria 752','',1427,1428,4),(721,'copia_2023-06-17_15:44:08.554','25','',1429,1430,5),(722,'copia_2023-06-17_15:44:20.735','115','',1431,1432,6),(723,'copia_2023-06-17_15:44:34.174','166','',1433,1434,8),(724,'servico_lab_apoio_pesquisa','64','',1436,1457,2),(725,'servico_lab_apoio_pesquisa_gestor','95','',1437,1446,2),(726,'auto_2023-05-13_18:41:48.646','ANEXO II do Art. 39 da Portaria 752','',1438,1439,4),(727,'auto_2023-06-17_15:48:53.275','10','',1440,1441,5),(728,'auto_2023-06-17_15:49:05.168','115','',1442,1443,6),(729,'auto_2023-06-17_15:49:14.173','170','',1444,1445,7),(730,'servico_lab_apoio_pesquisa_substituto','96','',1447,1456,2),(731,'copia_2023-05-13_18:41:48.646','ANEXO II do Art. 39 da Portaria 752','',1448,1449,4),(732,'copia_2023-06-17_15:48:53.275','25','',1450,1451,5),(733,'copia_2023-06-17_15:49:05.168','115','',1452,1453,6),(734,'copia_2023-06-17_15:49:14.173','166','',1454,1455,8),(735,'servico_epi','65','',1458,1479,2),(736,'servico_epi_gestor','95','',1459,1468,2),(737,'auto_2023-05-13_18:42:07.624','ANEXO II do Art. 39 da Portaria 752','',1460,1461,4),(738,'auto_2023-06-17_15:48:22.240','10','',1462,1463,5),(739,'auto_2023-06-17_15:48:33.738','115','',1464,1465,6),(740,'auto_2023-06-17_15:48:41.109','170','',1466,1467,7),(741,'servico_epi_substituto','96','',1469,1478,2),(742,'copia_2023-05-13_18:42:07.624','ANEXO II do Art. 39 da Portaria 752','',1470,1471,4),(743,'copia_2023-06-17_15:48:22.240','25','',1472,1473,5),(744,'copia_2023-06-17_15:48:33.738','115','',1474,1475,6),(745,'copia_2023-06-17_15:48:41.109','166','',1476,1477,8),(746,'servico_epidemiologia_pesquisa','61','',1480,1501,2),(747,'servico_epidemiologia_pesquisa_gestor','95','',1481,1490,2),(748,'auto_2023-05-13_18:42:32.390','ANEXO II do Art. 39 da Portaria 752','',1482,1483,4),(749,'auto_2023-06-17_15:47:53.315','10','',1484,1485,5),(750,'auto_2023-06-17_15:48:04.337','115','',1486,1487,6),(751,'auto_2023-06-17_15:48:13.392','170','',1488,1489,7),(752,'servico_epidemiologia_pesquisa_substituto','96','',1491,1500,2),(753,'copia_2023-05-13_18:42:32.390','ANEXO II do Art. 39 da Portaria 752','',1492,1493,4),(754,'copia_2023-06-17_15:47:53.315','25','',1494,1495,5),(755,'copia_2023-06-17_15:48:04.337','115','',1496,1497,6),(756,'copia_2023-06-17_15:48:13.392','166','',1498,1499,8),(757,'coordenacao_geral_projetos','92','',1503,1680,2),(758,'coordenacao_geral_projetos_gestor','95','',1504,1513,2),(759,'auto_2023-05-13_18:27:42.656','item 1 da alínea (b) do Item IV do Art. 3o da Portaria 752','',1505,1506,4),(760,'auto_2023-06-17_15:44:45.626','10','',1507,1508,5),(761,'auto_2023-06-17_15:44:54.679','115','',1509,1510,6),(762,'auto_2023-06-17_15:45:04.637','170','',1511,1512,7),(763,'coordenacao_geral_projetos_substituto','96','',1514,1523,2),(764,'copia_2023-05-13_18:27:42.656','item 1 da alínea (b) do Item IV do Art. 3o da Portaria 752','',1515,1516,4),(765,'copia_2023-06-17_15:44:45.626','25','',1517,1518,5),(766,'copia_2023-06-17_15:44:54.679','115','',1519,1520,6),(767,'copia_2023-06-17_15:45:04.637','166','',1521,1522,8),(768,'coordenacao_projetos_II','35','',1524,1545,2),(769,'coordenacao_projetos_II_titular','95','',1525,1534,2),(770,'auto_2024-04-23_00:13:31.965','Verificar','',1526,1527,4),(771,'auto_2024-04-23_00:13:50.611','14','',1528,1529,5),(772,'auto_2024-04-23_00:14:15.781','92','',1530,1531,6),(773,'auto_2024-04-23_00:14:42.156','26','',1532,1533,7),(774,'coordenacao_projetos_II_substituto','96','',1535,1544,2),(775,'copia_2024-04-23_00:13:31.965','Verificar','',1536,1537,4),(776,'copia_2024-04-23_00:13:50.611','27','',1538,1539,5),(777,'copia_2024-04-23_00:14:15.781','92','',1540,1541,6),(778,'copia_2024-04-23_00:14:42.156','166','',1542,1543,8),(779,'coordenacao_projetos_III','36','',1546,1567,2),(780,'coordenacao_projetos_III_titular','95','',1547,1556,2),(781,'auto_2024-04-23_00:17:08.361','Verificar','',1548,1549,4),(782,'auto_2024-04-23_00:17:19.863','14','',1550,1551,5),(783,'auto_2024-04-23_00:18:32.888','92','',1552,1553,6),(784,'auto_2024-04-23_00:18:59.865','31','',1554,1555,7),(785,'coordenacao_projetos_III_substituto','96','',1557,1566,2),(786,'copia_2024-04-23_00:17:08.361','Verificar','',1558,1559,4),(787,'copia_2024-04-23_00:17:19.863','27','',1560,1561,5),(788,'copia_2024-04-23_00:18:32.888','92','',1562,1563,6),(789,'copia_2024-04-23_00:18:59.865','166','',1564,1565,8),(790,'coordenacao_projetos_IV','37','',1568,1589,2),(791,'coordenacao_projetos_IV_titular','95','',1569,1578,2),(792,'auto_2024-04-23_00:21:11.756','Verificar','',1570,1571,4),(793,'auto_2024-04-23_00:21:39.331','14','',1572,1573,5),(794,'auto_2024-04-23_00:22:00.725','92','',1574,1575,6),(795,'auto_2024-04-23_00:22:23.759','44','',1576,1577,7),(796,'coordenacao_projetos_IV_substituto','96','',1579,1588,2),(797,'copia_2024-04-23_00:21:11.756','Verificar','',1580,1581,4),(798,'copia_2024-04-23_00:21:39.331','27','',1582,1583,5),(799,'copia_2024-04-23_00:22:00.725','92','',1584,1585,6),(800,'copia_2024-04-23_00:22:23.759','166','',1586,1587,8),(801,'coordenador_projeto_V','38','',1590,1611,2),(802,'coordenador_projeto_V_gestor','95','',1591,1600,2),(803,'auto_2024-04-23_00:24:46.545','Verificar','',1592,1593,4),(804,'auto_2024-04-23_00:24:56.598','14','',1594,1595,5),(805,'auto_2024-04-23_00:25:19.506','89','',1596,1597,6),(806,'auto_2024-04-23_00:26:52.047','82','',1598,1599,7),(807,'coordenador_projeto_V_substituto','96','',1601,1610,2),(808,'copia_2024-04-23_00:24:46.545','Verificar','',1602,1603,4),(809,'copia_2024-04-23_00:24:56.598','27','',1604,1605,5),(810,'copia_2024-04-23_00:25:19.506','89','',1606,1607,6),(811,'copia_2024-04-23_00:26:52.047','166','',1608,1609,8),(812,'coordenador_projeto_VI','39','',1612,1633,2),(813,'coordenador_projeto_VI_titular','95','',1613,1622,2),(814,'auto_2024-04-23_00:36:18.926','Verificar','',1614,1615,4),(815,'auto_2024-04-23_00:36:37.101','14','',1616,1617,5),(816,'auto_2024-04-23_00:36:59.143','89','',1618,1619,6),(817,'auto_2024-04-23_00:37:19.884','132','',1620,1621,7),(818,'coordenador_projeto_VI_substituto','96','',1623,1632,2),(819,'copia_2024-04-23_00:36:18.926','Verificar','',1624,1625,4),(820,'copia_2024-04-23_00:36:37.101','27','',1626,1627,5),(821,'copia_2024-04-23_00:36:59.143','89','',1628,1629,6),(822,'copia_2024-04-23_00:37:19.884','166','',1630,1631,8),(823,'setor_apoio_DPA','91','',1634,1657,2),(824,'setor_apoio_DPA_gestor','95','',1635,1646,2),(825,'auto_2023-05-13_18:38:54.191346','Setor de Apoio à Diretoria de Pesquisa Aplicada','',1636,1637,3),(826,'auto_2023-05-13_18:40:35.275','ANEXO II do Art. 39 da Portaria 752','',1638,1639,4),(827,'auto_2023-06-17_15:43:18.161','10','',1640,1641,5),(828,'auto_2023-06-17_15:43:29.663','115','',1642,1643,6),(829,'auto_2023-06-17_15:43:52.083','170','',1644,1645,7),(830,'setor_apoio_DPA_substituto','96','',1647,1656,2),(831,'copia_2023-05-13_18:40:35.275','ANEXO II do Art. 39 da Portaria 752','',1648,1649,4),(832,'copia_2023-06-17_15:43:18.161','25','',1650,1651,5),(833,'copia_2023-06-17_15:43:29.663','115','',1652,1653,6),(834,'copia_2023-06-17_15:43:52.083','166','',1654,1655,8),(835,'servico_apoio_tecnico_pesquisa','53','',1658,1679,2),(836,'servico_apoio_tecnico_pesquisa_gestor','95','',1659,1668,2),(837,'auto_2023-05-13_18:43:19.255','ANEXO II do Art. 39 da Portaria 752','',1660,1661,4),(838,'auto_2023-06-17_15:47:19.537','10','',1662,1663,5),(839,'auto_2023-06-17_15:47:29.139','115','',1664,1665,6),(840,'auto_2023-06-17_15:47:37.470','170','',1666,1667,7),(841,'servico_apoio_tecnico_pesquisa_substituto','96','',1669,1678,2),(842,'copia_2023-05-13_18:43:19.255','ANEXO II do Art. 39 da Portaria 752','',1670,1671,4),(843,'copia_2023-06-17_15:47:19.537','25','',1672,1673,5),(844,'copia_2023-06-17_15:47:29.139','115','',1674,1675,6),(845,'copia_2023-06-17_15:47:37.470','166','',1676,1677,8),(846,'auto_2023-05-15_10:29:44.307','75','',1682,1843,2),(847,'auto_2023-05-15_10:30:03.048386','Unidades Descentralizadas','',1683,1684,3),(848,'auto_2023-05-15_10:30:44.992','item V do Art. 3o da Portaria 752','',1685,1686,4),(849,'auto_2023-05-15_10:31:31.398','76','',1687,1812,2),(850,'auto_2023-05-15_10:32:19.596633','Escritórios Avançados','',1688,1689,3),(851,'auto_2023-05-15_10:41:53.213','alínea (a) do item V do Art. 3o da Portaria 752','',1690,1691,4),(852,'pernambuco','78','',1692,1703,2),(853,'auto_2023-05-15_10:43:24.897273','Escritório Avançado do Estado de Pernambuco','',1693,1694,3),(854,'auto_2023-05-15_11:00:13.418','item 1 da alínea (a) do item V do Art. 3o da Portaria 752','',1695,1696,4),(855,'auto_2023-06-17_15:46:42.323','15','',1697,1698,5),(856,'auto_2023-06-17_15:46:55.663','115','',1699,1700,6),(857,'auto_2023-06-17_15:47:05.617','170','',1701,1702,7),(858,'distrito_federal','79','',1704,1715,2),(859,'auto_2023-05-15_10:48:09.064543','Escritório Avançado do Distrito Federal','',1705,1706,3),(860,'auto_2023-05-15_11:00:30.383','item 2 da alínea (a) do item V do Art. 3o da Portaria 752','',1707,1708,4),(861,'auto_2023-06-17_15:53:42.339','15','',1709,1710,5),(862,'auto_2023-06-17_15:53:54.986','115','',1711,1712,6),(863,'auto_2023-06-17_15:54:55.166','170','',1713,1714,7),(864,'minas_gerais','80','',1716,1727,2),(865,'auto_2023-05-15_10:48:35.681659','Escritório Avançado do Estado de Minas Gerais','',1717,1718,3),(866,'auto_2023-05-15_11:00:42.281','item 3 da alínea (a) do item V do Art. 3o da Portaria 752','',1719,1720,4),(867,'auto_2023-06-17_15:54:17.348_copia_375','15','',1721,1722,5),(868,'auto_2023-06-17_15:54:30.524_copia_376','115','',1723,1724,6),(869,'auto_2023-06-17_15:54:42.530_copia_377','170','',1725,1726,7),(870,'rio_de_janeiro','81','',1728,1739,2),(871,'auto_2023-05-15_10:49:07.894598','Escritório Avançado do Estado do Rio de Janeiro','',1729,1730,3),(872,'auto_2023-05-15_11:00:53.770','item 4 da alínea (a) do item V do Art. 3o da Portaria 752','',1731,1732,4),(873,'copia_auto_2023-06-17_15:54:17.348_copia_381','15','',1733,1734,5),(874,'copia_auto_2023-06-17_15:54:30.524_copia_382','115','',1735,1736,6),(875,'copia_auto_2023-06-17_15:54:42.530_copia_383','170','',1737,1738,7),(876,'santa_catarina','82','',1740,1751,2),(877,'auto_2023-05-15_10:49:28.177013','Escritório Avançado do Estado de Santa Catarina','',1741,1742,3),(878,'auto_2023-05-15_11:01:04.785','item 5 da alínea (a) do item V do Art. 3o da Portaria 752','',1743,1744,4),(879,'auto_2023-06-17_15:54:17.348_copia_388','15','',1745,1746,5),(880,'auto_2023-06-17_15:54:30.524_copia_389','115','',1747,1748,6),(881,'auto_2023-06-17_15:54:42.530_copia_390','170','',1749,1750,7),(882,'estado_para','83','',1752,1763,2),(883,'auto_2023-05-15_10:53:53.439208','Escritório Avançado do Estado do Pará','',1753,1754,3),(884,'auto_2023-05-15_11:01:13.399','item 6 da alínea (a) do item V do Art. 3o da Portaria 752','',1755,1756,4),(885,'auto_2023-06-17_15:54:17.348_copia_395','15','',1757,1758,5),(886,'auto_2023-06-17_15:54:30.524_copia_396','115','',1759,1760,6),(887,'auto_2023-06-17_15:54:42.530_copia_397','170','',1761,1762,7),(888,'bahia','84','',1764,1775,2),(889,'auto_2023-05-15_10:54:27.155744','Escritório Avançado do Estado da Bahia','',1765,1766,3),(890,'auto_2023-05-15_11:01:31.456','item 7 da alínea (a) do item V do Art. 3o da Portaria 752','',1767,1768,4),(891,'auto_2023-06-17_15:54:17.348_copia_404','15','',1769,1770,5),(892,'auto_2023-06-17_15:54:30.524_copia_405','115','',1771,1772,6),(893,'auto_2023-06-17_15:54:42.530_copia_406','170','',1773,1774,7),(894,'espirito_santo','85','',1776,1787,2),(895,'auto_2023-05-15_10:54:50.708115','Escritório Avançado do Estado do Espírito Santo','',1777,1778,3),(896,'auto_2023-05-15_11:01:39.759','item 8 da alínea (a) do item V do Art. 3o da Portaria 752','',1779,1780,4),(897,'auto_2023-06-17_15:54:17.348_copia_415','15','',1781,1782,5),(898,'auto_2023-06-17_15:54:30.524_copia_416','115','',1783,1784,6),(899,'auto_2023-06-17_15:54:42.530_copia_417','170','',1785,1786,7),(900,'parana','86','',1788,1799,2),(901,'auto_2023-05-15_10:55:09.791248','Escritório Avançado do Estado do Paraná','',1789,1790,3),(902,'auto_2023-05-15_11:02:17.191','item 9 da alínea (a) do item V do Art. 3o da Portaria 752','',1791,1792,4),(903,'auto_2023-06-17_15:54:17.348_copia_424','15','',1793,1794,5),(904,'auto_2023-06-17_15:54:30.524_copia_425','115','',1795,1796,6),(905,'auto_2023-06-17_15:54:42.530_copia_426','170','',1797,1798,7),(906,'rio_grande_do_sul','87','',1800,1811,2),(907,'auto_2023-05-15_10:55:29.401375','Escritório Avançado do Estado do Rio Grande do Sul','',1801,1802,3),(908,'auto_2023-05-15_11:02:29.037','item 10 da alínea (a) do item V do Art. 3o da Portaria 752','',1803,1804,4),(909,'auto_2023-06-17_15:54:17.348_copia_433','15','',1805,1806,5),(910,'auto_2023-06-17_15:54:30.524_copia_434','115','',1807,1808,6),(911,'auto_2023-06-17_15:54:42.530_copia_435','170','',1809,1810,7),(912,'auto_2023-05-15_10:32:02.531','77','',1813,1842,2),(913,'auto_2023-05-15_10:41:05.322367','Unidades Descentralizadas em extinção','',1814,1815,3),(914,'auto_2023-05-15_10:42:35.829','alínea (b) do item V do Art. 3o da Portaria 752','',1816,1817,4),(915,'campinas','88','',1818,1829,2),(916,'auto_2023-05-15_10:55:45.212612','Unidade Descentralizada em Extinção de Campinas','',1819,1820,3),(917,'auto_2023-05-15_11:02:50.548','item 1 da alínea (b) do item V do Art. 3o da Portaria 752','',1821,1822,4),(918,'auto_2023-06-17_15:54:17.348_copia_446','15','',1823,1824,5),(919,'auto_2023-06-17_15:54:30.524_copia_447','115','',1825,1826,6),(920,'auto_2023-06-17_15:54:42.530_copia_448','170','',1827,1828,7),(921,'baixada_santista','89','',1830,1841,2),(922,'auto_2023-05-15_10:55:59.764824','Unidade Descentralizada em Extinção da Baixada Santista','',1831,1832,3),(923,'auto_2023-05-15_11:03:01.956','item 2 da alínea (b) do item V do Art. 3o da Portaria 752','',1833,1834,4),(924,'auto_2023-06-17_15:54:17.348_copia_455','15','',1835,1836,5),(925,'auto_2023-06-17_15:54:30.524_copia_456','115','',1837,1838,6),(926,'auto_2023-06-17_15:54:42.530_copia_457','170','',1839,1840,7),(927,'conselhos','Conselhos','',1844,1935,21),(928,'auto_2023-05-15_10:14:52.509','Conselho Curador','',1845,1934,21),(929,'auto_2023-05-15_10:15:32.021092','Conselho Curador','',1846,1847,22),(930,'auto_2023-05-15_10:16:24.643','item I do Art. 3o da Portaria 752','',1848,1849,23),(931,'auto_2023-05-15_11:30:01.589','serviço relevante não remunerado (parágrafo 6o do Art. 7o da Portaria 752)','',1850,1851,22),(932,'auto_2023-05-15_11:03:56.740','Secretário Executivo do MTE','',1852,1857,21),(933,'auto_2023-05-15_11:04:03.090102','Secretário Executivo do MTE','',1853,1854,22),(934,'auto_2023-05-15_11:13:36.510','item I do Art. 5o da Portaria 752','',1855,1856,23),(935,'auto_2023-05-15_11:04:19.328','Presidente da Fundacentro','',1858,1863,21),(936,'auto_2023-05-15_11:04:33.065737','Presidente da Fundacentro','',1859,1860,22),(937,'auto_2023-05-15_11:14:03.510','item II do Art. 5o da Portaria 752','',1861,1862,23),(938,'auto_2023-05-15_11:04:49.727','Diretor da Fundacentro','',1864,1869,21),(939,'auto_2023-05-15_11:05:02.185517','Diretor da Fundacentro','',1865,1866,22),(940,'auto_2023-05-15_11:14:12.731','item III do Art. 5o da Portaria 752','',1867,1868,23),(941,'auto_2023-05-15_11:05:30.999','Membro I Indicado pelo MTE','',1870,1875,21),(942,'auto_2023-05-15_11:05:50.390608','Membro I Indicado pelo MTE','',1871,1872,22),(943,'auto_2023-05-15_11:14:23.805','item IV do Art. 5o da Portaria 752','',1873,1874,23),(944,'auto_2023-05-15_11:06:00.545','Membro II Indicado pelo MTE','',1876,1881,21),(945,'auto_2023-05-15_11:06:08.356484','Membro II Indicado pelo MTE','',1877,1878,22),(946,'auto_2023-05-15_11:14:49.211','item IV do Art. 5o da Portaria 752','',1879,1880,23),(947,'auto_2023-05-15_11:10:08.262','Representante I dos Empregadores','',1882,1887,21),(948,'auto_2023-05-15_11:10:18.888500','Representante I dos Empregadores','',1883,1884,22),(949,'auto_2023-05-15_11:15:06.843','item V do Art. 5o da Portaria 752','',1885,1886,23),(950,'auto_2023-05-15_11:10:27.585','Representante II dos Empregadores','',1888,1893,21),(951,'auto_2023-05-15_11:10:41.137211','Representante II dos Empregadores','',1889,1890,22),(952,'auto_2023-05-15_11:15:24.300','item V do Art. 5o da Portaria 752','',1891,1892,23),(953,'auto_2023-05-15_11:12:36.305','Representante I dos Trabalhadores','',1894,1899,21),(954,'auto_2023-05-15_11:12:47.183239','Representante I dos Trabalhadores','',1895,1896,22),(955,'auto_2023-05-15_11:15:37.000','item VI do Art. 5o da Portaria 752','',1897,1898,23),(956,'auto_2023-05-15_11:12:57.398','Representante II dos Trabalhadores','',1900,1905,21),(957,'auto_2023-05-15_11:13:07.530151','Representante II dos Trabalhadores','',1901,1902,22),(958,'auto_2023-05-15_11:15:53.416','item VI do Art. 5o da Portaria 752','',1903,1904,23),(959,'auto_2023-05-15_11:17:20.654','Membros sem direito a voto','',1906,1933,21),(960,'auto_2023-05-15_11:17:52.202495','Sem direito a voto','',1907,1908,22),(961,'auto_2023-05-15_11:18:16.994','Membro Diretor II da Fundacentro','',1909,1914,21),(962,'auto_2023-05-15_11:19:17.986898','Diretor II da Fundacentro','',1910,1911,22),(963,'auto_2023-05-15_11:20:53.746','parágrafo 1o do Art. 5o da Portaria 752','',1912,1913,23),(964,'auto_2023-05-15_11:18:28.417','Membro Diretor III da Fundacentro','',1915,1920,21),(965,'auto_2023-05-15_11:19:33.774074','Diretor III da Fundacentro','',1916,1917,22),(966,'auto_2023-05-15_11:21:08.860','parágrafo 1o do Art. 5o da Portaria 752','',1918,1919,23),(967,'auto_2023-05-15_11:18:44.572','Membro Procurador Chefe','',1921,1926,21),(968,'auto_2023-05-15_11:20:04.018635','Procurador Chefe','',1922,1923,22),(969,'auto_2023-05-15_11:21:13.826','parágrafo 1o do Art. 5o da Portaria 752','',1924,1925,23),(970,'auto_2023-05-15_11:19:02.548','Membro Auditor Chefe','',1927,1932,21),(971,'auto_2023-05-15_11:20:18.533407','Auditor Chefe','',1928,1929,22),(972,'auto_2023-05-15_11:21:18.086','parágrafo 1o do Art. 5o da Portaria 752','',1930,1931,23),(973,'auto_2023-05-23_15:02:12.871','Comissões','',1936,2021,21),(974,'auto_2023-05-23_15:02:40.619261','Comissões da Fundacentro.','',1937,1938,22),(975,'auto_2023-06-02_12:07:56.077','Comissão de Ética da Fundacentro','',1939,1990,21),(976,'auto_2023-06-02_12:08:30.242774','Comissão de Ética da Fundacentro.','',1940,1941,22),(977,'auto_2023-06-02_12:11:28.477','Portaria interna Fundacentro n° 070, de 1º de abril de 2008.','',1942,1943,23),(978,'auto_2023-06-02_12:28:59.076','portaria-pres-0179-2009-09-22-original.pdf','',1944,1945,25),(979,'auto_2023-06-06_14:47:50.378','portaria-pres-0067-2020-03-17-1.pdf','',1946,1947,25),(980,'auto_2023-06-02_15:04:16.703','Presidente(a)','',1948,1953,21),(981,'auto_2023-06-02_15:04:38.835591','Presidente(a)','',1949,1950,22),(982,'auto_2023-06-02_15:05:13.917','Roberta Granja Gonzaga','',1951,1952,26),(983,'auto_2023-06-02_15:05:45.583','Membro titular_colegiado','',1954,1959,21),(984,'auto_2023-06-02_15:05:57.838907','Membro titular_colegiado','',1955,1956,22),(985,'auto_2023-06-02_15:06:31.544','Tatiana Gonçalves','',1957,1958,26),(986,'auto_2023-06-02_15:06:58.633','Membro titular_colegiado','',1960,1965,21),(987,'auto_2023-06-02_15:07:14.615479','Membro titular_colegiado','',1961,1962,22),(988,'auto_2023-06-02_15:07:59.530','Adriano Myotin','',1963,1964,26),(989,'auto_2023-06-02_15:13:32.623','Membro Suplente','',1966,1971,21),(990,'auto_2023-06-02_15:13:48.744429','Membro Suplente','',1967,1968,22),(991,'auto_2023-06-02_15:18:02.164','Cristiane Paim da Cunha','',1969,1970,26),(992,'auto_2023-06-02_15:14:04.310','Membro Suplente','',1972,1977,21),(993,'auto_2023-06-02_15:14:15.532122','Membro Suplente','',1973,1974,22),(994,'auto_2023-06-02_15:19:03.558','Fernanda de Freitas Ventura\n','',1975,1976,26),(995,'auto_2023-06-02_15:15:06.005','Membro Suplente','',1978,1983,21),(996,'auto_2023-06-02_15:15:32.508209','Membro Suplente','',1979,1980,22),(997,'auto_2023-06-02_15:19:46.456','Lúcia Silva Rocha','',1981,1982,26),(998,'auto_2023-06-02_15:16:31.563','Secretário(a) Executivo(a)','',1984,1989,21),(999,'auto_2023-06-02_15:16:51.294249','Secretário(a) Executivo(a)','',1985,1986,22),(1000,'auto_2023-06-02_15:20:22.325','Erika Alves dos Santos','',1987,1988,26),(1001,'auto_2023-06-05_19:06:02.484','Comitê Interno de Governança, Riscos e Controles (CGRC)','',1991,2002,21),(1002,'auto_2023-06-05_19:07:13.584428','Comitê Interno de Governança, Riscos e Controles (CGRC), que tem caráter deliberativo (aprovar) em alguns temas.','',1992,1993,22),(1003,'auto_2023-06-05_19:07:48.148','Portaria Nº 489, DE 16 DE dezembro DE 2019','',1994,1995,23),(1004,'auto_2023-06-05_19:10:37.362','Resumo: objetivo estabelecer um ambiente adequado de controle e gestão de riscos e garantir que as boas práticas de governança se desenvolvam e sejam apropriadas pela instituição de forma contínua e progressiva.','',1996,1997,22),(1005,'auto_2023-06-06_14:45:11.564','SEI_FUNDACENTRO - 0040650 - Portaria.pdf','',1998,1999,25),(1006,'auto_2023-06-05_19:25:33.040','SEI_FUNDACENTRO - 0137021 - Portaria.pdf','',2000,2001,25),(1007,'auto_2023-05-23_15:28:17.685','Comissão Permanente de Avaliação de Documentos - CPAD','',2003,2012,21),(1008,'auto_2023-05-23_15:28:26.001800','Comissão Permanente de Avaliação de Documentos - CPAD','',2004,2005,22),(1009,'auto_2023-06-02_12:12:50.390','Portaria FUNDACENTRO Nº 391, DE 01 DE dezembro DE 2020.','',2006,2007,23),(1010,'auto_2023-05-23_16:12:47.296','Resumo: elaborar códigos de classificação de documentos, aplicar e orientar a aplicação do código de classificação, orientar unidades administrativas, analisar documentos para definir destinação final, submeter listagens de eliminação de documentos para a aprovação do titular_colegiado.','',2008,2009,22),(1011,'auto_2023-05-25_13:21:54.637','SEI-FUNDACENTRO-institui-CPAD-0081773-Portaria.pdf','',2010,2011,25),(1012,'auto_2023-05-23_16:00:43.976','Comissão Permanente de Avaliação de Documentos Sigilosos - CPADS','',2013,2020,21),(1013,'auto_2023-05-23_16:00:59.150602','Comissão Permanente de Avaliação de Documentos Sigilosos - CPADS','',2014,2015,22),(1014,'auto_2023-06-02_12:18:08.081','Portaria FUNDACENTRO Nº 836, DE 20 DE maio DE 2022','',2016,2017,23),(1015,'auto_2023-05-23_16:14:54.822','Resumo: Opinar sobre a informação produzida no âmbito de sua atuação para fins de classificação em qualquer grau de sigilo, assessorar a autoridade classificadora ou a autoridade hierarquicamente superior quanto à desclassificação, reclassificação ou reavaliação de informação classificada, propor destino final das informações desclassificadas, subsidiar a elaboração do rol anual de informações desclassificadas e documentos classificados.','',2018,2019,22),(1016,'auto_2023-05-23_15:08:21.014','Grupos','',2022,2029,21),(1017,'auto_2023-05-23_15:08:30.334079','Grupos criados por Portarias ou outros instrumentos, no âmbito da Fundacentro.','',2023,2024,22),(1018,'auto_2023-05-23_15:13:15.034','Grupo Temporário de Apoio à CPAD','',2025,2028,21),(1019,'auto_2023-05-23_15:14:27.946647','Grupo Temporário de Apoio à Comissão Permanente de Avaliação de Documentos da Fundacentro (CPAD) e à Comissão Permanente de Avaliação de Documentos Sigilosos da Fundacentro (CPADS)','',2026,2027,22),(1020,'participacoes_externas','Participações Externas','',2030,2723,21),(1021,'participacoes_externas_0','Câmara Técnica de Saneantes - CATES','',2031,2042,21),(1022,'membro_0','Membro 1','',2032,2041,21),(1023,'titular_participacoes_externas_0','Gilmar da Cunha Trivelato','',2033,2034,26),(1024,'lotacao_participacoes_externas_0','CTN','',2035,2036,28),(1025,'coordenadora_participacoes_externas_0','Agência Nacional de Vigilância Sanitária','',2037,2038,29),(1026,'sustentacao_participacoes_externas_0','Despacho nº 1/2023/GABINETE PRES/PRES','',2039,2040,23),(1027,'participacoes_externas_2','Comissão de Estudo de Equipamentos de Proteção Respiratória CB32/ABNT','',2043,2064,21),(1028,'membro_2','Membro 1','',2044,2053,21),(1029,'titular_participacoes_externas_2','Fernanda de Freitas Ventura','',2045,2046,26),(1030,'lotacao_participacoes_externas_2','CTN','',2047,2048,28),(1031,'coordenadora_participacoes_externas_2','Associação Brasileira de Normas Técnicas (ABNT)','',2049,2050,29),(1032,'sustentacao_participacoes_externas_2','OFÍCIO ELETRÔNICO Nº 105/2019/GABINETE PRES/PRES-FUNDACENTRO ','',2051,2052,23),(1033,'membro_3','Membro 2','',2054,2063,21),(1034,'titular_participacoes_externas_3','Silvia Helena de Araujo Nicolai','',2055,2056,26),(1035,'lotacao_participacoes_externas_3','CTN','',2057,2058,28),(1036,'coordenadora_participacoes_externas_3','Associação Brasileira de Normas Técnicas (ABNT)','',2059,2060,29),(1037,'sustentacao_participacoes_externas_3','OFÍCIO Nº 030/CPT-DTE, DE 22 DE SETEMBRO DE 2017','',2061,2062,23),(1038,'participacoes_externas_4','Comissão de Estudos Especiais de Nanotecnologia CEE-089/ABNT','',2065,2096,21),(1039,'membro_4','Membro 1','',2066,2075,21),(1040,'titular_participacoes_externas_4','Arline Sydneia Abel Arcuri','',2067,2068,26),(1041,'lotacao_participacoes_externas_4','CTN','',2069,2070,28),(1042,'coordenadora_participacoes_externas_4','Associação Brasileira de Normas Técnicas (ABNT)','',2071,2072,29),(1043,'sustentacao_participacoes_externas_4','DESPACHO Nº 489/2021/GABINETE PRES/PRES','',2073,2074,23),(1044,'membro_5','Membro 2','',2076,2085,21),(1045,'titular_participacoes_externas_5','José Renato Alves Schmidt','',2077,2078,26),(1046,'lotacao_participacoes_externas_5','EASC','',2079,2080,28),(1047,'coordenadora_participacoes_externas_5','Associação Brasileira de Normas Técnicas (ABNT)','',2081,2082,29),(1048,'sustentacao_participacoes_externas_5','DESPACHO Nº 489/2021/GABINETE PRES/PRES','',2083,2084,23),(1049,'membro_6','Membro 3','',2086,2095,21),(1050,'titular_participacoes_externas_6','Luis Renato Balbão Andrade','',2087,2088,26),(1051,'lotacao_participacoes_externas_6','EARS','',2089,2090,28),(1052,'coordenadora_participacoes_externas_6','Associação Brasileira de Normas Técnicas (ABNT)','',2091,2092,29),(1053,'sustentacao_participacoes_externas_6','DESPACHO Nº 489/2021/GABINETE PRES/PRES','',2093,2094,23),(1054,'participacoes_externas_7','Comissão Intersetorial de Saúde do Trabalhador e da Trabalhadora (CISTT)','',2097,2118,21),(1055,'membro_7','Membro 1','',2098,2107,21),(1056,'titular_participacoes_externas_7','Emerson José Almeida da Fonseca','',2099,2100,26),(1057,'lotacao_participacoes_externas_7','EAES','',2101,2102,28),(1058,'coordenadora_participacoes_externas_7','Conselho Estadual de Saúde - CES/ES','',2103,2104,29),(1059,'sustentacao_participacoes_externas_7','OFÍCIO ELETRÔNICO Nº 108/2022/GABINETE PRES/PRES-FUNDACENTRO','',2105,2106,23),(1060,'membro_8','Membro 2','',2108,2117,21),(1061,'titular_participacoes_externas_8','Maria Ângela Pizzani Cruz','',2109,2110,26),(1062,'lotacao_participacoes_externas_8','EAES','',2111,2112,28),(1063,'coordenadora_participacoes_externas_8','Conselho Estadual de Saúde - CES/ES','',2113,2114,29),(1064,'sustentacao_participacoes_externas_8','OFÍCIO ELETRÔNICO Nº 108/2022/GABINETE PRES/PRES-FUNDACENTRO','',2115,2116,23),(1065,'participacoes_externas_9','Comissão Intersetorial do Ambiente e de Outros Minerais - CIAM','',2119,2130,21),(1066,'membro_9','Membro 1','',2120,2129,21),(1067,'titular_participacoes_externas_9','André Luis Santiago Maia','',2121,2122,26),(1068,'lotacao_participacoes_externas_9','EABA','',2123,2124,28),(1069,'coordenadora_participacoes_externas_9','Diretoria de Vigilância e Atenção à Saúde do Trabalhador - DIVAST - Secretaria da Saúde - BA','',2125,2126,29),(1070,'sustentacao_participacoes_externas_9','OF/FUNDACENTRO/CRBA/GAB/007/2015','',2127,2128,23),(1071,'participacoes_externas_10','Comissão Tripartite Paritária Permanente - CTPP','',2131,2152,21),(1072,'membro_10','Membro 1','',2132,2141,21),(1073,'titular_participacoes_externas_10','Cezar Akiyoshi Saito','',2133,2134,26),(1074,'lotacao_participacoes_externas_10','CTN','',2135,2136,28),(1075,'coordenadora_participacoes_externas_10','Ministério do Trabalho e Emprego','',2137,2138,29),(1076,'sustentacao_participacoes_externas_10','PORTARIA MTE Nº 2.053, DE 2 DE JUNHO DE 2023','',2139,2140,23),(1077,'membro_11','Membro 2','',2142,2151,21),(1078,'titular_participacoes_externas_11','Pedro Tourinho de Siqueira','',2143,2144,26),(1079,'lotacao_participacoes_externas_11','CTN ','',2145,2146,28),(1080,'coordenadora_participacoes_externas_11','Ministério do Trabalho e Emprego','',2147,2148,29),(1081,'sustentacao_participacoes_externas_11','PORTARIA MTE Nº 2.053, DE 2 DE JUNHO DE 2023','',2149,2150,23),(1082,'participacoes_externas_12','Comitê de Riscos e Controles, Integridade e Transparência do Ministério do Trabalho e Previdência','',2153,2174,21),(1083,'membro_12','Membro 1','',2154,2163,21),(1084,'titular_participacoes_externas_12','Diego Fernando Ferreira de Oliveira','',2155,2156,26),(1085,'lotacao_participacoes_externas_12','CTN','',2157,2158,28),(1086,'coordenadora_participacoes_externas_12','Assessoria Especial de Controle Interno do MTP','',2159,2160,29),(1087,'sustentacao_participacoes_externas_12','OFÍCIO ELETRÔNICO Nº 54/2022/GABINETE PRES/PRES-FUNDACENTRO','',2161,2162,23),(1088,'membro_13','Membro 2','',2164,2173,21),(1089,'titular_participacoes_externas_13','Thais Monteiro Andrade da Silva','',2165,2166,26),(1090,'lotacao_participacoes_externas_13','CTN','',2167,2168,28),(1091,'coordenadora_participacoes_externas_13','Assessoria Especial de Controle Interno do MTP','',2169,2170,29),(1092,'sustentacao_participacoes_externas_13','OFÍCIO ELETRÔNICO Nº 54/2022/GABINETE PRES/PRES-FUNDACENTRO','',2171,2172,23),(1093,'participacoes_externas_14','Comitê Permanente Regional do Estado de São Paulo - CPR-SP/NR-18','',2175,2196,21),(1094,'membro_14','Membro 1','',2176,2185,21),(1095,'titular_participacoes_externas_14','Artur Carlos da Silva Moreira','',2177,2178,26),(1096,'lotacao_participacoes_externas_14','EASC','',2179,2180,28),(1097,'coordenadora_participacoes_externas_14','Superintendência Regional do Trabalho do Estado de São Paulo (SRTB-SP-SEGUR)','',2181,2182,29),(1098,'sustentacao_participacoes_externas_14',' OFÍCIO ELETRÔNICO Nº 71/2021/GABINETE PRES/PRES-FUNDACENTRO ','',2183,2184,23),(1099,'membro_15','Membro 2','',2186,2195,21),(1100,'titular_participacoes_externas_15','Maria Christina Félix','',2187,2188,26),(1101,'lotacao_participacoes_externas_15','EARJ','',2189,2190,28),(1102,'coordenadora_participacoes_externas_15','Superintendência Regional do Trabalho do Estado de São Paulo (SRTB-SP-SEGUR)','',2191,2192,29),(1103,'sustentacao_participacoes_externas_15','OFÍCIO ELETRÔNICO Nº 71/2021/GABINETE PRES/PRES-FUNDACENTRO','',2193,2194,23),(1104,'participacoes_externas_16','Fórum de Engenharia do Trabalho','',2197,2208,21),(1105,'membro_16','Membro 1','',2198,2207,21),(1106,'titular_participacoes_externas_16','Thais Maria Santiago de Moraes Barros','',2199,2200,26),(1107,'lotacao_participacoes_externas_16','UDCA','',2201,2202,28),(1108,'coordenadora_participacoes_externas_16','Ministério Público do Trabalho -  15ª região','',2203,2204,29),(1109,'sustentacao_participacoes_externas_16','DESPACHO Nº 429/2020/GABINETE PRES/PRES','',2205,2206,23),(1110,'participacoes_externas_17','Fórum Saúde e Segurança do Trabalhador no Estado de Santa Catarina - FSST/SC','',2209,2220,21),(1111,'membro_17','Membro 1','',2210,2219,21),(1112,'titular_participacoes_externas_17','Ricardo Luiz Lorenzi','',2211,2212,26),(1113,'lotacao_participacoes_externas_17','EASC','',2213,2214,28),(1114,'coordenadora_participacoes_externas_17','Ministério Público do Trabalho','',2215,2216,29),(1115,'sustentacao_participacoes_externas_17','OFÍCIO ELETRÔNICO Nº 50/2022/GABINETE PRES/PRES-FUNDACENTRO ','',2217,2218,23),(1116,'participacoes_externas_18','GETRIN 10','',2221,2232,21),(1117,'membro_18','Membro 1','',2222,2231,21),(1118,'titular_participacoes_externas_18','Swylmar dos Santos Ferreira','',2223,2224,26),(1119,'lotacao_participacoes_externas_18','EADF','',2225,2226,28),(1120,'coordenadora_participacoes_externas_18','Tribunal Regional do Trabalho TRT-10','',2227,2228,29),(1121,'sustentacao_participacoes_externas_18','ID SEI Nº 0014792','',2229,2230,23),(1122,'participacoes_externas_19','Grupo de Estudo Tripartite sobre Riscos Psicossociais','',2233,2244,21),(1123,'membro_19','Membro 1','',2234,2243,21),(1124,'titular_participacoes_externas_19','Juliana Andrade Oliveira','',2235,2236,26),(1125,'lotacao_participacoes_externas_19','CTN','',2237,2238,28),(1126,'coordenadora_participacoes_externas_19','Subsecretaria de Inspeção do Trabalho (SIT)','',2239,2240,29),(1127,'sustentacao_participacoes_externas_19','PARECER Nº 34/2021/GABINETE DPA/DPA','',2241,2242,23),(1128,'participacoes_externas_20','Grupo de Revisão da NR 10 - Segurança em Instalações e Serviços em Eletricidade','',2245,2266,21),(1129,'membro_20','Membro 1','',2246,2255,21),(1130,'titular_participacoes_externas_20','Airton Tavares de Almeida Junior','',2247,2248,26),(1131,'lotacao_participacoes_externas_20','EARS','',2249,2250,28),(1132,'coordenadora_participacoes_externas_20','Subsecretaria de Inspeção do Trabalho (SIT)','',2251,2252,29),(1133,'sustentacao_participacoes_externas_20','OFÍCIO ELETRÔNICO Nº 5/2021/GABINETE PRES/PRES-FUNDACENTRO ','',2253,2254,23),(1134,'membro_21','Membro 2','',2256,2265,21),(1135,'titular_participacoes_externas_21','Swylmar dos Santos Ferreira','',2257,2258,26),(1136,'lotacao_participacoes_externas_21','EADF','',2259,2260,28),(1137,'coordenadora_participacoes_externas_21','Subsecretaria de Inspeção do Trabalho (SIT)','',2261,2262,29),(1138,'sustentacao_participacoes_externas_21','OFÍCIO ELETRÔNICO Nº 5/2021/GABINETE PRES/PRES-FUNDACENTRO ','',2263,2264,23),(1139,'participacoes_externas_22','Grupo de Revisão da NR 11 - Transporte, Movimentação, Armazenagem e Manuseio de Materiais','',2267,2288,21),(1140,'membro_22','Membro 1','',2268,2277,21),(1141,'titular_participacoes_externas_22','Flávio Maldonado Bentes','',2269,2270,26),(1142,'lotacao_participacoes_externas_22','EARS','',2271,2272,28),(1143,'coordenadora_participacoes_externas_22','Subsecretaria de Inspeção do Trabalho (SIT)','',2273,2274,29),(1144,'sustentacao_participacoes_externas_22','OFÍCIO ELETRÔNICO Nº 56/2022/GABINETE PRES/PRES-FUNDACENTRO','',2275,2276,23),(1145,'membro_23','Membro 2','',2278,2287,21),(1146,'titular_participacoes_externas_23','Gustavo Braga Senra','',2279,2280,26),(1147,'lotacao_participacoes_externas_23','EAMG','',2281,2282,28),(1148,'coordenadora_participacoes_externas_23','Subsecretaria de Inspeção do Trabalho (SIT)','',2283,2284,29),(1149,'sustentacao_participacoes_externas_23','OFÍCIO ELETRÔNICO Nº 5/2021/GABINETE PRES/PRES-FUNDACENTRO ','',2285,2286,23),(1150,'participacoes_externas_24','Grupo de Revisão da NR 13 - Caldeiras, Vasos de Pressão, Tubulações e Tanques Metálicos de Armazenamento','',2289,2310,21),(1151,'membro_24','Membro 1','',2290,2299,21),(1152,'titular_participacoes_externas_24','Flávio Maldonado Bentes','',2291,2292,26),(1153,'lotacao_participacoes_externas_24','EARS','',2293,2294,28),(1154,'coordenadora_participacoes_externas_24','Subsecretaria de Inspeção do Trabalho (SIT)','',2295,2296,29),(1155,'sustentacao_participacoes_externas_24','OFÍCIO ELETRÔNICO Nº 5/2021/GABINETE PRES/PRES-FUNDACENTRO ','',2297,2298,23),(1156,'membro_25','Membro 2','',2300,2309,21),(1157,'titular_participacoes_externas_25','Rodrigo Cauduro Roscani','',2301,2302,26),(1158,'lotacao_participacoes_externas_25','UDCA','',2303,2304,28),(1159,'coordenadora_participacoes_externas_25','Subsecretaria de Inspeção do Trabalho (SIT)','',2305,2306,29),(1160,'sustentacao_participacoes_externas_25','OFÍCIO ELETRÔNICO Nº 5/2021/GABINETE PRES/PRES-FUNDACENTRO ','',2307,2308,23),(1161,'participacoes_externas_26','Grupo de Revisão da NR 15 - Atividades e Operações Insalubres (calor)','',2311,2322,21),(1162,'membro_26','Membro 1','',2312,2321,21),(1163,'titular_participacoes_externas_26','Elisa Kayo Shibuya','',2313,2314,26),(1164,'lotacao_participacoes_externas_26','CTN','',2315,2316,28),(1165,'coordenadora_participacoes_externas_26','Subsecretaria de Inspeção do Trabalho (SIT)','',2317,2318,29),(1166,'sustentacao_participacoes_externas_26','OFÍCIO ELETRÔNICO Nº 47/2019/GABINETE PRES/PRES-FUNDACENTRO ','',2319,2320,23),(1167,'participacoes_externas_27','Grupo de Revisão da NR 17 - Ergonomia','',2323,2334,21),(1168,'membro_27','Membro 1','',2324,2333,21),(1169,'titular_participacoes_externas_27','José Marçal Jackson Filho','',2325,2326,26),(1170,'lotacao_participacoes_externas_27','EAPR','',2327,2328,28),(1171,'coordenadora_participacoes_externas_27','Subsecretaria de Inspeção do Trabalho (SIT)','',2329,2330,29),(1172,'sustentacao_participacoes_externas_27','OFÍCIO ELETRÔNICO Nº 48/2019/GABINETE PRES/PRES-FUNDACENTRO','',2331,2332,23),(1173,'participacoes_externas_28','Grupo de Revisão da NR 22 - Segurança e Saúde Ocupacional na Mineração','',2335,2356,21),(1174,'membro_28','Membro 1','',2336,2345,21),(1175,'titular_participacoes_externas_28','Lênio Sérvio Amaral','',2337,2338,26),(1176,'lotacao_participacoes_externas_28','EAMG','',2339,2340,28),(1177,'coordenadora_participacoes_externas_28','Subsecretaria de Inspeção do Trabalho (SIT)','',2341,2342,29),(1178,'sustentacao_participacoes_externas_28','OFÍCIO ELETRÔNICO Nº 5/2021/GABINETE PRES/PRES-FUNDACENTRO ','',2343,2344,23),(1179,'membro_29','Membro 2','',2346,2355,21),(1180,'titular_participacoes_externas_29','Leonidas Ramos Pandaggis','',2347,2348,26),(1181,'lotacao_participacoes_externas_29','CTN','',2349,2350,28),(1182,'coordenadora_participacoes_externas_29','Subsecretaria de Inspeção do Trabalho (SIT)','',2351,2352,29),(1183,'sustentacao_participacoes_externas_29','OFÍCIO ELETRÔNICO Nº 5/2021/GABINETE PRES/PRES-FUNDACENTRO ','',2353,2354,23),(1184,'participacoes_externas_30','Grupo de Revisão da NR 29 - Trabalho Portuário','',2357,2368,21),(1185,'membro_30','Membro 1','',2358,2367,21),(1186,'titular_participacoes_externas_30','Cristiane Paim da Cunha','',2359,2360,26),(1187,'lotacao_participacoes_externas_30','EARS','',2361,2362,28),(1188,'coordenadora_participacoes_externas_30','Subsecretaria de Inspeção do Trabalho (SIT)','',2363,2364,29),(1189,'sustentacao_participacoes_externas_30','OFÍCIO ELETRÔNICO Nº 33/2020/GABINETE PRES/PRES-FUNDACENTRO ','',2365,2366,23),(1190,'participacoes_externas_31','Grupo de Revisão da NR 30 - Aquaviário','',2369,2380,21),(1191,'membro_31','Membro 1','',2370,2379,21),(1192,'titular_participacoes_externas_31','Antônio Lincoln Colucci','',2371,2372,26),(1193,'lotacao_participacoes_externas_31','EARJ','',2373,2374,28),(1194,'coordenadora_participacoes_externas_31','Subsecretaria de Inspeção do Trabalho (SIT)','',2375,2376,29),(1195,'sustentacao_participacoes_externas_31','OFÍCIO ELETRÔNICO Nº 139/2019/GABINETE PRES/PRES-FUNDACENTRO ','',2377,2378,23),(1196,'participacoes_externas_32','Grupo de Revisão da NR 31 - Segurança e Saúde no Trabalho na Agricultura, Pecuária, Silvicultura, Exploração Florestal e Aquicultura','',2381,2402,21),(1197,'membro_32','Membro 1','',2382,2391,21),(1198,'titular_participacoes_externas_32','Armando Barbosa Xavier Filho','',2383,2384,26),(1199,'lotacao_participacoes_externas_32','EABA','',2385,2386,28),(1200,'coordenadora_participacoes_externas_32','Subsecretaria de Inspeção do Trabalho (SIT)','',2387,2388,29),(1201,'sustentacao_participacoes_externas_32','OFÍCIO ELETRÔNICO Nº 8/2022/GABINETE PRES/PRES-FUNDACENTRO','',2389,2390,23),(1202,'membro_33','Membro 2','',2392,2401,21),(1203,'titular_participacoes_externas_33','Felipe Morais Santos','',2393,2394,26),(1204,'lotacao_participacoes_externas_33','EARS ','',2395,2396,28),(1205,'coordenadora_participacoes_externas_33','Subsecretaria de Inspeção do Trabalho (SIT)','',2397,2398,29),(1206,'sustentacao_participacoes_externas_33',' OFÍCIO ELETRÔNICO Nº 8/2022/GABINETE PRES/PRES-FUNDACENTRO ','',2399,2400,23),(1207,'participacoes_externas_34','Grupo de Revisão da NR 32 - Segurança e Saúde no Trabalho em Serviços de Saúde','',2403,2424,21),(1208,'membro_34','Membro 1','',2404,2413,21),(1209,'titular_participacoes_externas_34','Érica Lui Reinhardt','',2405,2406,26),(1210,'lotacao_participacoes_externas_34','CTN','',2407,2408,28),(1211,'coordenadora_participacoes_externas_34','Subsecretaria de Inspeção do Trabalho (SIT)','',2409,2410,29),(1212,'sustentacao_participacoes_externas_34','OFÍCIO ELETRÔNICO Nº 5/2021/GABINETE PRES/PRES-FUNDACENTRO ','',2411,2412,23),(1213,'membro_35','Membro 2','',2414,2423,21),(1214,'titular_participacoes_externas_35','Maria de Fátima Torres Faria Viegas','',2415,2416,26),(1215,'lotacao_participacoes_externas_35','EARJ','',2417,2418,28),(1216,'coordenadora_participacoes_externas_35','Subsecretaria de Inspeção do Trabalho (SIT)','',2419,2420,29),(1217,'sustentacao_participacoes_externas_35','OFÍCIO ELETRÔNICO Nº 5/2021/GABINETE PRES/PRES-FUNDACENTRO ','',2421,2422,23),(1218,'participacoes_externas_36','Grupo de Revisão da NR 33 - Segurança e Saúde nos Trabalhos em Espaços Confinados','',2425,2436,21),(1219,'membro_36','Membro 1','',2426,2435,21),(1220,'titular_participacoes_externas_36','Cristiane Paim da Cunha','',2427,2428,26),(1221,'lotacao_participacoes_externas_36','EARS','',2429,2430,28),(1222,'coordenadora_participacoes_externas_36','Subsecretaria de Inspeção do Trabalho (SIT)','',2431,2432,29),(1223,'sustentacao_participacoes_externas_36','OFÍCIO ELETRÔNICO Nº 5/2021/GABINETE PRES/PRES-FUNDACENTRO ','',2433,2434,23),(1224,'participacoes_externas_37','Grupo de Revisão da NR 34 - Condições e Meio Ambiente de Trabalho na Indústria da Construção, Reparação e Desmonte Naval','',2437,2458,21),(1225,'membro_37','Membro 1','',2438,2447,21),(1226,'titular_participacoes_externas_37','Gustavo Braga Senra','',2439,2440,26),(1227,'lotacao_participacoes_externas_37','EAMG','',2441,2442,28),(1228,'coordenadora_participacoes_externas_37','Subsecretaria de Inspeção do Trabalho (SIT)','',2443,2444,29),(1229,'sustentacao_participacoes_externas_37','OFÍCIO ELETRÔNICO Nº 68/2022/GABINETE PRES/PRES-FUNDACENTRO','',2445,2446,23),(1230,'membro_38','Membro 2','',2448,2457,21),(1231,'titular_participacoes_externas_38','Maria Christina Félix','',2449,2450,26),(1232,'lotacao_participacoes_externas_38','EARJ','',2451,2452,28),(1233,'coordenadora_participacoes_externas_38','Subsecretaria de Inspeção do Trabalho (SIT)','',2453,2454,29),(1234,'sustentacao_participacoes_externas_38','OFÍCIO ELETRÔNICO Nº 68/2022/GABINETE PRES/PRES-FUNDACENTRO','',2455,2456,23),(1235,'participacoes_externas_39','Grupo de Revisão da NR 35 - Trabalho em Altura','',2459,2480,21),(1236,'membro_39','Membro 1','',2460,2469,21),(1237,'titular_participacoes_externas_39','Diego Fernando Ferreira de Oliveira','',2461,2462,26),(1238,'lotacao_participacoes_externas_39','CTN','',2463,2464,28),(1239,'coordenadora_participacoes_externas_39','Subsecretaria de Inspeção do Trabalho (SIT)','',2465,2466,29),(1240,'sustentacao_participacoes_externas_39','OFÍCIO ELETRÔNICO Nº 56/2022/GABINETE PRES/PRES-FUNDACENTRO','',2467,2468,23),(1241,'membro_40','Membro 2','',2470,2479,21),(1242,'titular_participacoes_externas_40','Lênio Sérvio Amaral','',2471,2472,26),(1243,'lotacao_participacoes_externas_40','EAMG','',2473,2474,28),(1244,'coordenadora_participacoes_externas_40','Subsecretaria de Inspeção do Trabalho (SIT)','',2475,2476,29),(1245,'sustentacao_participacoes_externas_40','OFÍCIO ELETRÔNICO Nº 56/2022/GABINETE PRES/PRES-FUNDACENTRO ','',2477,2478,23),(1246,'participacoes_externas_41','Grupo de Revisão da NR 36 - Segurança e Saúde no Trabalho em Empresas de Abate e Processamento de Carnes e Derivados','',2481,2502,21),(1247,'membro_41','Membro 1','',2482,2491,21),(1248,'titular_participacoes_externas_41','Celso Amorim Salim','',2483,2484,26),(1249,'lotacao_participacoes_externas_41','CTN','',2485,2486,28),(1250,'coordenadora_participacoes_externas_41','Subsecretaria de Inspeção do Trabalho (SIT)','',2487,2488,29),(1251,'sustentacao_participacoes_externas_41','OFÍCIO ELETRÔNICO Nº 5/2021/GABINETE PRES/PRES-FUNDACENTRO ','',2489,2490,23),(1252,'membro_42','Membro 2','',2492,2501,21),(1253,'titular_participacoes_externas_42','Erika Alvim de Sá e Benevides','',2493,2494,26),(1254,'lotacao_participacoes_externas_42','CTN','',2495,2496,28),(1255,'coordenadora_participacoes_externas_42','Subsecretaria de Inspeção do Trabalho (SIT)','',2497,2498,29),(1256,'sustentacao_participacoes_externas_42','OFÍCIO ELETRÔNICO Nº 5/2021/GABINETE PRES/PRES-FUNDACENTRO ','',2499,2500,23),(1257,'participacoes_externas_43','Grupo de Revisão da NR 37 - Segurança e Saúde em Plataformas de Petróleo','',2503,2514,21),(1258,'membro_43','Membro 1','',2504,2513,21),(1259,'titular_participacoes_externas_43','José Marçal Jackson Filho','',2505,2506,26),(1260,'lotacao_participacoes_externas_43','EAPR','',2507,2508,28),(1261,'coordenadora_participacoes_externas_43','Subsecretaria de Inspeção do Trabalho (SIT)','',2509,2510,29),(1262,'sustentacao_participacoes_externas_43','OFÍCIO ELETRÔNICO Nº 5/2021/GABINETE PRES/PRES-FUNDACENTRO ','',2511,2512,23),(1263,'participacoes_externas_44','Grupo de Revisão da NR 4 - SESMT','',2515,2526,21),(1264,'membro_44','Membro 1','',2516,2525,21),(1265,'titular_participacoes_externas_44','Swylmar dos Santos Ferreira','',2517,2518,26),(1266,'lotacao_participacoes_externas_44','EADF','',2519,2520,28),(1267,'coordenadora_participacoes_externas_44','Subsecretaria de Inspeção do Trabalho (SIT)','',2521,2522,29),(1268,'sustentacao_participacoes_externas_44','OFÍCIO ELETRÔNICO Nº 70/2019/GABINETE PRES/PRES-FUNDACENTRO ','',2523,2524,23),(1269,'participacoes_externas_45','Grupo de Revisão da NR 5 - CIPA','',2527,2538,21),(1270,'membro_45','Membro 1','',2528,2537,21),(1271,'titular_participacoes_externas_45','Swylmar dos Santos Ferreira','',2529,2530,26),(1272,'lotacao_participacoes_externas_45','EADF','',2531,2532,28),(1273,'coordenadora_participacoes_externas_45','Subsecretaria de Inspeção do Trabalho (SIT)','',2533,2534,29),(1274,'sustentacao_participacoes_externas_45','OFÍCIO ELETRÔNICO Nº 71/2019/GABINETE PRES/PRES-FUNDACENTRO ','',2535,2536,23),(1275,'participacoes_externas_46','Grupo de Revisão da NR 6 - Equipamentos de Proteção Individual','',2539,2560,21),(1276,'membro_46','Membro 1','',2540,2549,21),(1277,'titular_participacoes_externas_46','José Damásio de Aquino','',2541,2542,26),(1278,'lotacao_participacoes_externas_46','CTN','',2543,2544,28),(1279,'coordenadora_participacoes_externas_46','Subsecretaria de Inspeção do Trabalho (SIT)','',2545,2546,29),(1280,'sustentacao_participacoes_externas_46','OFÍCIO ELETRÔNICO Nº 5/2021/GABINETE PRES/PRES-FUNDACENTRO ','',2547,2548,23),(1281,'membro_47','Membro 2','',2550,2559,21),(1282,'titular_participacoes_externas_47','Silvia Helena de Araujo Nicolai','',2551,2552,26),(1283,'lotacao_participacoes_externas_47','CTN','',2553,2554,28),(1284,'coordenadora_participacoes_externas_47','Subsecretaria de Inspeção do Trabalho (SIT)','',2555,2556,29),(1285,'sustentacao_participacoes_externas_47','OFÍCIO ELETRÔNICO Nº 5/2021/GABINETE PRES/PRES-FUNDACENTRO ','',2557,2558,23),(1286,'participacoes_externas_48','Grupo de Trabalho Interinstitucional  - GETRIN 17ª Região','',2561,2572,21),(1287,'membro_48','Membro 1','',2562,2571,21),(1288,'titular_participacoes_externas_48','Emerson José Almeida da Fonseca','',2563,2564,26),(1289,'lotacao_participacoes_externas_48','EAES','',2565,2566,28),(1290,'coordenadora_participacoes_externas_48','Tribunal Regional do Trabalho da 17ª Região','',2567,2568,29),(1291,'sustentacao_participacoes_externas_48','OFÍCIO ELETRÔNICO Nº 110/2022/GABINETE PRES/PRES-FUNDACENTRO','',2569,2570,23),(1292,'participacoes_externas_49','Grupo de Trabalho Interinstitucional - GETRIN 17ª Região','',2573,2584,21),(1293,'membro_49','Membro 1','',2574,2583,21),(1294,'titular_participacoes_externas_49','Gilcemar Antonio Pereira Endlich','',2575,2576,26),(1295,'lotacao_participacoes_externas_49','EAES','',2577,2578,28),(1296,'coordenadora_participacoes_externas_49','Tribunal Regional do Trabalho da 17ª Região','',2579,2580,29),(1297,'sustentacao_participacoes_externas_49','OFÍCIO ELETRÔNICO Nº 110/2022/GABINETE PRES/PRES-FUNDACENTRO','',2581,2582,23),(1298,'participacoes_externas_50','Grupo de Trabalho Interministerial do Programa de Enfrentamento ao Escalpelamento','',2585,2596,21),(1299,'membro_50','Membro 1','',2586,2595,21),(1300,'titular_participacoes_externas_50','Doracy Moraes de Souza','',2587,2588,26),(1301,'lotacao_participacoes_externas_50','EAPA','',2589,2590,28),(1302,'coordenadora_participacoes_externas_50','Ministério do Trabalho e Previdência','',2591,2592,29),(1303,'sustentacao_participacoes_externas_50','OFÍCIO ELETRÔNICO Nº 107/2022/GABINETE PRES/PRES-FUNDACENTRO','',2593,2594,23),(1304,'participacoes_externas_51','Grupo de Trabalho Tripartite - GTT de revisão dos Anexos de Agentes Químicos da Norma Regulamentadora nº 15 (NR-15) - Atividades e Operações Insalubres, bem como da inclusão dos anexos de agentes químicos e agentes químicos cancerígenos e mutagênicos, além de Apêndices de Benzeno e Asbesto, na Norma Regulamentadora nº 09 (NR-09) - Avaliação e Controle das Exposições Ocupacionais a Agentes Físicos, Químicos e Biológicos. ','',2597,2608,21),(1305,'membro_51','Membro 1','',2598,2607,21),(1306,'titular_participacoes_externas_51','Gilmar da Cunha Trivelato','',2599,2600,26),(1307,'lotacao_participacoes_externas_51','CTN','',2601,2602,28),(1308,'coordenadora_participacoes_externas_51','Secretaria do Trabalho do Ministério do Trabalho e Previdência','',2603,2604,29),(1309,'sustentacao_participacoes_externas_51','PORTARIA STRAB/MTP Nº 4.035, DE 7 DE DEZEMBRO DE 2022','',2605,2606,23),(1310,'participacoes_externas_52','Grupo de Trabalho Tripartite para acompanhamento da implementação da NR 18 - Construção','',2609,2630,21),(1311,'membro_52','Membro 1','',2610,2619,21),(1312,'titular_participacoes_externas_52','Artur Carlos da Silva Moreira','',2611,2612,26),(1313,'lotacao_participacoes_externas_52','EASC','',2613,2614,28),(1314,'coordenadora_participacoes_externas_52','Subsecretaria de Inspeção do Trabalho (SIT)','',2615,2616,29),(1315,'sustentacao_participacoes_externas_52','OFÍCIO ELETRÔNICO Nº 29/2022/GABINETE PRES/PRES-FUNDACENTRO ','',2617,2618,23),(1316,'membro_53','Membro 2','',2620,2629,21),(1317,'titular_participacoes_externas_53','Maria Christina Félix','',2621,2622,26),(1318,'lotacao_participacoes_externas_53','EARJ','',2623,2624,28),(1319,'coordenadora_participacoes_externas_53','Subsecretaria de Inspeção do Trabalho (SIT)','',2625,2626,29),(1320,'sustentacao_participacoes_externas_53','OFÍCIO ELETRÔNICO Nº 29/2022/GABINETE PRES/PRES-FUNDACENTRO ','',2627,2628,23),(1321,'participacoes_externas_54','Grupo de Trabalho Tripartite para acompanhamento da implementação das NR´s Estruturantes - 01(PGR/GRO); 05(CIPA); 07(PCMSO); 09(Avaliação de Exposições Ocupacionais); e 17(Ergonomia)','',2631,2652,21),(1322,'membro_54','Membro 1','',2632,2641,21),(1323,'titular_participacoes_externas_54','Gilmar da Cunha Trivelato','',2633,2634,26),(1324,'lotacao_participacoes_externas_54','CTN','',2635,2636,28),(1325,'coordenadora_participacoes_externas_54','Subsecretaria de Inspeção do Trabalho (SIT)','',2637,2638,29),(1326,'sustentacao_participacoes_externas_54','OFÍCIO ELETRÔNICO Nº 28/2022/GABINETE PRES/PRES-FUNDACENTRO ','',2639,2640,23),(1327,'membro_55','Membro 2','',2642,2651,21),(1328,'titular_participacoes_externas_55','Luis Renato Balbão Andrade','',2643,2644,26),(1329,'lotacao_participacoes_externas_55','EARS ','',2645,2646,28),(1330,'coordenadora_participacoes_externas_55','Subsecretaria de Inspeção do Trabalho (SIT)','',2647,2648,29),(1331,'sustentacao_participacoes_externas_55','OFÍCIO ELETRÔNICO Nº 28/2022/GABINETE PRES/PRES-FUNDACENTRO ','',2649,2650,23),(1332,'participacoes_externas_56','Grupo de Trabalho Tripartite para Elaboração da NR sobre Limpeza Urbana','',2653,2664,21),(1333,'membro_56','Membro 1','',2654,2663,21),(1334,'titular_participacoes_externas_56','José Renato Alves Schmidt','',2655,2656,26),(1335,'lotacao_participacoes_externas_56','EASC','',2657,2658,28),(1336,'coordenadora_participacoes_externas_56','Subsecretaria de Inspeção do Trabalho (SIT)','',2659,2660,29),(1337,'sustentacao_participacoes_externas_56','OFÍCIO ELETRÔNICO Nº 68/2022/GABINETE PRES/PRES-FUNDACENTRO','',2661,2662,23),(1338,'participacoes_externas_57','Grupo de Trabalho Tripartite para elaboração da NR sobre Limpeza Urbana','',2665,2676,21),(1339,'membro_57','Membro 1','',2666,2675,21),(1340,'titular_participacoes_externas_57','Tereza Luiza Ferreira dos Santos','',2667,2668,26),(1341,'lotacao_participacoes_externas_57','CTN','',2669,2670,28),(1342,'coordenadora_participacoes_externas_57','Subsecretaria de Inspeção do Trabalho (SIT)','',2671,2672,29),(1343,'sustentacao_participacoes_externas_57','OFÍCIO ELETRÔNICO Nº 68/2022/GABINETE PRES/PRES-FUNDACENTRO','',2673,2674,23),(1344,'participacoes_externas_58','Grupo Técnico Agrotóxico Estadual - VSPEA','',2677,2688,21),(1345,'membro_58','Membro 1','',2678,2687,21),(1346,'titular_participacoes_externas_58','Valéria Ramos Soares Pinto','',2679,2680,26),(1347,'lotacao_participacoes_externas_58','EASC','',2681,2682,28),(1348,'coordenadora_participacoes_externas_58','Diretoria de Vigilância Sanitária - Secretaria de Estado da Saúde de Santa Catarina','',2683,2684,29),(1349,'sustentacao_participacoes_externas_58','OFÍCIO ELETRÔNICO Nº 64/2022/GABINETE PRES/PRES-FUNDACENTRO','',2685,2686,23),(1350,'participacoes_externas_59','Programa Bahia do Trabalho Decente','',2689,2700,21),(1351,'membro_59','Membro 1','',2690,2699,21),(1352,'titular_participacoes_externas_59','Soraya Wingester Vasconcelos','',2691,2692,26),(1353,'lotacao_participacoes_externas_59','EABA','',2693,2694,28),(1354,'coordenadora_participacoes_externas_59','','',2695,2696,29),(1355,'sustentacao_participacoes_externas_59','OF/FUNDACENTRO/CRBA/0013/2019','',2697,2698,23),(1356,'participacoes_externas_60','Subcomissão de Coordenação do Sistema de Gestão de Documentos - SUBSIGA/ME','',2701,2722,21),(1357,'membro_60','Membro 1','',2702,2711,21),(1358,'titular_participacoes_externas_60','Sergio Antonio dos Santos','',2703,2704,26),(1359,'lotacao_participacoes_externas_60','CTN','',2705,2706,28),(1360,'coordenadora_participacoes_externas_60',' Ministério da Economia - SUBSIGA/ME','',2707,2708,29),(1361,'sustentacao_participacoes_externas_60','OFÍCIO ELETRÔNICO Nº 100/2020/GABINETE PRES/PRES-FUNDACENTRO ','',2709,2710,23),(1362,'membro_61','Membro 2','',2712,2721,21),(1363,'titular_participacoes_externas_61','Sergio Roberto Cosmano','',2713,2714,26),(1364,'lotacao_participacoes_externas_61','CTN','',2715,2716,28),(1365,'coordenadora_participacoes_externas_61',' Ministério da Economia - SUBSIGA/ME','',2717,2718,29),(1366,'sustentacao_participacoes_externas_61','OFÍCIO ELETRÔNICO Nº 100/2020/GABINETE PRES/PRES-FUNDACENTRO ','',2719,2720,23),(1367,'auto_2023-06-05_20:41:46.700','Programas','',2724,2749,30),(1368,'auto_2023-06-05_20:50:24.922852','Programas de longa duração estabelecidos pela Fundacentro','',2725,2726,31),(1369,'auto_2023-06-05_20:50:45.680','Programa IDEA','',2727,2736,30),(1370,'auto_2023-06-05_20:57:15.647034','Programa de Bolsas IDEA','',2728,2729,31),(1371,'auto_2023-06-11_17:18:53.885','PORTARIA FUNDACENTRO No. 355 DE 27 DE OUTUBRO DE 2020','',2730,2731,32),(1372,'auto_2023-06-05_20:58:55.355','Resumo: mobilização de pesquisadores externos à FUNDACENTRO (pesquisador visitante ou bolsista) para ampliação da capacidade nacional de pesquisa sobre os temas de segurança e saúde do trabalho (SST).','',2732,2733,31),(1373,'auto_2023-06-05_20:59:57.950','Portaria_IDEIA.pdf','',2734,2735,34),(1374,'auto_2023-06-05_21:03:21.187','Programa BEI','',2737,2748,30),(1375,'auto_2023-06-05_21:07:41.520875','Programa de Bolsas de Estímulo à Inovação','',2738,2739,3),(1376,'auto_2023-06-05_21:08:19.434','PORTARIA FUNDACENTRO No 355, DE 27 DE OUTUBRO DE 2020','',2740,2741,4),(1377,'auto_2023-06-11_17:47:57.712','Programa BEI','',2742,2743,31),(1378,'auto_2023-06-11_17:49:12.455','PORTARIA FUNDACENTRO NO. 959 DE 27 DE OUTUBRO DE 2020','',2744,2745,32),(1379,'auto_2023-06-05_21:09:37.263','Portaria_BEI.pdf','',2746,2747,34),(1380,'projetos_externos','Projetos Externos','',2750,2757,35),(1381,'auto_2023-06-11_19:56:30.866','Projetos Externos da Fundacentro','',2751,2752,36),(1382,'projeto_expostos_agrotoxicos','Diagnóstico de Risco dos Agentes de Santa Catarina expostos a Agrotóxicos.','',2753,2756,35),(1383,'projeto_descricao','Monitoramento da Saúde e Diagnóstico da Percepção de Risco dos Agentes de Combate a Endemias de Santa Catarina expostos a Agrotóxicos.','',2754,2755,36),(1384,'projetos_internos','Projetos Internos','',2758,2761,35),(1385,'auto_2023-06-11_19:55:51.180353','teste','',2759,2760,36),(1386,'lixeira','93','',2762,2831,2),(1387,'auto_2024-04-25_00:41:58.070','','',2763,2764,2),(1388,'auto_2024-04-25_00:10:19.613596','servidores','',2765,2766,3),(1389,'auto_2024-04-25_00:27:23.845','103','',2767,2768,2),(1390,'auto_2024-04-24_23:49:09.991063','servidores','',2769,2770,3),(1391,'auto_2024-04-24_23:49:56.619','103','',2771,2772,2),(1392,'auto_2024-04-23_19:50:22.803875','equipe','',2773,2774,3),(1393,'auto_2024-04-23_19:02:49.391','Verificar','',2775,2776,4),(1394,'assessoria_I_substituto','96','',2777,2786,2),(1395,'copia_2024-04-10_21:33:39.437','ANEXO II do Art. 39','',2778,2779,4),(1396,'copia_2024-04-10_21:34:48.954','25','',2780,2781,5),(1397,'copia_2024-04-10_21:35:13.933','73','',2782,2783,6),(1398,'copia_2024-04-10_21:35:55.737','166','',2784,2785,8),(1399,'auto_2024-04-23_13:51:32.346975','teste','',2787,2788,3),(1400,'auto_2024-04-23_16:27:24.962302','equipe servidores','',2789,2790,3),(1401,'auto_2024-04-23_14:08:58.921964','insere equipe de bolsistas','',2791,2792,3),(1402,'copiado_2024-04-11_10:10:29.442','166','',2793,2794,7),(1403,'auto_2024-04-23_00:24:30.452444','teste','',2795,2796,3),(1404,'auto_2024-04-23_00:20:20.664242','teste','',2797,2798,3),(1405,'auto_2024-04-23_00:20:56.238619','teste','',2799,2800,3),(1406,'auto_2024-04-23_00:16:15.412380','teste','',2801,2802,3),(1407,'auto_2024-04-23_00:16:47.906831','teste','',2803,2804,3),(1408,'auto_2024-04-14_14:06:57.583','','',2805,2806,17),(1409,'auto_2024-04-23_00:12:24.176418','teste','',2807,2808,3),(1410,'auto_2023-05-11_11:01:18.408616','Serviço de Epidemiologia e Estatística','',2809,2810,3),(1411,'auto_2024-04-23_00:13:10.199516','teste','',2811,2812,3),(1412,'auto_2024-04-22_23:55:09.291959','','',2813,2814,3),(1413,'auto_2024-04-22_23:43:17.152123','teste','',2815,2816,3),(1414,'auto_2024-04-22_23:36:10.639872','teste','',2817,2818,3),(1415,'auto_2024-04-22_23:38:18.932769','','',2819,2820,3),(1416,'auto_2024-04-22_23:37:25.624','','',2821,2822,3),(1417,'auto_2024-04-22_23:36:48.676','','',2823,2824,3),(1418,'auto_2024-04-22_23:36:08.617674','teste','',2825,2826,3),(1419,'auto_2024-04-22_22:58:01.633087','teste','',2827,2828,3),(1420,'auto_2023-05-11_10:31:07.310350','(Aqui ficam os deletados)','',2829,2830,3);

--
-- Table structure for table `fc_tipos_secoes_visiveis`
--

CREATE TABLE `fc_tipos_secoes_visiveis` (
  `fc_id_chave_tipo_secao_visivel` int(11) NOT NULL AUTO_INCREMENT,
  `fc_id_user` int(11) DEFAULT NULL,
  `fc_id_nested_tipo_secao` int(11) DEFAULT NULL,
  `fc_visivel` varchar(100) DEFAULT NULL,
  `fc_time_stamp` timestamp(6) NOT NULL DEFAULT current_timestamp(6),
  PRIMARY KEY (`fc_id_chave_tipo_secao_visivel`),
  UNIQUE KEY `fc_id_user` (`fc_id_user`,`fc_id_nested_tipo_secao`),
  KEY `fc_id_nested_tipo_secao` (`fc_id_nested_tipo_secao`),
  CONSTRAINT `fc_tipos_secoes_visiveis_ibfk_1` FOREIGN KEY (`fc_id_nested_tipo_secao`) REFERENCES `fc_nested_tipos_secoes` (`fc_id_chave_nested_tipo_secao`),
  CONSTRAINT `fc_tipos_secoes_visiveis_ibfk_2` FOREIGN KEY (`fc_id_user`) REFERENCES `users` (`id_chave_user`)
) ENGINE=InnoDB DEFAULT CHARSET=utf8mb4 COLLATE=utf8mb4_general_ci;

--
-- Dumping data for table `fc_tipos_secoes_visiveis`
--


--
-- Table structure for table `fc_valores_discretos`
--

CREATE TABLE `fc_valores_discretos` (
  `fc_id_chave_valor_discreto` int(11) NOT NULL AUTO_INCREMENT,
  `fc_nome_valor_discreto` varchar(100) DEFAULT NULL,
  `fc_id_propriedade` int(11) DEFAULT NULL,
  PRIMARY KEY (`fc_id_chave_valor_discreto`),
  KEY `fc_id_propriedade` (`fc_id_propriedade`),
  CONSTRAINT `fc_valores_discretos_ibfk_1` FOREIGN KEY (`fc_id_propriedade`) REFERENCES `propriedades` (`id_chave_propriedade`)
) ENGINE=InnoDB AUTO_INCREMENT=83 DEFAULT CHARSET=utf8mb4 COLLATE=utf8mb4_general_ci;

--
-- Dumping data for table `fc_valores_discretos`
--

INSERT INTO `fc_valores_discretos` VALUES (1,'normal',8),(2,'italico',8),(3,'bold',8),(4,'sublinhado',8),(5,'direita',6),(6,'esquerda',6),(7,'centro',6),(8,'justificado',6),(9,'0.7',7),(10,'0.8',7),(11,'0.9',7),(12,'1.0',7),(13,'1.1',7),(14,'1.2',7),(15,'1.3',7),(16,'1.4',7),(17,'1.5',7),(18,'1.6',7),(19,'1.7',7),(20,'1.8',7),(21,'1.9',7),(22,'2.0',7),(23,'2.1',7),(24,'2.2',7),(25,'2.3',7),(26,'2.4',7),(27,'2.5',7),(28,'2.6',7),(29,'2.7',7),(30,'2.8',7),(31,'2.9',7),(32,'3.0',7),(33,'3.1',7),(34,'3.2',7),(35,'3.3',7),(36,'3.4',7),(37,'3.5',7),(38,'#0035cc',2),(39,'red',2),(40,'cor_original',2),(41,'#003588',2),(42,'#0035bb',2),(43,'#0035aa',2),(44,'orange',2),(45,'orange',4),(46,'white',3),(47,'black',3),(48,'black',5),(49,'yellow',3),(50,'blue',3),(51,'sim',1),(52,'nao',1),(53,'cima',9),(54,'baixo',9),(55,'centro',9),(56,'letra_i',10),(57,'letra_a',10),(58,'letra_I',10),(59,'romana',10),(60,'algarismo',10),(61,'10%',16),(62,'15%',16),(63,'20%',16),(64,'25%',16),(65,'sim',11),(66,'nao',11),(67,'sim',12),(68,'nao',12),(69,'pessoas',13),(70,'cargos_comissionados',13),(71,'setores',13),(72,'cargos_denominacoes',13),(73,'nome_pessoa',15),(74,'nome_cargo_comissionado',15),(75,'nome_setor',15),(76,'nome_cargo_denominacao',15),(77,'id_chave_pessoa',14),(78,'id_chave_cargo_comissionado',14),(79,'id_chave_setor',14),(80,'id_chave_cargo_denominacao',14),(81,'sim',17),(82,'nao',17);

--
-- Table structure for table `fc_versoes`
--

CREATE TABLE `fc_versoes` (
  `fc_id_chave_versao` int(11) NOT NULL AUTO_INCREMENT,
  `fc_nome_versao` timestamp(6) NOT NULL DEFAULT current_timestamp(6),
  `fc_id_secao` int(11) DEFAULT NULL,
  `fc_trecho` varchar(3500) DEFAULT NULL,
  `deletado` tinyint(1) DEFAULT 0,
  PRIMARY KEY (`fc_id_chave_versao`),
  UNIQUE KEY `fc_id_secao` (`fc_id_secao`,`fc_nome_versao`),
  CONSTRAINT `fc_versoes_ibfk_1` FOREIGN KEY (`fc_id_secao`) REFERENCES `fc_secoes` (`fc_id_chave_categoria`)
) ENGINE=InnoDB AUTO_INCREMENT=1424 DEFAULT CHARSET=utf8mb4 COLLATE=utf8mb4_general_ci;

--
-- Dumping data for table `fc_versoes`
--

INSERT INTO `fc_versoes` VALUES (8,'2024-06-12 17:47:37.973259',1,'raiz',0),(9,'2024-06-12 17:47:37.973259',6,'Presidência da Fundacentro',0),(10,'2024-06-12 17:47:37.973259',7,'95',0),(11,'2024-06-12 17:47:37.973259',8,'Art 4o da Portaria 752 e Art. 4o do Decreto 10.096',0),(12,'2024-06-12 17:47:37.973259',9,'1',0),(13,'2024-06-12 17:47:37.973259',10,'2',0),(14,'2024-06-12 17:47:37.973259',11,'160',0),(15,'2024-06-12 17:47:37.973259',12,'PedroTourinho2.png',0),(16,'2024-06-12 17:47:37.973259',13,'96',0),(17,'2024-06-12 17:47:37.973259',14,'Art 4o da Portaria 752 e Art. 4o do Decreto 10.096',0),(18,'2024-06-12 17:47:37.973259',15,'16',0),(19,'2024-06-12 17:47:37.973259',16,'2',0),(20,'2024-06-12 17:47:37.973259',17,'166',0),(21,'2024-06-12 17:47:37.973259',18,'12',0),(22,'2024-06-12 17:47:37.973259',19,'95',0),(23,'2024-06-12 17:47:37.973259',20,'alínea (a) do item II do Art. 3o do Regimento Interno (Portaria No. 725)',0),(24,'2024-06-12 17:47:37.973259',21,'3',0),(25,'2024-06-12 17:47:37.973259',22,'56',0),(26,'2024-06-12 17:47:37.973259',23,'161',0),(27,'2024-06-12 17:47:37.973259',24,'Victor.png',0),(28,'2024-06-12 17:47:37.973259',25,'96',0),(29,'2024-06-12 17:47:37.973259',26,'alínea (a) do item II do Art. 3o do Regimento Interno (Portaria No. 725)',0),(30,'2024-06-12 17:47:37.973259',27,'18',0),(31,'2024-06-12 17:47:37.973259',28,'56',0),(32,'2024-06-12 17:47:37.973259',29,'166',0),(33,'2024-06-12 17:47:37.973259',30,'13',0),(34,'2024-06-12 17:47:37.973259',31,'95',0),(35,'2024-06-12 17:47:37.973259',32,'ANEXO II do Art. 39',0),(36,'2024-06-12 17:47:37.973259',33,'10',0),(37,'2024-06-12 17:47:37.973259',34,'66',0),(38,'2024-06-12 17:47:37.973259',35,'127',0),(39,'2024-06-12 17:47:37.973259',36,'rita_brisi.png',0),(40,'2024-06-12 17:47:37.973259',37,'96',0),(41,'2024-06-12 17:47:37.973259',38,'ANEXO II do Art. 39',0),(42,'2024-06-12 17:47:37.973259',39,'25',0),(43,'2024-06-12 17:47:37.973259',40,'66',0),(44,'2024-06-12 17:47:37.973259',41,'6',0),(45,'2024-06-12 17:47:37.973259',42,'',0),(46,'2024-06-12 17:47:37.973259',43,'97',0),(47,'2024-06-12 17:47:37.973259',44,'103',0),(48,'2024-06-12 17:47:37.973259',45,'teste',0),(49,'2024-06-12 17:47:37.973259',46,'69',0),(50,'2024-06-12 17:47:37.973259',47,'7',0),(51,'2024-06-12 17:47:37.973259',48,'95',0),(52,'2024-06-12 17:47:37.973259',49,'ANEXO II do Art. 39',0),(53,'2024-06-12 17:47:37.973259',50,'6',0),(54,'2024-06-12 17:47:37.973259',51,'73',0),(55,'2024-06-12 17:47:37.973259',52,'172',0),(56,'2024-06-12 17:47:37.973259',53,'kimati_menor.png',0),(57,'2024-06-12 17:47:37.973259',54,'98',0),(58,'2024-06-12 17:47:37.973259',55,'104',0),(59,'2024-06-12 17:47:37.973259',56,'bolsista_1',0),(60,'2024-06-12 17:47:37.973259',57,'181',0),(61,'2024-06-12 17:47:37.973259',58,'104',0),(62,'2024-06-12 17:47:37.973259',59,'bolsista_2',0),(63,'2024-06-12 17:47:37.973259',60,'182',0),(64,'2024-06-12 17:47:37.973259',61,'104',0),(65,'2024-06-12 17:47:37.973259',62,'bolsista_3',0),(66,'2024-06-12 17:47:37.973259',63,'183',0),(67,'2024-06-12 17:47:37.973259',64,'104',0),(68,'2024-06-12 17:47:37.973259',65,'bolsista_4',0),(69,'2024-06-12 17:47:37.973259',66,'184',0),(70,'2024-06-12 17:47:37.973259',67,'104',0),(71,'2024-06-12 17:47:37.973259',68,'bolsista_5',0),(72,'2024-06-12 17:47:37.973259',69,'185',0),(73,'2024-06-12 17:47:37.973259',70,'104',0),(74,'2024-06-12 17:47:37.973259',71,'bolsista_6',0),(75,'2024-06-12 17:47:37.973259',72,'186',0),(76,'2024-06-12 17:47:37.973259',73,'104',0),(77,'2024-06-12 17:47:37.973259',74,'bolsista_7',0),(78,'2024-06-12 17:47:37.973259',75,'187',0),(79,'2024-06-12 17:47:37.973259',76,'104',0),(80,'2024-06-12 17:47:37.973259',77,'bolsista_8',0),(81,'2024-06-12 17:47:37.973259',78,'188',0),(82,'2024-06-12 17:47:37.973259',79,'104',0),(83,'2024-06-12 17:47:37.973259',80,'bolsista_9',0),(84,'2024-06-12 17:47:37.973259',81,'189',0),(85,'2024-06-12 17:47:37.973259',82,'104',0),(86,'2024-06-12 17:47:37.973259',83,'bolsista_10',0),(87,'2024-06-12 17:47:37.973259',84,'190',0),(88,'2024-06-12 17:47:37.973259',85,'104',0),(89,'2024-06-12 17:47:37.973259',86,'bolsista_11',0),(90,'2024-06-12 17:47:37.973259',87,'191',0),(91,'2024-06-12 17:47:37.973259',88,'104',0),(92,'2024-06-12 17:47:37.973259',89,'bolsista_12',0),(93,'2024-06-12 17:47:37.973259',90,'192',0),(94,'2024-06-12 17:47:37.973259',91,'104',0),(95,'2024-06-12 17:47:37.973259',92,'bolsista_13',0),(96,'2024-06-12 17:47:37.973259',93,'193',0),(97,'2024-06-12 17:47:37.973259',94,'104',0),(98,'2024-06-12 17:47:37.973259',95,'bolsista_14',0),(99,'2024-06-12 17:47:37.973259',96,'194',0),(100,'2024-06-12 17:47:37.973259',97,'104',0),(101,'2024-06-12 17:47:37.973259',98,'bolsista_15',0),(102,'2024-06-12 17:47:37.973259',99,'195',0),(103,'2024-06-12 17:47:37.973259',100,'104',0),(104,'2024-06-12 17:47:37.973259',101,'bolsista_16',0),(105,'2024-06-12 17:47:37.973259',102,'196',0),(106,'2024-06-12 17:47:37.973259',103,'104',0),(107,'2024-06-12 17:47:37.973259',104,'bolsista_17',0),(108,'2024-06-12 17:47:37.973259',105,'197',0),(109,'2024-06-12 17:47:37.973259',106,'104',0),(110,'2024-06-12 17:47:37.973259',107,'bolsista_18',0),(111,'2024-06-12 17:47:37.973259',108,'198',0),(112,'2024-06-12 17:47:37.973259',109,'104',0),(113,'2024-06-12 17:47:37.973259',110,'bolsista_19',0),(114,'2024-06-12 17:47:37.973259',111,'199',0),(115,'2024-06-12 17:47:37.973259',112,'104',0),(116,'2024-06-12 17:47:37.973259',113,'bolsista_20',0),(117,'2024-06-12 17:47:37.973259',114,'200',0),(118,'2024-06-12 17:47:37.973259',115,'104',0),(119,'2024-06-12 17:47:37.973259',116,'bolsista_21',0),(120,'2024-06-12 17:47:37.973259',117,'201',0),(121,'2024-06-12 17:47:37.973259',118,'104',0),(122,'2024-06-12 17:47:37.973259',119,'bolsista_22',0),(123,'2024-06-12 17:47:37.973259',120,'202',0),(124,'2024-06-12 17:47:37.973259',121,'104',0),(125,'2024-06-12 17:47:37.973259',122,'bolsista_23',0),(126,'2024-06-12 17:47:37.973259',123,'203',0),(127,'2024-06-12 17:47:37.973259',124,'104',0),(128,'2024-06-12 17:47:37.973259',125,'bolsista_24',0),(129,'2024-06-12 17:47:37.973259',126,'204',0),(130,'2024-06-12 17:47:37.973259',127,'104',0),(131,'2024-06-12 17:47:37.973259',128,'bolsista_25',0),(132,'2024-06-12 17:47:37.973259',129,'205',0),(133,'2024-06-12 17:47:37.973259',130,'104',0),(134,'2024-06-12 17:47:37.973259',131,'bolsista_26',0),(135,'2024-06-12 17:47:37.973259',132,'206',0),(136,'2024-06-12 17:47:37.973259',133,'104',0),(137,'2024-06-12 17:47:37.973259',134,'bolsista_27',0),(138,'2024-06-12 17:47:37.973259',135,'207',0),(139,'2024-06-12 17:47:37.973259',136,'104',0),(140,'2024-06-12 17:47:37.973259',137,'bolsista_28',0),(141,'2024-06-12 17:47:37.973259',138,'208',0),(142,'2024-06-12 17:47:37.973259',139,'104',0),(143,'2024-06-12 17:47:37.973259',140,'bolsista_29',0),(144,'2024-06-12 17:47:37.973259',141,'209',0),(145,'2024-06-12 17:47:37.973259',142,'104',0),(146,'2024-06-12 17:47:37.973259',143,'bolsista_30',0),(147,'2024-06-12 17:47:37.973259',144,'210',0),(148,'2024-06-12 17:47:37.973259',145,'104',0),(149,'2024-06-12 17:47:37.973259',146,'bolsista_31',0),(150,'2024-06-12 17:47:37.973259',147,'211',0),(151,'2024-06-12 17:47:37.973259',148,'104',0),(152,'2024-06-12 17:47:37.973259',149,'bolsista_32',0),(153,'2024-06-12 17:47:37.973259',150,'212',0),(154,'2024-06-12 17:47:37.973259',151,'104',0),(155,'2024-06-12 17:47:37.973259',152,'bolsista_33',0),(156,'2024-06-12 17:47:37.973259',153,'213',0),(157,'2024-06-12 17:47:37.973259',154,'104',0),(158,'2024-06-12 17:47:37.973259',155,'bolsista_34',0),(159,'2024-06-12 17:47:37.973259',156,'214',0),(160,'2024-06-12 17:47:37.973259',157,'104',0),(161,'2024-06-12 17:47:37.973259',158,'bolsista_35',0),(162,'2024-06-12 17:47:37.973259',159,'215',0),(163,'2024-06-12 17:47:37.973259',160,'104',0),(164,'2024-06-12 17:47:37.973259',161,'bolsista_36',0),(165,'2024-06-12 17:47:37.973259',162,'216',0),(166,'2024-06-12 17:47:37.973259',163,'104',0),(167,'2024-06-12 17:47:37.973259',164,'bolsista_37',0),(168,'2024-06-12 17:47:37.973259',165,'217',0),(169,'2024-06-12 17:47:37.973259',166,'8',0),(170,'2024-06-12 17:47:37.973259',167,'95',0),(171,'2024-06-12 17:47:37.973259',168,'ANEXO II do Art. 39',0),(172,'2024-06-12 17:47:37.973259',169,'6',0),(173,'2024-06-12 17:47:37.973259',170,'23',0),(174,'2024-06-12 17:47:37.973259',171,'163',0),(175,'2024-06-12 17:47:37.973259',172,'rafael.png',0),(176,'2024-06-12 17:47:37.973259',173,'10',0),(177,'2024-06-12 17:47:37.973259',174,'95',0),(178,'2024-06-12 17:47:37.973259',175,'Acumula o papel de Ouvidoria, de acordo com o Portaria Fundacentro nº1230/23',0),(179,'2024-06-12 17:47:37.973259',176,'Portaria FUNDACENTRO nº 1230/23',0),(180,'2024-06-12 17:47:37.973259',177,'13',0),(181,'2024-06-12 17:47:37.973259',178,'39',0),(182,'2024-06-12 17:47:37.973259',179,'164',0),(183,'2024-06-12 17:47:37.973259',180,'jose-cloves.jpg',0),(184,'2024-06-12 17:47:37.973259',181,'11',0),(185,'2024-06-12 17:47:37.973259',182,'95',0),(186,'2024-06-12 17:47:37.973259',183,'ANEXO II do Art. 39',0),(187,'2024-06-12 17:47:37.973259',184,'13',0),(188,'2024-06-12 17:47:37.973259',185,'89',0),(189,'2024-06-12 17:47:37.973259',186,'173',0),(190,'2024-06-12 17:47:37.973259',187,'55',0),(191,'2024-06-12 17:47:37.973259',188,'95',0),(192,'2024-06-12 17:47:37.973259',189,'alínea (d) do item II do Art. 3o do Regimento Interno (Portaria No. 725).',0),(193,'2024-06-12 17:47:37.973259',190,'10',0),(194,'2024-06-12 17:47:37.973259',191,'63',0),(195,'2024-06-12 17:47:37.973259',192,'25',0),(196,'2024-06-12 17:47:37.973259',193,'cristiane.png',0),(197,'2024-06-12 17:47:37.973259',194,'96',0),(198,'2024-06-12 17:47:37.973259',195,'alínea (d) do item II do Art. 3o do Regimento Interno (Portaria No. 725).',0),(199,'2024-06-12 17:47:37.973259',196,'26',0),(200,'2024-06-12 17:47:37.973259',197,'63',0),(201,'2024-06-12 17:47:37.973259',198,'32',0),(202,'2024-06-12 17:47:37.973259',199,'56',0),(203,'2024-06-12 17:47:37.973259',200,'95',0),(204,'2024-06-12 17:47:37.973259',201,'ANEXO II do Art. 39 da Portaria 752',0),(205,'2024-06-12 17:47:37.973259',202,'10',0),(206,'2024-06-12 17:47:37.973259',203,'67',0),(207,'2024-06-12 17:47:37.973259',204,'32',0),(208,'2024-06-12 17:47:37.973259',205,'debora.png',0),(209,'2024-06-12 17:47:37.973259',206,'96',0),(210,'2024-06-12 17:47:37.973259',207,'ANEXO II do Art. 39 da Portaria 752',0),(211,'2024-06-12 17:47:37.973259',208,'25',0),(212,'2024-06-12 17:47:37.973259',209,'67',0),(213,'2024-06-12 17:47:37.973259',210,'166',0),(214,'2024-06-12 17:47:37.973259',211,'2',0),(215,'2024-06-12 17:47:37.973259',212,'95',0),(216,'2024-06-12 17:47:37.973259',213,'alínea (b) do item III do Art. 3o do Regimento Interno (Portaria No. 725).',0),(217,'2024-06-12 17:47:37.973259',214,'4',0),(218,'2024-06-12 17:47:37.973259',215,'56',0),(219,'2024-06-12 17:47:37.973259',216,'27',0),(220,'2024-06-12 17:47:37.973259',217,'dalton.png',0),(221,'2024-06-12 17:47:37.973259',218,'96',0),(222,'2024-06-12 17:47:37.973259',219,'alínea (b) do item III do Art. 3o do Regimento Interno (Portaria No. 725).',0),(223,'2024-06-12 17:47:37.973259',220,'19',0),(224,'2024-06-12 17:47:37.973259',221,'56',0),(225,'2024-06-12 17:47:37.973259',222,'166',0),(226,'2024-06-12 17:47:37.973259',223,'3',0),(227,'2024-06-12 17:47:37.973259',224,'95',0),(228,'2024-06-12 17:47:37.973259',225,'ANEXO II do Art. 39 da Portaria 752',0),(229,'2024-06-12 17:47:37.973259',226,'8',0),(230,'2024-06-12 17:47:37.973259',227,'80',0),(231,'2024-06-12 17:47:37.973259',228,'72',0),(232,'2024-06-12 17:47:37.973259',229,'Gustavo.png',0),(233,'2024-06-12 17:47:37.973259',230,'96',0),(234,'2024-06-12 17:47:37.973259',231,'ANEXO II do Art. 39 da Portaria 752',0),(235,'2024-06-12 17:47:37.973259',232,'22',0),(236,'2024-06-12 17:47:37.973259',233,'80',0),(237,'2024-06-12 17:47:37.973259',234,'166',0),(238,'2024-06-12 17:47:37.973259',235,'4',0),(239,'2024-06-12 17:47:37.973259',236,'95',0),(240,'2024-06-12 17:47:37.973259',237,'alínea (a) do item III do Art. 3o do Regimento Interno (Portaria No. 725).',0),(241,'2024-06-12 17:47:37.973259',238,'5',0),(242,'2024-06-12 17:47:37.973259',239,'56',0),(243,'2024-06-12 17:47:37.973259',240,'165',0),(244,'2024-06-12 17:47:37.973259',241,'96',0),(245,'2024-06-12 17:47:37.973259',242,'alínea (a) do item III do Art. 3o do Regimento Interno (Portaria No. 725).',0),(246,'2024-06-12 17:47:37.973259',243,'20',0),(247,'2024-06-12 17:47:37.973259',244,'56',0),(248,'2024-06-12 17:47:37.973259',245,'166',0),(249,'2024-06-12 17:47:37.973259',246,'5',0),(250,'2024-06-12 17:47:37.973259',247,'95',0),(251,'2024-06-12 17:47:37.973259',248,'ANEXO II do Art. 39',0),(252,'2024-06-12 17:47:37.973259',249,'8',0),(253,'2024-06-12 17:47:37.973259',250,'80',0),(254,'2024-06-12 17:47:37.973259',251,'170',0),(255,'2024-06-12 17:47:37.973259',252,'96',0),(256,'2024-06-12 17:47:37.973259',253,'ANEXO II do Art. 39',0),(257,'2024-06-12 17:47:37.973259',254,'22',0),(258,'2024-06-12 17:47:37.973259',255,'80',0),(259,'2024-06-12 17:47:37.973259',256,'166',0),(260,'2024-06-12 17:47:37.973259',257,'22',0),(261,'2024-06-12 17:47:37.973259',258,'95',0),(262,'2024-06-12 17:47:37.973259',259,'alínea (c) do item III do Art. 3o do Regimento Interno (Portaria No. 725).',0),(263,'2024-06-12 17:47:37.973259',260,'9',0),(264,'2024-06-12 17:47:37.973259',261,'59',0),(265,'2024-06-12 17:47:37.973259',262,'177',0),(266,'2024-06-12 17:47:37.973259',263,'96',0),(267,'2024-06-12 17:47:37.973259',264,'alínea (c) do item III do Art. 3o do Regimento Interno (Portaria No. 725).',0),(268,'2024-06-12 17:47:37.973259',265,'24',0),(269,'2024-06-12 17:47:37.973259',266,'59',0),(270,'2024-06-12 17:47:37.973259',267,'166',0),(271,'2024-06-12 17:47:37.973259',268,'16',0),(272,'2024-06-12 17:47:37.973259',269,'95',0),(273,'2024-06-12 17:47:37.973259',270,'alínea (c) do item II do Art. 3o do Regimento Interno (Portaria No. 725).',0),(274,'2024-06-12 17:47:37.973259',271,'11',0),(275,'2024-06-12 17:47:37.973259',272,'56',0),(276,'2024-06-12 17:47:37.973259',273,'157',0),(277,'2024-06-12 17:47:37.973259',274,'vania.png',0),(278,'2024-06-12 17:47:37.973259',275,'96',0),(279,'2024-06-12 17:47:37.973259',276,'alínea (c) do item II do Art. 3o do Regimento Interno (Portaria No. 725).',0),(280,'2024-06-12 17:47:37.973259',277,'26',0),(281,'2024-06-12 17:47:37.973259',278,'56',0),(282,'2024-06-12 17:47:37.973259',279,'166',0),(283,'2024-06-12 17:47:37.973259',280,'17',0),(284,'2024-06-12 17:47:37.973259',281,'95',0),(285,'2024-06-12 17:47:37.973259',282,'ANEXO II do Art. 39 da Portaria 752',0),(286,'2024-06-12 17:47:37.973259',283,'10',0),(287,'2024-06-12 17:47:37.973259',284,'67',0),(288,'2024-06-12 17:47:37.973259',285,'11',0),(289,'2024-06-12 17:47:37.973259',286,'96',0),(290,'2024-06-12 17:47:37.973259',287,'ANEXO II do Art. 39 da Portaria 752',0),(291,'2024-06-12 17:47:37.973259',288,'25',0),(292,'2024-06-12 17:47:37.973259',289,'67',0),(293,'2024-06-12 17:47:37.973259',290,'166',0),(294,'2024-06-12 17:47:37.973259',291,'52',0),(295,'2024-06-12 17:47:37.973259',292,'95',0),(296,'2024-06-12 17:47:37.973259',293,'ANEXO II do Art. 39 da Portaria 752',0),(297,'2024-06-12 17:47:37.973259',294,'10',0),(298,'2024-06-12 17:47:37.973259',295,'64',0),(299,'2024-06-12 17:47:37.973259',296,'135',0),(300,'2024-06-12 17:47:37.973259',297,'96',0),(301,'2024-06-12 17:47:37.973259',298,'ANEXO II do Art. 39 da Portaria 752',0),(302,'2024-06-12 17:47:37.973259',299,'25',0),(303,'2024-06-12 17:47:37.973259',300,'64',0),(304,'2024-06-12 17:47:37.973259',301,'166',0),(305,'2024-06-12 17:47:37.973259',302,'18',0),(306,'2024-06-12 17:47:37.973259',303,'95',0),(307,'2024-06-12 17:47:37.973259',304,'ANEXO II do Art. 39 da Portaria 752',0),(308,'2024-06-12 17:47:37.973259',305,'10',0),(309,'2024-06-12 17:47:37.973259',306,'67',0),(310,'2024-06-12 17:47:37.973259',307,'109',0),(311,'2024-06-12 17:47:37.973259',308,'96',0),(312,'2024-06-12 17:47:37.973259',309,'ANEXO II do Art. 39 da Portaria 752',0),(313,'2024-06-12 17:47:37.973259',310,'25',0),(314,'2024-06-12 17:47:37.973259',311,'67',0),(315,'2024-06-12 17:47:37.973259',312,'166',0),(316,'2024-06-12 17:47:37.973259',313,'97',0),(317,'2024-06-12 17:47:37.973259',314,'Equipe',0),(318,'2024-06-12 17:47:37.973259',315,'103',0),(319,'2024-06-12 17:47:37.973259',316,'servidor 1',0),(320,'2024-06-12 17:47:37.973259',317,'142',0),(321,'2024-06-12 17:47:37.973259',318,'103',0),(322,'2024-06-12 17:47:37.973259',319,'servidor 2',0),(323,'2024-06-12 17:47:37.973259',320,'166',0),(324,'2024-06-12 17:47:37.973259',321,'60',0),(325,'2024-06-12 17:47:37.973259',322,'95',0),(326,'2024-06-12 17:47:37.973259',323,'ANEXO II do Art. 39 da Portaria 752',0),(327,'2024-06-12 17:47:37.973259',324,'10',0),(328,'2024-06-12 17:47:37.973259',325,'64',0),(329,'2024-06-12 17:47:37.973259',326,'158',0),(330,'2024-06-12 17:47:37.973259',327,'96',0),(331,'2024-06-12 17:47:37.973259',328,'ANEXO II do Art. 39 da Portaria 752',0),(332,'2024-06-12 17:47:37.973259',329,'25',0),(333,'2024-06-12 17:47:37.973259',330,'64',0),(334,'2024-06-12 17:47:37.973259',331,'166',0),(335,'2024-06-12 17:47:37.973259',332,'23',0),(336,'2024-06-12 17:47:37.973259',333,'95',0),(337,'2024-06-12 17:47:37.973259',334,'item 2 da alínea (c) do item II do Art. 3o da Portaria 752',0),(338,'2024-06-12 17:47:37.973259',335,'12',0),(339,'2024-06-12 17:47:37.973259',336,'59',0),(340,'2024-06-12 17:47:37.973259',337,'153',0),(341,'2024-06-12 17:47:37.973259',338,'96',0),(342,'2024-06-12 17:47:37.973259',339,'item 2 da alínea (c) do item II do Art. 3o da Portaria 752',0),(343,'2024-06-12 17:47:37.973259',340,'27',0),(344,'2024-06-12 17:47:37.973259',341,'59',0),(345,'2024-06-12 17:47:37.973259',342,'166',0),(346,'2024-06-12 17:47:37.973259',343,'97',0),(347,'2024-06-12 17:47:37.973259',344,'103',0),(348,'2024-06-12 17:47:37.973259',345,'servidor 1',0),(349,'2024-06-12 17:47:37.973259',346,'117',0),(350,'2024-06-12 17:47:37.973259',347,'19',0),(351,'2024-06-12 17:47:37.973259',348,'95',0),(352,'2024-06-12 17:47:37.973259',349,'item 1 da alínea (c) do item II do Art. 39 da Portaria 752',0),(353,'2024-06-12 17:47:37.973259',350,'12',0),(354,'2024-06-12 17:47:37.973259',351,'59',0),(355,'2024-06-12 17:47:37.973259',352,'149',0),(356,'2024-06-12 17:47:37.973259',353,'96',0),(357,'2024-06-12 17:47:37.973259',354,'item 1 da alínea (c) do item II do Art. 39 da Portaria 752',0),(358,'2024-06-12 17:47:37.973259',355,'27',0),(359,'2024-06-12 17:47:37.973259',356,'59',0),(360,'2024-06-12 17:47:37.973259',357,'166',0),(361,'2024-06-12 17:47:37.973259',358,'97',0),(362,'2024-06-12 17:47:37.973259',359,'103',0),(363,'2024-06-12 17:47:37.973259',360,'servidor 1',0),(364,'2024-06-12 17:47:37.973259',361,'60',0),(365,'2024-06-12 17:47:37.973259',362,'73',0),(366,'2024-06-12 17:47:37.973259',363,'95',0),(367,'2024-06-12 17:47:37.973259',364,'alínea (c) do item IV do Art. 3o do Regimento Interno (Portaria No. 725).',0),(368,'2024-06-12 17:47:37.973259',365,'2',0),(369,'2024-06-12 17:47:37.973259',366,'4',0),(370,'2024-06-12 17:47:37.973259',367,'167',0),(371,'2024-06-12 17:47:37.973259',368,'remidio.jpg',0),(372,'2024-06-12 17:47:37.973259',369,'96',0),(373,'2024-06-12 17:47:37.973259',370,'alínea (c) do item IV do Art. 3o do Regimento Interno (Portaria No. 725).',0),(374,'2024-06-12 17:47:37.973259',371,'17',0),(375,'2024-06-12 17:47:37.973259',372,'4',0),(376,'2024-06-12 17:47:37.973259',373,'166',0),(377,'2024-06-12 17:47:37.973259',374,'101',0),(378,'2024-06-12 17:47:37.973259',375,'95',0),(379,'2024-06-12 17:47:37.973259',376,'ANEXO II do Art. 39',0),(380,'2024-06-12 17:47:37.973259',377,'13',0),(381,'2024-06-12 17:47:37.973259',378,'89',0),(382,'2024-06-12 17:47:37.973259',379,'176',0),(383,'2024-06-12 17:47:37.973259',380,'ciomar.png',0),(384,'2024-06-12 17:47:37.973259',381,'102',0),(385,'2024-06-12 17:47:37.973259',382,'95',0),(386,'2024-06-12 17:47:37.973259',383,'ANEXO II do Art. 39',0),(387,'2024-06-12 17:47:37.973259',384,'7',0),(388,'2024-06-12 17:47:37.973259',385,'26',0),(389,'2024-06-12 17:47:37.973259',386,'175',0),(390,'2024-06-12 17:47:37.973259',387,'20',0),(391,'2024-06-12 17:47:37.973259',388,'95',0),(392,'2024-06-12 17:47:37.973259',389,'alínea (b) do item II do Art. 3o do Regimento Interno (Portaria No. 725).',0),(393,'2024-06-12 17:47:37.973259',390,'12',0),(394,'2024-06-12 17:47:37.973259',391,'59',0),(395,'2024-06-12 17:47:37.973259',392,'77',0),(396,'2024-06-12 17:47:37.973259',393,'96',0),(397,'2024-06-12 17:47:37.973259',394,'alínea (b) do item II do Art. 3o do Regimento Interno (Portaria No. 725).',0),(398,'2024-06-12 17:47:37.973259',395,'27',0),(399,'2024-06-12 17:47:37.973259',396,'59',0),(400,'2024-06-12 17:47:37.973259',397,'166',0),(401,'2024-06-12 17:47:37.973259',398,'15',0),(402,'2024-06-12 17:47:37.973259',399,'95',0),(403,'2024-06-12 17:47:37.973259',400,'item 2 da alínea (c) do item IV do Art. 3o da Portaria 752',0),(404,'2024-06-12 17:47:37.973259',401,'12',0),(405,'2024-06-12 17:47:37.973259',402,'115',0),(406,'2024-06-12 17:47:37.973259',403,'88',0),(407,'2024-06-12 17:47:37.973259',404,'96',0),(408,'2024-06-12 17:47:37.973259',405,'item 2 da alínea (c) do item IV do Art. 3o da Portaria 752',0),(409,'2024-06-12 17:47:37.973259',406,'27',0),(410,'2024-06-12 17:47:37.973259',407,'115',0),(411,'2024-06-12 17:47:37.973259',408,'166',0),(412,'2024-06-12 17:47:37.973259',409,'74',0),(413,'2024-06-12 17:47:37.973259',410,'95',0),(414,'2024-06-12 17:47:37.973259',411,'ANEXO II do Art. 39 da Portaria 752',0),(415,'2024-06-12 17:47:37.973259',412,'10',0),(416,'2024-06-12 17:47:37.973259',413,'115',0),(417,'2024-06-12 17:47:37.973259',414,'170',0),(418,'2024-06-12 17:47:37.973259',415,'96',0),(419,'2024-06-12 17:47:37.973259',416,'ANEXO II do Art. 39 da Portaria 752',0),(420,'2024-06-12 17:47:37.973259',417,'25',0),(421,'2024-06-12 17:47:37.973259',418,'115',0),(422,'2024-06-12 17:47:37.973259',419,'166',0),(423,'2024-06-12 17:47:37.973259',420,'59',0),(424,'2024-06-12 17:47:37.973259',421,'95',0),(425,'2024-06-12 17:47:37.973259',422,'ANEXO II do Art. 39 da Portaria 752',0),(426,'2024-06-12 17:47:37.973259',423,'10',0),(427,'2024-06-12 17:47:37.973259',424,'64',0),(428,'2024-06-12 17:47:37.973259',425,'49',0),(429,'2024-06-12 17:47:37.973259',426,'96',0),(430,'2024-06-12 17:47:37.973259',427,'ANEXO II do Art. 39 da Portaria 752',0),(431,'2024-06-12 17:47:37.973259',428,'25',0),(432,'2024-06-12 17:47:37.973259',429,'64',0),(433,'2024-06-12 17:47:37.973259',430,'166',0),(434,'2024-06-12 17:47:37.973259',431,'54',0),(435,'2024-06-12 17:47:37.973259',432,'95',0),(436,'2024-06-12 17:47:37.973259',433,'ANEXO II do Art. 39 da Portaria 752',0),(437,'2024-06-12 17:47:37.973259',434,'10',0),(438,'2024-06-12 17:47:37.973259',435,'115',0),(439,'2024-06-12 17:47:37.973259',436,'170',0),(440,'2024-06-12 17:47:37.973259',437,'96',0),(441,'2024-06-12 17:47:37.973259',438,'ANEXO II do Art. 39 da Portaria 752',0),(442,'2024-06-12 17:47:37.973259',439,'25',0),(443,'2024-06-12 17:47:37.973259',440,'115',0),(444,'2024-06-12 17:47:37.973259',441,'166',0),(445,'2024-06-12 17:47:37.973259',442,'68',0),(446,'2024-06-12 17:47:37.973259',443,'95',0),(447,'2024-06-12 17:47:37.973259',444,'ANEXO II do Art. 39 da Portaria 752',0),(448,'2024-06-12 17:47:37.973259',445,'10',0),(449,'2024-06-12 17:47:37.973259',446,'115',0),(450,'2024-06-12 17:47:37.973259',447,'170',0),(451,'2024-06-12 17:47:37.973259',448,'96',0),(452,'2024-06-12 17:47:37.973259',449,'ANEXO II do Art. 39 da Portaria 752',0),(453,'2024-06-12 17:47:37.973259',450,'125',0),(454,'2024-06-12 17:47:37.973259',451,'115',0),(455,'2024-06-12 17:47:37.973259',452,'166',0),(456,'2024-06-12 17:47:37.973259',453,'24',0),(457,'2024-06-12 17:47:37.973259',454,'95',0),(458,'2024-06-12 17:47:37.973259',455,'item 1 da alínea (c) do item IV do Art. 3o da Portaria 752',0),(459,'2024-06-12 17:47:37.973259',456,'12',0),(460,'2024-06-12 17:47:37.973259',457,'59',0),(461,'2024-06-12 17:47:37.973259',458,'37',0),(462,'2024-06-12 17:47:37.973259',459,'96',0),(463,'2024-06-12 17:47:37.973259',460,'item 1 da alínea (c) do item IV do Art. 3o da Portaria 752',0),(464,'2024-06-12 17:47:37.973259',461,'27',0),(465,'2024-06-12 17:47:37.973259',462,'59',0),(466,'2024-06-12 17:47:37.973259',463,'166',0),(467,'2024-06-12 17:47:37.973259',464,'70',0),(468,'2024-06-12 17:47:37.973259',465,'95',0),(469,'2024-06-12 17:47:37.973259',466,'ANEXO II do Art. 39 da Portaria 752',0),(470,'2024-06-12 17:47:37.973259',467,'10',0),(471,'2024-06-12 17:47:37.973259',468,'115',0),(472,'2024-06-12 17:47:37.973259',469,'170',0),(473,'2024-06-12 17:47:37.973259',470,'96',0),(474,'2024-06-12 17:47:37.973259',471,'ANEXO II do Art. 39 da Portaria 752',0),(475,'2024-06-12 17:47:37.973259',472,'25',0),(476,'2024-06-12 17:47:37.973259',473,'115',0),(477,'2024-06-12 17:47:37.973259',474,'166',0),(478,'2024-06-12 17:47:37.973259',475,'69',0),(479,'2024-06-12 17:47:37.973259',476,'95',0),(480,'2024-06-12 17:47:37.973259',477,'ANEXO II do Art. 39 da Portaria 752',0),(481,'2024-06-12 17:47:37.973259',478,'10',0),(482,'2024-06-12 17:47:37.973259',479,'115',0),(483,'2024-06-12 17:47:37.973259',480,'170',0),(484,'2024-06-12 17:47:37.973259',481,'96',0),(485,'2024-06-12 17:47:37.973259',482,'ANEXO II do Art. 39 da Portaria 752',0),(486,'2024-06-12 17:47:37.973259',483,'25',0),(487,'2024-06-12 17:47:37.973259',484,'115',0),(488,'2024-06-12 17:47:37.973259',485,'166',0),(489,'2024-06-12 17:47:37.973259',486,'25',0),(490,'2024-06-12 17:47:37.973259',487,'95',0),(491,'2024-06-12 17:47:37.973259',488,'alínea (a) do item IV do Art. 3o do Regimento Interno (Portaria No. 725).',0),(492,'2024-06-12 17:47:37.973259',489,'2',0),(493,'2024-06-12 17:47:37.973259',490,'54',0),(494,'2024-06-12 17:47:37.973259',491,'168',0),(495,'2024-06-12 17:47:37.973259',492,'96',0),(496,'2024-06-12 17:47:37.973259',493,'alínea (a) do item IV do Art. 3o do Regimento Interno (Portaria No. 725).',0),(497,'2024-06-12 17:47:37.973259',494,'17',0),(498,'2024-06-12 17:47:37.973259',495,'54',0),(499,'2024-06-12 17:47:37.973259',496,'166',0),(500,'2024-06-12 17:47:37.973259',497,'26',0),(501,'2024-06-12 17:47:37.973259',498,'95',0),(502,'2024-06-12 17:47:37.973259',499,'ANEXO II do Art.39 da Portaria 752',0),(503,'2024-06-12 17:47:37.973259',500,'7',0),(504,'2024-06-12 17:47:37.973259',501,'26',0),(505,'2024-06-12 17:47:37.973259',502,'4',0),(506,'2024-06-12 17:47:37.973259',503,'96',0),(507,'2024-06-12 17:47:37.973259',504,'ANEXO II do Art.39 da Portaria 752',0),(508,'2024-06-12 17:47:37.973259',505,'22',0),(509,'2024-06-12 17:47:37.973259',506,'26',0),(510,'2024-06-12 17:47:37.973259',507,'166',0),(511,'2024-06-12 17:47:37.973259',508,'90',0),(512,'2024-06-12 17:47:37.973259',509,'95',0),(513,'2024-06-12 17:47:37.973259',510,'item 1 da alínea (a) do Item IV do Art. 3o da Portaria 752',0),(514,'2024-06-12 17:47:37.973259',511,'12',0),(515,'2024-06-12 17:47:37.973259',512,'59',0),(516,'2024-06-12 17:47:37.973259',513,'171',0),(517,'2024-06-12 17:47:37.973259',514,'96',0),(518,'2024-06-12 17:47:37.973259',515,'item 1 da alínea (a) do Item IV do Art. 3o da Portaria 752',0),(519,'2024-06-12 17:47:37.973259',516,'27',0),(520,'2024-06-12 17:47:37.973259',517,'59',0),(521,'2024-06-12 17:47:37.973259',518,'166',0),(522,'2024-06-12 17:47:37.973259',519,'63',0),(523,'2024-06-12 17:47:37.973259',520,'95',0),(524,'2024-06-12 17:47:37.973259',521,'ANEXO II do Art.39 da Portaria 752',0),(525,'2024-06-12 17:47:37.973259',522,'10',0),(526,'2024-06-12 17:47:37.973259',523,'64',0),(527,'2024-06-12 17:47:37.973259',524,'55',0),(528,'2024-06-12 17:47:37.973259',525,'96',0),(529,'2024-06-12 17:47:37.973259',526,'ANEXO II do Art.39 da Portaria 752',0),(530,'2024-06-12 17:47:37.973259',527,'25',0),(531,'2024-06-12 17:47:37.973259',528,'64',0),(532,'2024-06-12 17:47:37.973259',529,'166',0),(533,'2024-06-12 17:47:37.973259',530,'27',0),(534,'2024-06-12 17:47:37.973259',531,'95',0),(535,'2024-06-12 17:47:37.973259',532,'ANEXO II do Art.39 da Portaria 752',0),(536,'2024-06-12 17:47:37.973259',533,'10',0),(537,'2024-06-12 17:47:37.973259',534,'66',0),(538,'2024-06-12 17:47:37.973259',535,'140',0),(539,'2024-06-12 17:47:37.973259',536,'96',0),(540,'2024-06-12 17:47:37.973259',537,'ANEXO II do Art.39 da Portaria 752',0),(541,'2024-06-12 17:47:37.973259',538,'25',0),(542,'2024-06-12 17:47:37.973259',539,'66',0),(543,'2024-06-12 17:47:37.973259',540,'166',0),(544,'2024-06-12 17:47:37.973259',541,'58',0),(545,'2024-06-12 17:47:37.973259',542,'95',0),(546,'2024-06-12 17:47:37.973259',543,'ANEXO II do Art.39 da Portaria 752',0),(547,'2024-06-12 17:47:37.973259',544,'10',0),(548,'2024-06-12 17:47:37.973259',545,'115',0),(549,'2024-06-12 17:47:37.973259',546,'85',0),(550,'2024-06-12 17:47:37.973259',547,'96',0),(551,'2024-06-12 17:47:37.973259',548,'ANEXO II do Art.39 da Portaria 752',0),(552,'2024-06-12 17:47:37.973259',549,'25',0),(553,'2024-06-12 17:47:37.973259',550,'115',0),(554,'2024-06-12 17:47:37.973259',551,'166',0),(555,'2024-06-12 17:47:37.973259',552,'97',0),(556,'2024-06-12 17:47:37.973259',553,'servidores',0),(557,'2024-06-12 17:47:37.973259',554,'103',0),(558,'2024-06-12 17:47:37.973259',555,'servidor 1',0),(559,'2024-06-12 17:47:37.973259',556,'100',0),(560,'2024-06-12 17:47:37.973259',557,'66',0),(561,'2024-06-12 17:47:37.973259',558,'95',0),(562,'2024-06-12 17:47:37.973259',559,'ANEXO II do Art.39 da Portaria 752',0),(563,'2024-06-12 17:47:37.973259',560,'10',0),(564,'2024-06-12 17:47:37.973259',561,'115',0),(565,'2024-06-12 17:47:37.973259',562,'99',0),(566,'2024-06-12 17:47:37.973259',563,'96',0),(567,'2024-06-12 17:47:37.973259',564,'ANEXO II do Art.39 da Portaria 752',0),(568,'2024-06-12 17:47:37.973259',565,'25',0),(569,'2024-06-12 17:47:37.973259',566,'115',0),(570,'2024-06-12 17:47:37.973259',567,'166',0),(571,'2024-06-12 17:47:37.973259',568,'28',0),(572,'2024-06-12 17:47:37.973259',569,'95',0),(573,'2024-06-12 17:47:37.973259',570,'ANEXO II do Art.39 da Portaria 752',0),(574,'2024-06-12 17:47:37.973259',571,'10',0),(575,'2024-06-12 17:47:37.973259',572,'115',0),(576,'2024-06-12 17:47:37.973259',573,'34',0),(577,'2024-06-12 17:47:37.973259',574,'96',0),(578,'2024-06-12 17:47:37.973259',575,'ANEXO II do Art.39 da Portaria 752',0),(579,'2024-06-12 17:47:37.973259',576,'25',0),(580,'2024-06-12 17:47:37.973259',577,'115',0),(581,'2024-06-12 17:47:37.973259',578,'166',0),(582,'2024-06-12 17:47:37.973259',579,'97',0),(583,'2024-06-12 17:47:37.973259',580,'103',0),(584,'2024-06-12 17:47:37.973259',581,'servidor 1',0),(585,'2024-06-12 17:47:37.973259',582,'35',0),(586,'2024-06-12 17:47:37.973259',583,'103',0),(587,'2024-06-12 17:47:37.973259',584,'servidor 2',0),(588,'2024-06-12 17:47:37.973259',585,'74',0),(589,'2024-06-12 17:47:37.973259',586,'103',0),(590,'2024-06-12 17:47:37.973259',587,'servidor 3',0),(591,'2024-06-12 17:47:37.973259',588,'54',0),(592,'2024-06-12 17:47:37.973259',589,'67',0),(593,'2024-06-12 17:47:37.973259',590,'95',0),(594,'2024-06-12 17:47:37.973259',591,'ANEXO II do Art.39 da Portaria 752',0),(595,'2024-06-12 17:47:37.973259',592,'10',0),(596,'2024-06-12 17:47:37.973259',593,'115',0),(597,'2024-06-12 17:47:37.973259',594,'134',0),(598,'2024-06-12 17:47:37.973259',595,'96',0),(599,'2024-06-12 17:47:37.973259',596,'ANEXO II do Art.39 da Portaria 752',0),(600,'2024-06-12 17:47:37.973259',597,'25',0),(601,'2024-06-12 17:47:37.973259',598,'115',0),(602,'2024-06-12 17:47:37.973259',599,'166',0),(603,'2024-06-12 17:47:37.973259',600,'97',0),(604,'2024-06-12 17:47:37.973259',601,'servidores',0),(605,'2024-06-12 17:47:37.973259',602,'103',0),(606,'2024-06-12 17:47:37.973259',603,'servidor 1',0),(607,'2024-06-12 17:47:37.973259',604,'3',0),(608,'2024-06-12 17:47:37.973259',605,'103',0),(609,'2024-06-12 17:47:37.973259',606,'servidor 2',0),(610,'2024-06-12 17:47:37.973259',607,'136',0),(611,'2024-06-12 17:47:37.973259',608,'21',0),(612,'2024-06-12 17:47:37.973259',609,'95',0),(613,'2024-06-12 17:47:37.973259',610,'item 2 da alínea (a) do item IV do Art. 3o da Portaria 752',0),(614,'2024-06-12 17:47:37.973259',611,'12',0),(615,'2024-06-12 17:47:37.973259',612,'59',0),(616,'2024-06-12 17:47:37.973259',613,'17',0),(617,'2024-06-12 17:47:37.973259',614,'96',0),(618,'2024-06-12 17:47:37.973259',615,'item 2 da alínea (a) do item IV do Art. 3o da Portaria 752',0),(619,'2024-06-12 17:47:37.973259',616,'27',0),(620,'2024-06-12 17:47:37.973259',617,'59',0),(621,'2024-06-12 17:47:37.973259',618,'166',0),(622,'2024-06-12 17:47:37.973259',619,'62',0),(623,'2024-06-12 17:47:37.973259',620,'95',0),(624,'2024-06-12 17:47:37.973259',621,'ANEXO II do Art. 39 da Portaria 752',0),(625,'2024-06-12 17:47:37.973259',622,'10',0),(626,'2024-06-12 17:47:37.973259',623,'115',0),(627,'2024-06-12 17:47:37.973259',624,'170',0),(628,'2024-06-12 17:47:37.973259',625,'96',0),(629,'2024-06-12 17:47:37.973259',626,'ANEXO II do Art. 39 da Portaria 752',0),(630,'2024-06-12 17:47:37.973259',627,'25',0),(631,'2024-06-12 17:47:37.973259',628,'115',0),(632,'2024-06-12 17:47:37.973259',629,'166',0),(633,'2024-06-12 17:47:37.973259',630,'29',0),(634,'2024-06-12 17:47:37.973259',631,'95',0),(635,'2024-06-12 17:47:37.973259',632,'ANEXO II do Art.39 da Portaria 752',0),(636,'2024-06-12 17:47:37.973259',633,'10',0),(637,'2024-06-12 17:47:37.973259',634,'115',0),(638,'2024-06-12 17:47:37.973259',635,'170',0),(639,'2024-06-12 17:47:37.973259',636,'96',0),(640,'2024-06-12 17:47:37.973259',637,'ANEXO II do Art.39 da Portaria 752',0),(641,'2024-06-12 17:47:37.973259',638,'25',0),(642,'2024-06-12 17:47:37.973259',639,'115',0),(643,'2024-06-12 17:47:37.973259',640,'166',0),(644,'2024-06-12 17:47:37.973259',641,'97',0),(645,'2024-06-12 17:47:37.973259',642,'servidores',0),(646,'2024-06-12 17:47:37.973259',643,'103',0),(647,'2024-06-12 17:47:37.973259',644,'servidor 1',0),(648,'2024-06-12 17:47:37.973259',645,'4',0),(649,'2024-06-12 17:47:37.973259',646,'103',0),(650,'2024-06-12 17:47:37.973259',647,'servidor 2',0),(651,'2024-06-12 17:47:37.973259',648,'73',0),(652,'2024-06-12 17:47:37.973259',649,'57',0),(653,'2024-06-12 17:47:37.973259',650,'95',0),(654,'2024-06-12 17:47:37.973259',651,'ANEXO II do Art. 39 da Portaria 752',0),(655,'2024-06-12 17:47:37.973259',652,'10',0),(656,'2024-06-12 17:47:37.973259',653,'115',0),(657,'2024-06-12 17:47:37.973259',654,'29',0),(658,'2024-06-12 17:47:37.973259',655,'96',0),(659,'2024-06-12 17:47:37.973259',656,'ANEXO II do Art. 39 da Portaria 752',0),(660,'2024-06-12 17:47:37.973259',657,'25',0),(661,'2024-06-12 17:47:37.973259',658,'115',0),(662,'2024-06-12 17:47:37.973259',659,'166',0),(663,'2024-06-12 17:47:37.973259',660,'97',0),(664,'2024-06-12 17:47:37.973259',661,'servidores',0),(665,'2024-06-12 17:47:37.973259',662,'103',0),(666,'2024-06-12 17:47:37.973259',663,'servidor 1',0),(667,'2024-06-12 17:47:37.973259',664,'81',0),(668,'2024-06-12 17:47:37.973259',665,'103',0),(669,'2024-06-12 17:47:37.973259',666,'servidor 2',0),(670,'2024-06-12 17:47:37.973259',667,'138',0),(671,'2024-06-12 17:47:37.973259',668,'97',0),(672,'2024-06-12 17:47:37.973259',669,'103',0),(673,'2024-06-12 17:47:37.973259',670,'servidora 1',0),(674,'2024-06-12 17:47:37.973259',671,'53',0),(675,'2024-06-12 17:47:37.973259',672,'30',0),(676,'2024-06-12 17:47:37.973259',673,'95',0),(677,'2024-06-12 17:47:37.973259',674,'alínea (b) do item IV do Art. 3o do Regimento Interno (Portaria No. 725).',0),(678,'2024-06-12 17:47:37.973259',675,'2',0),(679,'2024-06-12 17:47:37.973259',676,'4',0),(680,'2024-06-12 17:47:37.973259',677,'169',0),(681,'2024-06-12 17:47:37.973259',678,'Rogerio.jpeg',0),(682,'2024-06-12 17:47:37.973259',679,'96',0),(683,'2024-06-12 17:47:37.973259',680,'alínea (b) do item IV do Art. 3o do Regimento Interno (Portaria No. 725).',0),(684,'2024-06-12 17:47:37.973259',681,'17',0),(685,'2024-06-12 17:47:37.973259',682,'4',0),(686,'2024-06-12 17:47:37.973259',683,'166',0),(687,'2024-06-12 17:47:37.973259',684,'31',0),(688,'2024-06-12 17:47:37.973259',685,'95',0),(689,'2024-06-12 17:47:37.973259',686,'Verificar',0),(690,'2024-06-12 17:47:37.973259',687,'7',0),(691,'2024-06-12 17:47:37.973259',688,'26',0),(692,'2024-06-12 17:47:37.973259',689,'178',0),(693,'2024-06-12 17:47:37.973259',690,'34',0),(694,'2024-06-12 17:47:37.973259',691,'95',0),(695,'2024-06-12 17:47:37.973259',692,'verificar',0),(696,'2024-06-12 17:47:37.973259',693,'14',0),(697,'2024-06-12 17:47:37.973259',694,'92',0),(698,'2024-06-12 17:47:37.973259',695,'162',0),(699,'2024-06-12 17:47:37.973259',696,'96',0),(700,'2024-06-12 17:47:37.973259',697,'verificar',0),(701,'2024-06-12 17:47:37.973259',698,'27',0),(702,'2024-06-12 17:47:37.973259',699,'92',0),(703,'2024-06-12 17:47:37.973259',700,'166',0),(704,'2024-06-12 17:47:37.973259',701,'32',0),(705,'2024-06-12 17:47:37.973259',702,'95',0),(706,'2024-06-12 17:47:37.973259',703,'verificar',0),(707,'2024-06-12 17:47:37.973259',704,'13',0),(708,'2024-06-12 17:47:37.973259',705,'39',0),(709,'2024-06-12 17:47:37.973259',706,'179',0),(710,'2024-06-12 17:47:37.973259',707,'33',0),(711,'2024-06-12 17:47:37.973259',708,'95',0),(712,'2024-06-12 17:47:37.973259',709,'verificar',0),(713,'2024-06-12 17:47:37.973259',710,'13',0),(714,'2024-06-12 17:47:37.973259',711,'89',0),(715,'2024-06-12 17:47:37.973259',712,'180',0),(716,'2024-06-12 17:47:37.973259',713,'14',0),(717,'2024-06-12 17:47:37.973259',714,'95',0),(718,'2024-06-12 17:47:37.973259',715,'item 2 da alínea (b) do Item IV do Art. 3o da Portaria 752',0),(719,'2024-06-12 17:47:37.973259',716,'10',0),(720,'2024-06-12 17:47:37.973259',717,'115',0),(721,'2024-06-12 17:47:37.973259',718,'170',0),(722,'2024-06-12 17:47:37.973259',719,'96',0),(723,'2024-06-12 17:47:37.973259',720,'item 2 da alínea (b) do Item IV do Art. 3o da Portaria 752',0),(724,'2024-06-12 17:47:37.973259',721,'25',0),(725,'2024-06-12 17:47:37.973259',722,'115',0),(726,'2024-06-12 17:47:37.973259',723,'166',0),(727,'2024-06-12 17:47:37.973259',724,'64',0),(728,'2024-06-12 17:47:37.973259',725,'95',0),(729,'2024-06-12 17:47:37.973259',726,'ANEXO II do Art. 39 da Portaria 752',0),(730,'2024-06-12 17:47:37.973259',727,'10',0),(731,'2024-06-12 17:47:37.973259',728,'115',0),(732,'2024-06-12 17:47:37.973259',729,'170',0),(733,'2024-06-12 17:47:37.973259',730,'96',0),(734,'2024-06-12 17:47:37.973259',731,'ANEXO II do Art. 39 da Portaria 752',0),(735,'2024-06-12 17:47:37.973259',732,'25',0),(736,'2024-06-12 17:47:37.973259',733,'115',0),(737,'2024-06-12 17:47:37.973259',734,'166',0),(738,'2024-06-12 17:47:37.973259',735,'65',0),(739,'2024-06-12 17:47:37.973259',736,'95',0),(740,'2024-06-12 17:47:37.973259',737,'ANEXO II do Art. 39 da Portaria 752',0),(741,'2024-06-12 17:47:37.973259',738,'10',0),(742,'2024-06-12 17:47:37.973259',739,'115',0),(743,'2024-06-12 17:47:37.973259',740,'170',0),(744,'2024-06-12 17:47:37.973259',741,'96',0),(745,'2024-06-12 17:47:37.973259',742,'ANEXO II do Art. 39 da Portaria 752',0),(746,'2024-06-12 17:47:37.973259',743,'25',0),(747,'2024-06-12 17:47:37.973259',744,'115',0),(748,'2024-06-12 17:47:37.973259',745,'166',0),(749,'2024-06-12 17:47:37.973259',746,'61',0),(750,'2024-06-12 17:47:37.973259',747,'95',0),(751,'2024-06-12 17:47:37.973259',748,'ANEXO II do Art. 39 da Portaria 752',0),(752,'2024-06-12 17:47:37.973259',749,'10',0),(753,'2024-06-12 17:47:37.973259',750,'115',0),(754,'2024-06-12 17:47:37.973259',751,'170',0),(755,'2024-06-12 17:47:37.973259',752,'96',0),(756,'2024-06-12 17:47:37.973259',753,'ANEXO II do Art. 39 da Portaria 752',0),(757,'2024-06-12 17:47:37.973259',754,'25',0),(758,'2024-06-12 17:47:37.973259',755,'115',0),(759,'2024-06-12 17:47:37.973259',756,'166',0),(760,'2024-06-12 17:47:37.973259',757,'92',0),(761,'2024-06-12 17:47:37.973259',758,'95',0),(762,'2024-06-12 17:47:37.973259',759,'item 1 da alínea (b) do Item IV do Art. 3o da Portaria 752',0),(763,'2024-06-12 17:47:37.973259',760,'10',0),(764,'2024-06-12 17:47:37.973259',761,'115',0),(765,'2024-06-12 17:47:37.973259',762,'170',0),(766,'2024-06-12 17:47:37.973259',763,'96',0),(767,'2024-06-12 17:47:37.973259',764,'item 1 da alínea (b) do Item IV do Art. 3o da Portaria 752',0),(768,'2024-06-12 17:47:37.973259',765,'25',0),(769,'2024-06-12 17:47:37.973259',766,'115',0),(770,'2024-06-12 17:47:37.973259',767,'166',0),(771,'2024-06-12 17:47:37.973259',768,'35',0),(772,'2024-06-12 17:47:37.973259',769,'95',0),(773,'2024-06-12 17:47:37.973259',770,'Verificar',0),(774,'2024-06-12 17:47:37.973259',771,'14',0),(775,'2024-06-12 17:47:37.973259',772,'92',0),(776,'2024-06-12 17:47:37.973259',773,'26',0),(777,'2024-06-12 17:47:37.973259',774,'96',0),(778,'2024-06-12 17:47:37.973259',775,'Verificar',0),(779,'2024-06-12 17:47:37.973259',776,'27',0),(780,'2024-06-12 17:47:37.973259',777,'92',0),(781,'2024-06-12 17:47:37.973259',778,'166',0),(782,'2024-06-12 17:47:37.973259',779,'36',0),(783,'2024-06-12 17:47:37.973259',780,'95',0),(784,'2024-06-12 17:47:37.973259',781,'Verificar',0),(785,'2024-06-12 17:47:37.973259',782,'14',0),(786,'2024-06-12 17:47:37.973259',783,'92',0),(787,'2024-06-12 17:47:37.973259',784,'31',0),(788,'2024-06-12 17:47:37.973259',785,'96',0),(789,'2024-06-12 17:47:37.973259',786,'Verificar',0),(790,'2024-06-12 17:47:37.973259',787,'27',0),(791,'2024-06-12 17:47:37.973259',788,'92',0),(792,'2024-06-12 17:47:37.973259',789,'166',0),(793,'2024-06-12 17:47:37.973259',790,'37',0),(794,'2024-06-12 17:47:37.973259',791,'95',0),(795,'2024-06-12 17:47:37.973259',792,'Verificar',0),(796,'2024-06-12 17:47:37.973259',793,'14',0),(797,'2024-06-12 17:47:37.973259',794,'92',0),(798,'2024-06-12 17:47:37.973259',795,'44',0),(799,'2024-06-12 17:47:37.973259',796,'96',0),(800,'2024-06-12 17:47:37.973259',797,'Verificar',0),(801,'2024-06-12 17:47:37.973259',798,'27',0),(802,'2024-06-12 17:47:37.973259',799,'92',0),(803,'2024-06-12 17:47:37.973259',800,'166',0),(804,'2024-06-12 17:47:37.973259',801,'38',0),(805,'2024-06-12 17:47:37.973259',802,'95',0),(806,'2024-06-12 17:47:37.973259',803,'Verificar',0),(807,'2024-06-12 17:47:37.973259',804,'14',0),(808,'2024-06-12 17:47:37.973259',805,'89',0),(809,'2024-06-12 17:47:37.973259',806,'82',0),(810,'2024-06-12 17:47:37.973259',807,'96',0),(811,'2024-06-12 17:47:37.973259',808,'Verificar',0),(812,'2024-06-12 17:47:37.973259',809,'27',0),(813,'2024-06-12 17:47:37.973259',810,'89',0),(814,'2024-06-12 17:47:37.973259',811,'166',0),(815,'2024-06-12 17:47:37.973259',812,'39',0),(816,'2024-06-12 17:47:37.973259',813,'95',0),(817,'2024-06-12 17:47:37.973259',814,'Verificar',0),(818,'2024-06-12 17:47:37.973259',815,'14',0),(819,'2024-06-12 17:47:37.973259',816,'89',0),(820,'2024-06-12 17:47:37.973259',817,'132',0),(821,'2024-06-12 17:47:37.973259',818,'96',0),(822,'2024-06-12 17:47:37.973259',819,'Verificar',0),(823,'2024-06-12 17:47:37.973259',820,'27',0),(824,'2024-06-12 17:47:37.973259',821,'89',0),(825,'2024-06-12 17:47:37.973259',822,'166',0),(826,'2024-06-12 17:47:37.973259',823,'91',0),(827,'2024-06-12 17:47:37.973259',824,'95',0),(828,'2024-06-12 17:47:37.973259',825,'Setor de Apoio à Diretoria de Pesquisa Aplicada',0),(829,'2024-06-12 17:47:37.973259',826,'ANEXO II do Art. 39 da Portaria 752',0),(830,'2024-06-12 17:47:37.973259',827,'10',0),(831,'2024-06-12 17:47:37.973259',828,'115',0),(832,'2024-06-12 17:47:37.973259',829,'170',0),(833,'2024-06-12 17:47:37.973259',830,'96',0),(834,'2024-06-12 17:47:37.973259',831,'ANEXO II do Art. 39 da Portaria 752',0),(835,'2024-06-12 17:47:37.973259',832,'25',0),(836,'2024-06-12 17:47:37.973259',833,'115',0),(837,'2024-06-12 17:47:37.973259',834,'166',0),(838,'2024-06-12 17:47:37.973259',835,'53',0),(839,'2024-06-12 17:47:37.973259',836,'95',0),(840,'2024-06-12 17:47:37.973259',837,'ANEXO II do Art. 39 da Portaria 752',0),(841,'2024-06-12 17:47:37.973259',838,'10',0),(842,'2024-06-12 17:47:37.973259',839,'115',0),(843,'2024-06-12 17:47:37.973259',840,'170',0),(844,'2024-06-12 17:47:37.973259',841,'96',0),(845,'2024-06-12 17:47:37.973259',842,'ANEXO II do Art. 39 da Portaria 752',0),(846,'2024-06-12 17:47:37.973259',843,'25',0),(847,'2024-06-12 17:47:37.973259',844,'115',0),(848,'2024-06-12 17:47:37.973259',845,'166',0),(849,'2024-06-12 17:47:37.973259',846,'75',0),(850,'2024-06-12 17:47:37.973259',847,'Unidades Descentralizadas',0),(851,'2024-06-12 17:47:37.973259',848,'item V do Art. 3o da Portaria 752',0),(852,'2024-06-12 17:47:37.973259',849,'76',0),(853,'2024-06-12 17:47:37.973259',850,'Escritórios Avançados',0),(854,'2024-06-12 17:47:37.973259',851,'alínea (a) do item V do Art. 3o da Portaria 752',0),(855,'2024-06-12 17:47:37.973259',852,'78',0),(856,'2024-06-12 17:47:37.973259',853,'Escritório Avançado do Estado de Pernambuco',0),(857,'2024-06-12 17:47:37.973259',854,'item 1 da alínea (a) do item V do Art. 3o da Portaria 752',0),(858,'2024-06-12 17:47:37.973259',855,'15',0),(859,'2024-06-12 17:47:37.973259',856,'115',0),(860,'2024-06-12 17:47:37.973259',857,'170',0),(861,'2024-06-12 17:47:37.973259',858,'79',0),(862,'2024-06-12 17:47:37.973259',859,'Escritório Avançado do Distrito Federal',0),(863,'2024-06-12 17:47:37.973259',860,'item 2 da alínea (a) do item V do Art. 3o da Portaria 752',0),(864,'2024-06-12 17:47:37.973259',861,'15',0),(865,'2024-06-12 17:47:37.973259',862,'115',0),(866,'2024-06-12 17:47:37.973259',863,'170',0),(867,'2024-06-12 17:47:37.973259',864,'80',0),(868,'2024-06-12 17:47:37.973259',865,'Escritório Avançado do Estado de Minas Gerais',0),(869,'2024-06-12 17:47:37.973259',866,'item 3 da alínea (a) do item V do Art. 3o da Portaria 752',0),(870,'2024-06-12 17:47:37.973259',867,'15',0),(871,'2024-06-12 17:47:37.973259',868,'115',0),(872,'2024-06-12 17:47:37.973259',869,'170',0),(873,'2024-06-12 17:47:37.973259',870,'81',0),(874,'2024-06-12 17:47:37.973259',871,'Escritório Avançado do Estado do Rio de Janeiro',0),(875,'2024-06-12 17:47:37.973259',872,'item 4 da alínea (a) do item V do Art. 3o da Portaria 752',0),(876,'2024-06-12 17:47:37.973259',873,'15',0),(877,'2024-06-12 17:47:37.973259',874,'115',0),(878,'2024-06-12 17:47:37.973259',875,'170',0),(879,'2024-06-12 17:47:37.973259',876,'82',0),(880,'2024-06-12 17:47:37.973259',877,'Escritório Avançado do Estado de Santa Catarina',0),(881,'2024-06-12 17:47:37.973259',878,'item 5 da alínea (a) do item V do Art. 3o da Portaria 752',0),(882,'2024-06-12 17:47:37.973259',879,'15',0),(883,'2024-06-12 17:47:37.973259',880,'115',0),(884,'2024-06-12 17:47:37.973259',881,'170',0),(885,'2024-06-12 17:47:37.973259',882,'83',0),(886,'2024-06-12 17:47:37.973259',883,'Escritório Avançado do Estado do Pará',0),(887,'2024-06-12 17:47:37.973259',884,'item 6 da alínea (a) do item V do Art. 3o da Portaria 752',0),(888,'2024-06-12 17:47:37.973259',885,'15',0),(889,'2024-06-12 17:47:37.973259',886,'115',0),(890,'2024-06-12 17:47:37.973259',887,'170',0),(891,'2024-06-12 17:47:37.973259',888,'84',0),(892,'2024-06-12 17:47:37.973259',889,'Escritório Avançado do Estado da Bahia',0),(893,'2024-06-12 17:47:37.973259',890,'item 7 da alínea (a) do item V do Art. 3o da Portaria 752',0),(894,'2024-06-12 17:47:37.973259',891,'15',0),(895,'2024-06-12 17:47:37.973259',892,'115',0),(896,'2024-06-12 17:47:37.973259',893,'170',0),(897,'2024-06-12 17:47:37.973259',894,'85',0),(898,'2024-06-12 17:47:37.973259',895,'Escritório Avançado do Estado do Espírito Santo',0),(899,'2024-06-12 17:47:37.973259',896,'item 8 da alínea (a) do item V do Art. 3o da Portaria 752',0),(900,'2024-06-12 17:47:37.973259',897,'15',0),(901,'2024-06-12 17:47:37.973259',898,'115',0),(902,'2024-06-12 17:47:37.973259',899,'170',0),(903,'2024-06-12 17:47:37.973259',900,'86',0),(904,'2024-06-12 17:47:37.973259',901,'Escritório Avançado do Estado do Paraná',0),(905,'2024-06-12 17:47:37.973259',902,'item 9 da alínea (a) do item V do Art. 3o da Portaria 752',0),(906,'2024-06-12 17:47:37.973259',903,'15',0),(907,'2024-06-12 17:47:37.973259',904,'115',0),(908,'2024-06-12 17:47:37.973259',905,'170',0),(909,'2024-06-12 17:47:37.973259',906,'87',0),(910,'2024-06-12 17:47:37.973259',907,'Escritório Avançado do Estado do Rio Grande do Sul',0),(911,'2024-06-12 17:47:37.973259',908,'item 10 da alínea (a) do item V do Art. 3o da Portaria 752',0),(912,'2024-06-12 17:47:37.973259',909,'15',0),(913,'2024-06-12 17:47:37.973259',910,'115',0),(914,'2024-06-12 17:47:37.973259',911,'170',0),(915,'2024-06-12 17:47:37.973259',912,'77',0),(916,'2024-06-12 17:47:37.973259',913,'Unidades Descentralizadas em extinção',0),(917,'2024-06-12 17:47:37.973259',914,'alínea (b) do item V do Art. 3o da Portaria 752',0),(918,'2024-06-12 17:47:37.973259',915,'88',0),(919,'2024-06-12 17:47:37.973259',916,'Unidade Descentralizada em Extinção de Campinas',0),(920,'2024-06-12 17:47:37.973259',917,'item 1 da alínea (b) do item V do Art. 3o da Portaria 752',0),(921,'2024-06-12 17:47:37.973259',918,'15',0),(922,'2024-06-12 17:47:37.973259',919,'115',0),(923,'2024-06-12 17:47:37.973259',920,'170',0),(924,'2024-06-12 17:47:37.973259',921,'89',0),(925,'2024-06-12 17:47:37.973259',922,'Unidade Descentralizada em Extinção da Baixada Santista',0),(926,'2024-06-12 17:47:37.973259',923,'item 2 da alínea (b) do item V do Art. 3o da Portaria 752',0),(927,'2024-06-12 17:47:37.973259',924,'15',0),(928,'2024-06-12 17:47:37.973259',925,'115',0),(929,'2024-06-12 17:47:37.973259',926,'170',0),(930,'2024-06-12 17:47:37.973259',927,'Conselhos',0),(931,'2024-06-12 17:47:37.973259',928,'Conselho Curador',0),(932,'2024-06-12 17:47:37.973259',929,'Conselho Curador',0),(933,'2024-06-12 17:47:37.973259',930,'item I do Art. 3o da Portaria 752',0),(934,'2024-06-12 17:47:37.973259',931,'serviço relevante não remunerado (parágrafo 6o do Art. 7o da Portaria 752)',0),(935,'2024-06-12 17:47:37.973259',932,'Secretário Executivo do MTE',0),(936,'2024-06-12 17:47:37.973259',933,'Secretário Executivo do MTE',0),(937,'2024-06-12 17:47:37.973259',934,'item I do Art. 5o da Portaria 752',0),(938,'2024-06-12 17:47:37.973259',935,'Presidente da Fundacentro',0),(939,'2024-06-12 17:47:37.973259',936,'Presidente da Fundacentro',0),(940,'2024-06-12 17:47:37.973259',937,'item II do Art. 5o da Portaria 752',0),(941,'2024-06-12 17:47:37.973259',938,'Diretor da Fundacentro',0),(942,'2024-06-12 17:47:37.973259',939,'Diretor da Fundacentro',0),(943,'2024-06-12 17:47:37.973259',940,'item III do Art. 5o da Portaria 752',0),(944,'2024-06-12 17:47:37.973259',941,'Membro I Indicado pelo MTE',0),(945,'2024-06-12 17:47:37.973259',942,'Membro I Indicado pelo MTE',0),(946,'2024-06-12 17:47:37.973259',943,'item IV do Art. 5o da Portaria 752',0),(947,'2024-06-12 17:47:37.973259',944,'Membro II Indicado pelo MTE',0),(948,'2024-06-12 17:47:37.973259',945,'Membro II Indicado pelo MTE',0),(949,'2024-06-12 17:47:37.973259',946,'item IV do Art. 5o da Portaria 752',0),(950,'2024-06-12 17:47:37.973259',947,'Representante I dos Empregadores',0),(951,'2024-06-12 17:47:37.973259',948,'Representante I dos Empregadores',0),(952,'2024-06-12 17:47:37.973259',949,'item V do Art. 5o da Portaria 752',0),(953,'2024-06-12 17:47:37.973259',950,'Representante II dos Empregadores',0),(954,'2024-06-12 17:47:37.973259',951,'Representante II dos Empregadores',0),(955,'2024-06-12 17:47:37.973259',952,'item V do Art. 5o da Portaria 752',0),(956,'2024-06-12 17:47:37.973259',953,'Representante I dos Trabalhadores',0),(957,'2024-06-12 17:47:37.973259',954,'Representante I dos Trabalhadores',0),(958,'2024-06-12 17:47:37.973259',955,'item VI do Art. 5o da Portaria 752',0),(959,'2024-06-12 17:47:37.973259',956,'Representante II dos Trabalhadores',0),(960,'2024-06-12 17:47:37.973259',957,'Representante II dos Trabalhadores',0),(961,'2024-06-12 17:47:37.973259',958,'item VI do Art. 5o da Portaria 752',0),(962,'2024-06-12 17:47:37.973259',959,'Membros sem direito a voto',0),(963,'2024-06-12 17:47:37.973259',960,'Sem direito a voto',0),(964,'2024-06-12 17:47:37.973259',961,'Membro Diretor II da Fundacentro',0),(965,'2024-06-12 17:47:37.973259',962,'Diretor II da Fundacentro',0),(966,'2024-06-12 17:47:37.973259',963,'parágrafo 1o do Art. 5o da Portaria 752',0),(967,'2024-06-12 17:47:37.973259',964,'Membro Diretor III da Fundacentro',0),(968,'2024-06-12 17:47:37.973259',965,'Diretor III da Fundacentro',0),(969,'2024-06-12 17:47:37.973259',966,'parágrafo 1o do Art. 5o da Portaria 752',0),(970,'2024-06-12 17:47:37.973259',967,'Membro Procurador Chefe',0),(971,'2024-06-12 17:47:37.973259',968,'Procurador Chefe',0),(972,'2024-06-12 17:47:37.973259',969,'parágrafo 1o do Art. 5o da Portaria 752',0),(973,'2024-06-12 17:47:37.973259',970,'Membro Auditor Chefe',0),(974,'2024-06-12 17:47:37.973259',971,'Auditor Chefe',0),(975,'2024-06-12 17:47:37.973259',972,'parágrafo 1o do Art. 5o da Portaria 752',0),(976,'2024-06-12 17:47:37.973259',973,'Comissões',0),(977,'2024-06-12 17:47:37.973259',974,'Comissões da Fundacentro.',0),(978,'2024-06-12 17:47:37.973259',975,'Comissão de Ética da Fundacentro',0),(979,'2024-06-12 17:47:37.973259',976,'Comissão de Ética da Fundacentro.',0),(980,'2024-06-12 17:47:37.973259',977,'Portaria interna Fundacentro n° 070, de 1º de abril de 2008.',0),(981,'2024-06-12 17:47:37.973259',978,'portaria-pres-0179-2009-09-22-original.pdf',0),(982,'2024-06-12 17:47:37.973259',979,'portaria-pres-0067-2020-03-17-1.pdf',0),(983,'2024-06-12 17:47:37.973259',980,'Presidente(a)',0),(984,'2024-06-12 17:47:37.973259',981,'Presidente(a)',0),(985,'2024-06-12 17:47:37.973259',982,'Roberta Granja Gonzaga',0),(986,'2024-06-12 17:47:37.973259',983,'Membro titular_colegiado',0),(987,'2024-06-12 17:47:37.973259',984,'Membro titular_colegiado',0),(988,'2024-06-12 17:47:37.973259',985,'Tatiana Gonçalves',0),(989,'2024-06-12 17:47:37.973259',986,'Membro titular_colegiado',0),(990,'2024-06-12 17:47:37.973259',987,'Membro titular_colegiado',0),(991,'2024-06-12 17:47:37.973259',988,'Adriano Myotin',0),(992,'2024-06-12 17:47:37.973259',989,'Membro Suplente',0),(993,'2024-06-12 17:47:37.973259',990,'Membro Suplente',0),(994,'2024-06-12 17:47:37.973259',991,'Cristiane Paim da Cunha',0),(995,'2024-06-12 17:47:37.973259',992,'Membro Suplente',0),(996,'2024-06-12 17:47:37.973259',993,'Membro Suplente',0),(997,'2024-06-12 17:47:37.973259',994,'Fernanda de Freitas Ventura\n',0),(998,'2024-06-12 17:47:37.973259',995,'Membro Suplente',0),(999,'2024-06-12 17:47:37.973259',996,'Membro Suplente',0),(1000,'2024-06-12 17:47:37.973259',997,'Lúcia Silva Rocha',0),(1001,'2024-06-12 17:47:37.973259',998,'Secretário(a) Executivo(a)',0),(1002,'2024-06-12 17:47:37.973259',999,'Secretário(a) Executivo(a)',0),(1003,'2024-06-12 17:47:37.973259',1000,'Erika Alves dos Santos',0),(1004,'2024-06-12 17:47:37.973259',1001,'Comitê Interno de Governança, Riscos e Controles (CGRC)',0),(1005,'2024-06-12 17:47:37.973259',1002,'Comitê Interno de Governança, Riscos e Controles (CGRC), que tem caráter deliberativo (aprovar) em alguns temas.',0),(1006,'2024-06-12 17:47:37.973259',1003,'Portaria Nº 489, DE 16 DE dezembro DE 2019',0),(1007,'2024-06-12 17:47:37.973259',1004,'Resumo: objetivo estabelecer um ambiente adequado de controle e gestão de riscos e garantir que as boas práticas de governança se desenvolvam e sejam apropriadas pela instituição de forma contínua e progressiva.',0),(1008,'2024-06-12 17:47:37.973259',1005,'SEI_FUNDACENTRO - 0040650 - Portaria.pdf',0),(1009,'2024-06-12 17:47:37.973259',1006,'SEI_FUNDACENTRO - 0137021 - Portaria.pdf',0),(1010,'2024-06-12 17:47:37.973259',1007,'Comissão Permanente de Avaliação de Documentos - CPAD',0),(1011,'2024-06-12 17:47:37.973259',1008,'Comissão Permanente de Avaliação de Documentos - CPAD',0),(1012,'2024-06-12 17:47:37.973259',1009,'Portaria FUNDACENTRO Nº 391, DE 01 DE dezembro DE 2020.',0),(1013,'2024-06-12 17:47:37.973259',1010,'Resumo: elaborar códigos de classificação de documentos, aplicar e orientar a aplicação do código de classificação, orientar unidades administrativas, analisar documentos para definir destinação final, submeter listagens de eliminação de documentos para a aprovação do titular_colegiado.',0),(1014,'2024-06-12 17:47:37.973259',1011,'SEI-FUNDACENTRO-institui-CPAD-0081773-Portaria.pdf',0),(1015,'2024-06-12 17:47:37.973259',1012,'Comissão Permanente de Avaliação de Documentos Sigilosos - CPADS',0),(1016,'2024-06-12 17:47:37.973259',1013,'Comissão Permanente de Avaliação de Documentos Sigilosos - CPADS',0),(1017,'2024-06-12 17:47:37.973259',1014,'Portaria FUNDACENTRO Nº 836, DE 20 DE maio DE 2022',0),(1018,'2024-06-12 17:47:37.973259',1015,'Resumo: Opinar sobre a informação produzida no âmbito de sua atuação para fins de classificação em qualquer grau de sigilo, assessorar a autoridade classificadora ou a autoridade hierarquicamente superior quanto à desclassificação, reclassificação ou reavaliação de informação classificada, propor destino final das informações desclassificadas, subsidiar a elaboração do rol anual de informações desclassificadas e documentos classificados.',0),(1019,'2024-06-12 17:47:37.973259',1016,'Grupos',0),(1020,'2024-06-12 17:47:37.973259',1017,'Grupos criados por Portarias ou outros instrumentos, no âmbito da Fundacentro.',0),(1021,'2024-06-12 17:47:37.973259',1018,'Grupo Temporário de Apoio à CPAD',0),(1022,'2024-06-12 17:47:37.973259',1019,'Grupo Temporário de Apoio à Comissão Permanente de Avaliação de Documentos da Fundacentro (CPAD) e à Comissão Permanente de Avaliação de Documentos Sigilosos da Fundacentro (CPADS)',0),(1023,'2024-06-12 17:47:37.973259',1020,'Participações Externas',0),(1024,'2024-06-12 17:47:37.973259',1021,'Câmara Técnica de Saneantes - CATES',0),(1025,'2024-06-12 17:47:37.973259',1022,'Membro 1',0),(1026,'2024-06-12 17:47:37.973259',1023,'Gilmar da Cunha Trivelato',0),(1027,'2024-06-12 17:47:37.973259',1024,'CTN',0),(1028,'2024-06-12 17:47:37.973259',1025,'Agência Nacional de Vigilância Sanitária',0),(1029,'2024-06-12 17:47:37.973259',1026,'Despacho nº 1/2023/GABINETE PRES/PRES',0),(1030,'2024-06-12 17:47:37.973259',1027,'Comissão de Estudo de Equipamentos de Proteção Respiratória CB32/ABNT',0),(1031,'2024-06-12 17:47:37.973259',1028,'Membro 1',0),(1032,'2024-06-12 17:47:37.973259',1029,'Fernanda de Freitas Ventura',0),(1033,'2024-06-12 17:47:37.973259',1030,'CTN',0),(1034,'2024-06-12 17:47:37.973259',1031,'Associação Brasileira de Normas Técnicas (ABNT)',0),(1035,'2024-06-12 17:47:37.973259',1032,'OFÍCIO ELETRÔNICO Nº 105/2019/GABINETE PRES/PRES-FUNDACENTRO ',0),(1036,'2024-06-12 17:47:37.973259',1033,'Membro 2',0),(1037,'2024-06-12 17:47:37.973259',1034,'Silvia Helena de Araujo Nicolai',0),(1038,'2024-06-12 17:47:37.973259',1035,'CTN',0),(1039,'2024-06-12 17:47:37.973259',1036,'Associação Brasileira de Normas Técnicas (ABNT)',0),(1040,'2024-06-12 17:47:37.973259',1037,'OFÍCIO Nº 030/CPT-DTE, DE 22 DE SETEMBRO DE 2017',0),(1041,'2024-06-12 17:47:37.973259',1038,'Comissão de Estudos Especiais de Nanotecnologia CEE-089/ABNT',0),(1042,'2024-06-12 17:47:37.973259',1039,'Membro 1',0),(1043,'2024-06-12 17:47:37.973259',1040,'Arline Sydneia Abel Arcuri',0),(1044,'2024-06-12 17:47:37.973259',1041,'CTN',0),(1045,'2024-06-12 17:47:37.973259',1042,'Associação Brasileira de Normas Técnicas (ABNT)',0),(1046,'2024-06-12 17:47:37.973259',1043,'DESPACHO Nº 489/2021/GABINETE PRES/PRES',0),(1047,'2024-06-12 17:47:37.973259',1044,'Membro 2',0),(1048,'2024-06-12 17:47:37.973259',1045,'José Renato Alves Schmidt',0),(1049,'2024-06-12 17:47:37.973259',1046,'EASC',0),(1050,'2024-06-12 17:47:37.973259',1047,'Associação Brasileira de Normas Técnicas (ABNT)',0),(1051,'2024-06-12 17:47:37.973259',1048,'DESPACHO Nº 489/2021/GABINETE PRES/PRES',0),(1052,'2024-06-12 17:47:37.973259',1049,'Membro 3',0),(1053,'2024-06-12 17:47:37.973259',1050,'Luis Renato Balbão Andrade',0),(1054,'2024-06-12 17:47:37.973259',1051,'EARS',0),(1055,'2024-06-12 17:47:37.973259',1052,'Associação Brasileira de Normas Técnicas (ABNT)',0),(1056,'2024-06-12 17:47:37.973259',1053,'DESPACHO Nº 489/2021/GABINETE PRES/PRES',0),(1057,'2024-06-12 17:47:37.973259',1054,'Comissão Intersetorial de Saúde do Trabalhador e da Trabalhadora (CISTT)',0),(1058,'2024-06-12 17:47:37.973259',1055,'Membro 1',0),(1059,'2024-06-12 17:47:37.973259',1056,'Emerson José Almeida da Fonseca',0),(1060,'2024-06-12 17:47:37.973259',1057,'EAES',0),(1061,'2024-06-12 17:47:37.973259',1058,'Conselho Estadual de Saúde - CES/ES',0),(1062,'2024-06-12 17:47:37.973259',1059,'OFÍCIO ELETRÔNICO Nº 108/2022/GABINETE PRES/PRES-FUNDACENTRO',0),(1063,'2024-06-12 17:47:37.973259',1060,'Membro 2',0),(1064,'2024-06-12 17:47:37.973259',1061,'Maria Ângela Pizzani Cruz',0),(1065,'2024-06-12 17:47:37.973259',1062,'EAES',0),(1066,'2024-06-12 17:47:37.973259',1063,'Conselho Estadual de Saúde - CES/ES',0),(1067,'2024-06-12 17:47:37.973259',1064,'OFÍCIO ELETRÔNICO Nº 108/2022/GABINETE PRES/PRES-FUNDACENTRO',0),(1068,'2024-06-12 17:47:37.973259',1065,'Comissão Intersetorial do Ambiente e de Outros Minerais - CIAM',0),(1069,'2024-06-12 17:47:37.973259',1066,'Membro 1',0),(1070,'2024-06-12 17:47:37.973259',1067,'André Luis Santiago Maia',0),(1071,'2024-06-12 17:47:37.973259',1068,'EABA',0),(1072,'2024-06-12 17:47:37.973259',1069,'Diretoria de Vigilância e Atenção à Saúde do Trabalhador - DIVAST - Secretaria da Saúde - BA',0),(1073,'2024-06-12 17:47:37.973259',1070,'OF/FUNDACENTRO/CRBA/GAB/007/2015',0),(1074,'2024-06-12 17:47:37.973259',1071,'Comissão Tripartite Paritária Permanente - CTPP',0),(1075,'2024-06-12 17:47:37.973259',1072,'Membro 1',0),(1076,'2024-06-12 17:47:37.973259',1073,'Cezar Akiyoshi Saito',0),(1077,'2024-06-12 17:47:37.973259',1074,'CTN',0),(1078,'2024-06-12 17:47:37.973259',1075,'Ministério do Trabalho e Emprego',0),(1079,'2024-06-12 17:47:37.973259',1076,'PORTARIA MTE Nº 2.053, DE 2 DE JUNHO DE 2023',0),(1080,'2024-06-12 17:47:37.973259',1077,'Membro 2',0),(1081,'2024-06-12 17:47:37.973259',1078,'Pedro Tourinho de Siqueira',0),(1082,'2024-06-12 17:47:37.973259',1079,'CTN ',0),(1083,'2024-06-12 17:47:37.973259',1080,'Ministério do Trabalho e Emprego',0),(1084,'2024-06-12 17:47:37.973259',1081,'PORTARIA MTE Nº 2.053, DE 2 DE JUNHO DE 2023',0),(1085,'2024-06-12 17:47:37.973259',1082,'Comitê de Riscos e Controles, Integridade e Transparência do Ministério do Trabalho e Previdência',0),(1086,'2024-06-12 17:47:37.973259',1083,'Membro 1',0),(1087,'2024-06-12 17:47:37.973259',1084,'Diego Fernando Ferreira de Oliveira',0),(1088,'2024-06-12 17:47:37.973259',1085,'CTN',0),(1089,'2024-06-12 17:47:37.973259',1086,'Assessoria Especial de Controle Interno do MTP',0),(1090,'2024-06-12 17:47:37.973259',1087,'OFÍCIO ELETRÔNICO Nº 54/2022/GABINETE PRES/PRES-FUNDACENTRO',0),(1091,'2024-06-12 17:47:37.973259',1088,'Membro 2',0),(1092,'2024-06-12 17:47:37.973259',1089,'Thais Monteiro Andrade da Silva',0),(1093,'2024-06-12 17:47:37.973259',1090,'CTN',0),(1094,'2024-06-12 17:47:37.973259',1091,'Assessoria Especial de Controle Interno do MTP',0),(1095,'2024-06-12 17:47:37.973259',1092,'OFÍCIO ELETRÔNICO Nº 54/2022/GABINETE PRES/PRES-FUNDACENTRO',0),(1096,'2024-06-12 17:47:37.973259',1093,'Comitê Permanente Regional do Estado de São Paulo - CPR-SP/NR-18',0),(1097,'2024-06-12 17:47:37.973259',1094,'Membro 1',0),(1098,'2024-06-12 17:47:37.973259',1095,'Artur Carlos da Silva Moreira',0),(1099,'2024-06-12 17:47:37.973259',1096,'EASC',0),(1100,'2024-06-12 17:47:37.973259',1097,'Superintendência Regional do Trabalho do Estado de São Paulo (SRTB-SP-SEGUR)',0),(1101,'2024-06-12 17:47:37.973259',1098,' OFÍCIO ELETRÔNICO Nº 71/2021/GABINETE PRES/PRES-FUNDACENTRO ',0),(1102,'2024-06-12 17:47:37.973259',1099,'Membro 2',0),(1103,'2024-06-12 17:47:37.973259',1100,'Maria Christina Félix',0),(1104,'2024-06-12 17:47:37.973259',1101,'EARJ',0),(1105,'2024-06-12 17:47:37.973259',1102,'Superintendência Regional do Trabalho do Estado de São Paulo (SRTB-SP-SEGUR)',0),(1106,'2024-06-12 17:47:37.973259',1103,'OFÍCIO ELETRÔNICO Nº 71/2021/GABINETE PRES/PRES-FUNDACENTRO',0),(1107,'2024-06-12 17:47:37.973259',1104,'Fórum de Engenharia do Trabalho',0),(1108,'2024-06-12 17:47:37.973259',1105,'Membro 1',0),(1109,'2024-06-12 17:47:37.973259',1106,'Thais Maria Santiago de Moraes Barros',0),(1110,'2024-06-12 17:47:37.973259',1107,'UDCA',0),(1111,'2024-06-12 17:47:37.973259',1108,'Ministério Público do Trabalho -  15ª região',0),(1112,'2024-06-12 17:47:37.973259',1109,'DESPACHO Nº 429/2020/GABINETE PRES/PRES',0),(1113,'2024-06-12 17:47:37.973259',1110,'Fórum Saúde e Segurança do Trabalhador no Estado de Santa Catarina - FSST/SC',0),(1114,'2024-06-12 17:47:37.973259',1111,'Membro 1',0),(1115,'2024-06-12 17:47:37.973259',1112,'Ricardo Luiz Lorenzi',0),(1116,'2024-06-12 17:47:37.973259',1113,'EASC',0),(1117,'2024-06-12 17:47:37.973259',1114,'Ministério Público do Trabalho',0),(1118,'2024-06-12 17:47:37.973259',1115,'OFÍCIO ELETRÔNICO Nº 50/2022/GABINETE PRES/PRES-FUNDACENTRO ',0),(1119,'2024-06-12 17:47:37.973259',1116,'GETRIN 10',0),(1120,'2024-06-12 17:47:37.973259',1117,'Membro 1',0),(1121,'2024-06-12 17:47:37.973259',1118,'Swylmar dos Santos Ferreira',0),(1122,'2024-06-12 17:47:37.973259',1119,'EADF',0),(1123,'2024-06-12 17:47:37.973259',1120,'Tribunal Regional do Trabalho TRT-10',0),(1124,'2024-06-12 17:47:37.973259',1121,'ID SEI Nº 0014792',0),(1125,'2024-06-12 17:47:37.973259',1122,'Grupo de Estudo Tripartite sobre Riscos Psicossociais',0),(1126,'2024-06-12 17:47:37.973259',1123,'Membro 1',0),(1127,'2024-06-12 17:47:37.973259',1124,'Juliana Andrade Oliveira',0),(1128,'2024-06-12 17:47:37.973259',1125,'CTN',0),(1129,'2024-06-12 17:47:37.973259',1126,'Subsecretaria de Inspeção do Trabalho (SIT)',0),(1130,'2024-06-12 17:47:37.973259',1127,'PARECER Nº 34/2021/GABINETE DPA/DPA',0),(1131,'2024-06-12 17:47:37.973259',1128,'Grupo de Revisão da NR 10 - Segurança em Instalações e Serviços em Eletricidade',0),(1132,'2024-06-12 17:47:37.973259',1129,'Membro 1',0),(1133,'2024-06-12 17:47:37.973259',1130,'Airton Tavares de Almeida Junior',0),(1134,'2024-06-12 17:47:37.973259',1131,'EARS',0),(1135,'2024-06-12 17:47:37.973259',1132,'Subsecretaria de Inspeção do Trabalho (SIT)',0),(1136,'2024-06-12 17:47:37.973259',1133,'OFÍCIO ELETRÔNICO Nº 5/2021/GABINETE PRES/PRES-FUNDACENTRO ',0),(1137,'2024-06-12 17:47:37.973259',1134,'Membro 2',0),(1138,'2024-06-12 17:47:37.973259',1135,'Swylmar dos Santos Ferreira',0),(1139,'2024-06-12 17:47:37.973259',1136,'EADF',0),(1140,'2024-06-12 17:47:37.973259',1137,'Subsecretaria de Inspeção do Trabalho (SIT)',0),(1141,'2024-06-12 17:47:37.973259',1138,'OFÍCIO ELETRÔNICO Nº 5/2021/GABINETE PRES/PRES-FUNDACENTRO ',0),(1142,'2024-06-12 17:47:37.973259',1139,'Grupo de Revisão da NR 11 - Transporte, Movimentação, Armazenagem e Manuseio de Materiais',0),(1143,'2024-06-12 17:47:37.973259',1140,'Membro 1',0),(1144,'2024-06-12 17:47:37.973259',1141,'Flávio Maldonado Bentes',0),(1145,'2024-06-12 17:47:37.973259',1142,'EARS',0),(1146,'2024-06-12 17:47:37.973259',1143,'Subsecretaria de Inspeção do Trabalho (SIT)',0),(1147,'2024-06-12 17:47:37.973259',1144,'OFÍCIO ELETRÔNICO Nº 56/2022/GABINETE PRES/PRES-FUNDACENTRO',0),(1148,'2024-06-12 17:47:37.973259',1145,'Membro 2',0),(1149,'2024-06-12 17:47:37.973259',1146,'Gustavo Braga Senra',0),(1150,'2024-06-12 17:47:37.973259',1147,'EAMG',0),(1151,'2024-06-12 17:47:37.973259',1148,'Subsecretaria de Inspeção do Trabalho (SIT)',0),(1152,'2024-06-12 17:47:37.973259',1149,'OFÍCIO ELETRÔNICO Nº 5/2021/GABINETE PRES/PRES-FUNDACENTRO ',0),(1153,'2024-06-12 17:47:37.973259',1150,'Grupo de Revisão da NR 13 - Caldeiras, Vasos de Pressão, Tubulações e Tanques Metálicos de Armazenamento',0),(1154,'2024-06-12 17:47:37.973259',1151,'Membro 1',0),(1155,'2024-06-12 17:47:37.973259',1152,'Flávio Maldonado Bentes',0),(1156,'2024-06-12 17:47:37.973259',1153,'EARS',0),(1157,'2024-06-12 17:47:37.973259',1154,'Subsecretaria de Inspeção do Trabalho (SIT)',0),(1158,'2024-06-12 17:47:37.973259',1155,'OFÍCIO ELETRÔNICO Nº 5/2021/GABINETE PRES/PRES-FUNDACENTRO ',0),(1159,'2024-06-12 17:47:37.973259',1156,'Membro 2',0),(1160,'2024-06-12 17:47:37.973259',1157,'Rodrigo Cauduro Roscani',0),(1161,'2024-06-12 17:47:37.973259',1158,'UDCA',0),(1162,'2024-06-12 17:47:37.973259',1159,'Subsecretaria de Inspeção do Trabalho (SIT)',0),(1163,'2024-06-12 17:47:37.973259',1160,'OFÍCIO ELETRÔNICO Nº 5/2021/GABINETE PRES/PRES-FUNDACENTRO ',0),(1164,'2024-06-12 17:47:37.973259',1161,'Grupo de Revisão da NR 15 - Atividades e Operações Insalubres (calor)',0),(1165,'2024-06-12 17:47:37.973259',1162,'Membro 1',0),(1166,'2024-06-12 17:47:37.973259',1163,'Elisa Kayo Shibuya',0),(1167,'2024-06-12 17:47:37.973259',1164,'CTN',0),(1168,'2024-06-12 17:47:37.973259',1165,'Subsecretaria de Inspeção do Trabalho (SIT)',0),(1169,'2024-06-12 17:47:37.973259',1166,'OFÍCIO ELETRÔNICO Nº 47/2019/GABINETE PRES/PRES-FUNDACENTRO ',0),(1170,'2024-06-12 17:47:37.973259',1167,'Grupo de Revisão da NR 17 - Ergonomia',0),(1171,'2024-06-12 17:47:37.973259',1168,'Membro 1',0),(1172,'2024-06-12 17:47:37.973259',1169,'José Marçal Jackson Filho',0),(1173,'2024-06-12 17:47:37.973259',1170,'EAPR',0),(1174,'2024-06-12 17:47:37.973259',1171,'Subsecretaria de Inspeção do Trabalho (SIT)',0),(1175,'2024-06-12 17:47:37.973259',1172,'OFÍCIO ELETRÔNICO Nº 48/2019/GABINETE PRES/PRES-FUNDACENTRO',0),(1176,'2024-06-12 17:47:37.973259',1173,'Grupo de Revisão da NR 22 - Segurança e Saúde Ocupacional na Mineração',0),(1177,'2024-06-12 17:47:37.973259',1174,'Membro 1',0),(1178,'2024-06-12 17:47:37.973259',1175,'Lênio Sérvio Amaral',0),(1179,'2024-06-12 17:47:37.973259',1176,'EAMG',0),(1180,'2024-06-12 17:47:37.973259',1177,'Subsecretaria de Inspeção do Trabalho (SIT)',0),(1181,'2024-06-12 17:47:37.973259',1178,'OFÍCIO ELETRÔNICO Nº 5/2021/GABINETE PRES/PRES-FUNDACENTRO ',0),(1182,'2024-06-12 17:47:37.973259',1179,'Membro 2',0),(1183,'2024-06-12 17:47:37.973259',1180,'Leonidas Ramos Pandaggis',0),(1184,'2024-06-12 17:47:37.973259',1181,'CTN',0),(1185,'2024-06-12 17:47:37.973259',1182,'Subsecretaria de Inspeção do Trabalho (SIT)',0),(1186,'2024-06-12 17:47:37.973259',1183,'OFÍCIO ELETRÔNICO Nº 5/2021/GABINETE PRES/PRES-FUNDACENTRO ',0),(1187,'2024-06-12 17:47:37.973259',1184,'Grupo de Revisão da NR 29 - Trabalho Portuário',0),(1188,'2024-06-12 17:47:37.973259',1185,'Membro 1',0),(1189,'2024-06-12 17:47:37.973259',1186,'Cristiane Paim da Cunha',0),(1190,'2024-06-12 17:47:37.973259',1187,'EARS',0),(1191,'2024-06-12 17:47:37.973259',1188,'Subsecretaria de Inspeção do Trabalho (SIT)',0),(1192,'2024-06-12 17:47:37.973259',1189,'OFÍCIO ELETRÔNICO Nº 33/2020/GABINETE PRES/PRES-FUNDACENTRO ',0),(1193,'2024-06-12 17:47:37.973259',1190,'Grupo de Revisão da NR 30 - Aquaviário',0),(1194,'2024-06-12 17:47:37.973259',1191,'Membro 1',0),(1195,'2024-06-12 17:47:37.973259',1192,'Antônio Lincoln Colucci',0),(1196,'2024-06-12 17:47:37.973259',1193,'EARJ',0),(1197,'2024-06-12 17:47:37.973259',1194,'Subsecretaria de Inspeção do Trabalho (SIT)',0),(1198,'2024-06-12 17:47:37.973259',1195,'OFÍCIO ELETRÔNICO Nº 139/2019/GABINETE PRES/PRES-FUNDACENTRO ',0),(1199,'2024-06-12 17:47:37.973259',1196,'Grupo de Revisão da NR 31 - Segurança e Saúde no Trabalho na Agricultura, Pecuária, Silvicultura, Exploração Florestal e Aquicultura',0),(1200,'2024-06-12 17:47:37.973259',1197,'Membro 1',0),(1201,'2024-06-12 17:47:37.973259',1198,'Armando Barbosa Xavier Filho',0),(1202,'2024-06-12 17:47:37.973259',1199,'EABA',0),(1203,'2024-06-12 17:47:37.973259',1200,'Subsecretaria de Inspeção do Trabalho (SIT)',0),(1204,'2024-06-12 17:47:37.973259',1201,'OFÍCIO ELETRÔNICO Nº 8/2022/GABINETE PRES/PRES-FUNDACENTRO',0),(1205,'2024-06-12 17:47:37.973259',1202,'Membro 2',0),(1206,'2024-06-12 17:47:37.973259',1203,'Felipe Morais Santos',0),(1207,'2024-06-12 17:47:37.973259',1204,'EARS ',0),(1208,'2024-06-12 17:47:37.973259',1205,'Subsecretaria de Inspeção do Trabalho (SIT)',0),(1209,'2024-06-12 17:47:37.973259',1206,' OFÍCIO ELETRÔNICO Nº 8/2022/GABINETE PRES/PRES-FUNDACENTRO ',0),(1210,'2024-06-12 17:47:37.973259',1207,'Grupo de Revisão da NR 32 - Segurança e Saúde no Trabalho em Serviços de Saúde',0),(1211,'2024-06-12 17:47:37.973259',1208,'Membro 1',0),(1212,'2024-06-12 17:47:37.973259',1209,'Érica Lui Reinhardt',0),(1213,'2024-06-12 17:47:37.973259',1210,'CTN',0),(1214,'2024-06-12 17:47:37.973259',1211,'Subsecretaria de Inspeção do Trabalho (SIT)',0),(1215,'2024-06-12 17:47:37.973259',1212,'OFÍCIO ELETRÔNICO Nº 5/2021/GABINETE PRES/PRES-FUNDACENTRO ',0),(1216,'2024-06-12 17:47:37.973259',1213,'Membro 2',0),(1217,'2024-06-12 17:47:37.973259',1214,'Maria de Fátima Torres Faria Viegas',0),(1218,'2024-06-12 17:47:37.973259',1215,'EARJ',0),(1219,'2024-06-12 17:47:37.973259',1216,'Subsecretaria de Inspeção do Trabalho (SIT)',0),(1220,'2024-06-12 17:47:37.973259',1217,'OFÍCIO ELETRÔNICO Nº 5/2021/GABINETE PRES/PRES-FUNDACENTRO ',0),(1221,'2024-06-12 17:47:37.973259',1218,'Grupo de Revisão da NR 33 - Segurança e Saúde nos Trabalhos em Espaços Confinados',0),(1222,'2024-06-12 17:47:37.973259',1219,'Membro 1',0),(1223,'2024-06-12 17:47:37.973259',1220,'Cristiane Paim da Cunha',0),(1224,'2024-06-12 17:47:37.973259',1221,'EARS',0),(1225,'2024-06-12 17:47:37.973259',1222,'Subsecretaria de Inspeção do Trabalho (SIT)',0),(1226,'2024-06-12 17:47:37.973259',1223,'OFÍCIO ELETRÔNICO Nº 5/2021/GABINETE PRES/PRES-FUNDACENTRO ',0),(1227,'2024-06-12 17:47:37.973259',1224,'Grupo de Revisão da NR 34 - Condições e Meio Ambiente de Trabalho na Indústria da Construção, Reparação e Desmonte Naval',0),(1228,'2024-06-12 17:47:37.973259',1225,'Membro 1',0),(1229,'2024-06-12 17:47:37.973259',1226,'Gustavo Braga Senra',0),(1230,'2024-06-12 17:47:37.973259',1227,'EAMG',0),(1231,'2024-06-12 17:47:37.973259',1228,'Subsecretaria de Inspeção do Trabalho (SIT)',0),(1232,'2024-06-12 17:47:37.973259',1229,'OFÍCIO ELETRÔNICO Nº 68/2022/GABINETE PRES/PRES-FUNDACENTRO',0),(1233,'2024-06-12 17:47:37.973259',1230,'Membro 2',0),(1234,'2024-06-12 17:47:37.973259',1231,'Maria Christina Félix',0),(1235,'2024-06-12 17:47:37.973259',1232,'EARJ',0),(1236,'2024-06-12 17:47:37.973259',1233,'Subsecretaria de Inspeção do Trabalho (SIT)',0),(1237,'2024-06-12 17:47:37.973259',1234,'OFÍCIO ELETRÔNICO Nº 68/2022/GABINETE PRES/PRES-FUNDACENTRO',0),(1238,'2024-06-12 17:47:37.973259',1235,'Grupo de Revisão da NR 35 - Trabalho em Altura',0),(1239,'2024-06-12 17:47:37.973259',1236,'Membro 1',0),(1240,'2024-06-12 17:47:37.973259',1237,'Diego Fernando Ferreira de Oliveira',0),(1241,'2024-06-12 17:47:37.973259',1238,'CTN',0),(1242,'2024-06-12 17:47:37.973259',1239,'Subsecretaria de Inspeção do Trabalho (SIT)',0),(1243,'2024-06-12 17:47:37.973259',1240,'OFÍCIO ELETRÔNICO Nº 56/2022/GABINETE PRES/PRES-FUNDACENTRO',0),(1244,'2024-06-12 17:47:37.973259',1241,'Membro 2',0),(1245,'2024-06-12 17:47:37.973259',1242,'Lênio Sérvio Amaral',0),(1246,'2024-06-12 17:47:37.973259',1243,'EAMG',0),(1247,'2024-06-12 17:47:37.973259',1244,'Subsecretaria de Inspeção do Trabalho (SIT)',0),(1248,'2024-06-12 17:47:37.973259',1245,'OFÍCIO ELETRÔNICO Nº 56/2022/GABINETE PRES/PRES-FUNDACENTRO ',0),(1249,'2024-06-12 17:47:37.973259',1246,'Grupo de Revisão da NR 36 - Segurança e Saúde no Trabalho em Empresas de Abate e Processamento de Carnes e Derivados',0),(1250,'2024-06-12 17:47:37.973259',1247,'Membro 1',0),(1251,'2024-06-12 17:47:37.973259',1248,'Celso Amorim Salim',0),(1252,'2024-06-12 17:47:37.973259',1249,'CTN',0),(1253,'2024-06-12 17:47:37.973259',1250,'Subsecretaria de Inspeção do Trabalho (SIT)',0),(1254,'2024-06-12 17:47:37.973259',1251,'OFÍCIO ELETRÔNICO Nº 5/2021/GABINETE PRES/PRES-FUNDACENTRO ',0),(1255,'2024-06-12 17:47:37.973259',1252,'Membro 2',0),(1256,'2024-06-12 17:47:37.973259',1253,'Erika Alvim de Sá e Benevides',0),(1257,'2024-06-12 17:47:37.973259',1254,'CTN',0),(1258,'2024-06-12 17:47:37.973259',1255,'Subsecretaria de Inspeção do Trabalho (SIT)',0),(1259,'2024-06-12 17:47:37.973259',1256,'OFÍCIO ELETRÔNICO Nº 5/2021/GABINETE PRES/PRES-FUNDACENTRO ',0),(1260,'2024-06-12 17:47:37.973259',1257,'Grupo de Revisão da NR 37 - Segurança e Saúde em Plataformas de Petróleo',0),(1261,'2024-06-12 17:47:37.973259',1258,'Membro 1',0),(1262,'2024-06-12 17:47:37.973259',1259,'José Marçal Jackson Filho',0),(1263,'2024-06-12 17:47:37.973259',1260,'EAPR',0),(1264,'2024-06-12 17:47:37.973259',1261,'Subsecretaria de Inspeção do Trabalho (SIT)',0),(1265,'2024-06-12 17:47:37.973259',1262,'OFÍCIO ELETRÔNICO Nº 5/2021/GABINETE PRES/PRES-FUNDACENTRO ',0),(1266,'2024-06-12 17:47:37.973259',1263,'Grupo de Revisão da NR 4 - SESMT',0),(1267,'2024-06-12 17:47:37.973259',1264,'Membro 1',0),(1268,'2024-06-12 17:47:37.973259',1265,'Swylmar dos Santos Ferreira',0),(1269,'2024-06-12 17:47:37.973259',1266,'EADF',0),(1270,'2024-06-12 17:47:37.973259',1267,'Subsecretaria de Inspeção do Trabalho (SIT)',0),(1271,'2024-06-12 17:47:37.973259',1268,'OFÍCIO ELETRÔNICO Nº 70/2019/GABINETE PRES/PRES-FUNDACENTRO ',0),(1272,'2024-06-12 17:47:37.973259',1269,'Grupo de Revisão da NR 5 - CIPA',0),(1273,'2024-06-12 17:47:37.973259',1270,'Membro 1',0),(1274,'2024-06-12 17:47:37.973259',1271,'Swylmar dos Santos Ferreira',0),(1275,'2024-06-12 17:47:37.973259',1272,'EADF',0),(1276,'2024-06-12 17:47:37.973259',1273,'Subsecretaria de Inspeção do Trabalho (SIT)',0),(1277,'2024-06-12 17:47:37.973259',1274,'OFÍCIO ELETRÔNICO Nº 71/2019/GABINETE PRES/PRES-FUNDACENTRO ',0),(1278,'2024-06-12 17:47:37.973259',1275,'Grupo de Revisão da NR 6 - Equipamentos de Proteção Individual',0),(1279,'2024-06-12 17:47:37.973259',1276,'Membro 1',0),(1280,'2024-06-12 17:47:37.973259',1277,'José Damásio de Aquino',0),(1281,'2024-06-12 17:47:37.973259',1278,'CTN',0),(1282,'2024-06-12 17:47:37.973259',1279,'Subsecretaria de Inspeção do Trabalho (SIT)',0),(1283,'2024-06-12 17:47:37.973259',1280,'OFÍCIO ELETRÔNICO Nº 5/2021/GABINETE PRES/PRES-FUNDACENTRO ',0),(1284,'2024-06-12 17:47:37.973259',1281,'Membro 2',0),(1285,'2024-06-12 17:47:37.973259',1282,'Silvia Helena de Araujo Nicolai',0),(1286,'2024-06-12 17:47:37.973259',1283,'CTN',0),(1287,'2024-06-12 17:47:37.973259',1284,'Subsecretaria de Inspeção do Trabalho (SIT)',0),(1288,'2024-06-12 17:47:37.973259',1285,'OFÍCIO ELETRÔNICO Nº 5/2021/GABINETE PRES/PRES-FUNDACENTRO ',0),(1289,'2024-06-12 17:47:37.973259',1286,'Grupo de Trabalho Interinstitucional  - GETRIN 17ª Região',0),(1290,'2024-06-12 17:47:37.973259',1287,'Membro 1',0),(1291,'2024-06-12 17:47:37.973259',1288,'Emerson José Almeida da Fonseca',0),(1292,'2024-06-12 17:47:37.973259',1289,'EAES',0),(1293,'2024-06-12 17:47:37.973259',1290,'Tribunal Regional do Trabalho da 17ª Região',0),(1294,'2024-06-12 17:47:37.973259',1291,'OFÍCIO ELETRÔNICO Nº 110/2022/GABINETE PRES/PRES-FUNDACENTRO',0),(1295,'2024-06-12 17:47:37.973259',1292,'Grupo de Trabalho Interinstitucional - GETRIN 17ª Região',0),(1296,'2024-06-12 17:47:37.973259',1293,'Membro 1',0),(1297,'2024-06-12 17:47:37.973259',1294,'Gilcemar Antonio Pereira Endlich',0),(1298,'2024-06-12 17:47:37.973259',1295,'EAES',0),(1299,'2024-06-12 17:47:37.973259',1296,'Tribunal Regional do Trabalho da 17ª Região',0),(1300,'2024-06-12 17:47:37.973259',1297,'OFÍCIO ELETRÔNICO Nº 110/2022/GABINETE PRES/PRES-FUNDACENTRO',0),(1301,'2024-06-12 17:47:37.973259',1298,'Grupo de Trabalho Interministerial do Programa de Enfrentamento ao Escalpelamento',0),(1302,'2024-06-12 17:47:37.973259',1299,'Membro 1',0),(1303,'2024-06-12 17:47:37.973259',1300,'Doracy Moraes de Souza',0),(1304,'2024-06-12 17:47:37.973259',1301,'EAPA',0),(1305,'2024-06-12 17:47:37.973259',1302,'Ministério do Trabalho e Previdência',0),(1306,'2024-06-12 17:47:37.973259',1303,'OFÍCIO ELETRÔNICO Nº 107/2022/GABINETE PRES/PRES-FUNDACENTRO',0),(1307,'2024-06-12 17:47:37.973259',1304,'Grupo de Trabalho Tripartite - GTT de revisão dos Anexos de Agentes Químicos da Norma Regulamentadora nº 15 (NR-15) - Atividades e Operações Insalubres, bem como da inclusão dos anexos de agentes químicos e agentes químicos cancerígenos e mutagênicos, além de Apêndices de Benzeno e Asbesto, na Norma Regulamentadora nº 09 (NR-09) - Avaliação e Controle das Exposições Ocupacionais a Agentes Físicos, Químicos e Biológicos. ',0),(1308,'2024-06-12 17:47:37.973259',1305,'Membro 1',0),(1309,'2024-06-12 17:47:37.973259',1306,'Gilmar da Cunha Trivelato',0),(1310,'2024-06-12 17:47:37.973259',1307,'CTN',0),(1311,'2024-06-12 17:47:37.973259',1308,'Secretaria do Trabalho do Ministério do Trabalho e Previdência',0),(1312,'2024-06-12 17:47:37.973259',1309,'PORTARIA STRAB/MTP Nº 4.035, DE 7 DE DEZEMBRO DE 2022',0),(1313,'2024-06-12 17:47:37.973259',1310,'Grupo de Trabalho Tripartite para acompanhamento da implementação da NR 18 - Construção',0),(1314,'2024-06-12 17:47:37.973259',1311,'Membro 1',0),(1315,'2024-06-12 17:47:37.973259',1312,'Artur Carlos da Silva Moreira',0),(1316,'2024-06-12 17:47:37.973259',1313,'EASC',0),(1317,'2024-06-12 17:47:37.973259',1314,'Subsecretaria de Inspeção do Trabalho (SIT)',0),(1318,'2024-06-12 17:47:37.973259',1315,'OFÍCIO ELETRÔNICO Nº 29/2022/GABINETE PRES/PRES-FUNDACENTRO ',0),(1319,'2024-06-12 17:47:37.973259',1316,'Membro 2',0),(1320,'2024-06-12 17:47:37.973259',1317,'Maria Christina Félix',0),(1321,'2024-06-12 17:47:37.973259',1318,'EARJ',0),(1322,'2024-06-12 17:47:37.973259',1319,'Subsecretaria de Inspeção do Trabalho (SIT)',0),(1323,'2024-06-12 17:47:37.973259',1320,'OFÍCIO ELETRÔNICO Nº 29/2022/GABINETE PRES/PRES-FUNDACENTRO ',0),(1324,'2024-06-12 17:47:37.973259',1321,'Grupo de Trabalho Tripartite para acompanhamento da implementação das NR´s Estruturantes - 01(PGR/GRO); 05(CIPA); 07(PCMSO); 09(Avaliação de Exposições Ocupacionais); e 17(Ergonomia)',0),(1325,'2024-06-12 17:47:37.973259',1322,'Membro 1',0),(1326,'2024-06-12 17:47:37.973259',1323,'Gilmar da Cunha Trivelato',0),(1327,'2024-06-12 17:47:37.973259',1324,'CTN',0),(1328,'2024-06-12 17:47:37.973259',1325,'Subsecretaria de Inspeção do Trabalho (SIT)',0),(1329,'2024-06-12 17:47:37.973259',1326,'OFÍCIO ELETRÔNICO Nº 28/2022/GABINETE PRES/PRES-FUNDACENTRO ',0),(1330,'2024-06-12 17:47:37.973259',1327,'Membro 2',0),(1331,'2024-06-12 17:47:37.973259',1328,'Luis Renato Balbão Andrade',0),(1332,'2024-06-12 17:47:37.973259',1329,'EARS ',0),(1333,'2024-06-12 17:47:37.973259',1330,'Subsecretaria de Inspeção do Trabalho (SIT)',0),(1334,'2024-06-12 17:47:37.973259',1331,'OFÍCIO ELETRÔNICO Nº 28/2022/GABINETE PRES/PRES-FUNDACENTRO ',0),(1335,'2024-06-12 17:47:37.973259',1332,'Grupo de Trabalho Tripartite para Elaboração da NR sobre Limpeza Urbana',0),(1336,'2024-06-12 17:47:37.973259',1333,'Membro 1',0),(1337,'2024-06-12 17:47:37.973259',1334,'José Renato Alves Schmidt',0),(1338,'2024-06-12 17:47:37.973259',1335,'EASC',0),(1339,'2024-06-12 17:47:37.973259',1336,'Subsecretaria de Inspeção do Trabalho (SIT)',0),(1340,'2024-06-12 17:47:37.973259',1337,'OFÍCIO ELETRÔNICO Nº 68/2022/GABINETE PRES/PRES-FUNDACENTRO',0),(1341,'2024-06-12 17:47:37.973259',1338,'Grupo de Trabalho Tripartite para elaboração da NR sobre Limpeza Urbana',0),(1342,'2024-06-12 17:47:37.973259',1339,'Membro 1',0),(1343,'2024-06-12 17:47:37.973259',1340,'Tereza Luiza Ferreira dos Santos',0),(1344,'2024-06-12 17:47:37.973259',1341,'CTN',0),(1345,'2024-06-12 17:47:37.973259',1342,'Subsecretaria de Inspeção do Trabalho (SIT)',0),(1346,'2024-06-12 17:47:37.973259',1343,'OFÍCIO ELETRÔNICO Nº 68/2022/GABINETE PRES/PRES-FUNDACENTRO',0),(1347,'2024-06-12 17:47:37.973259',1344,'Grupo Técnico Agrotóxico Estadual - VSPEA',0),(1348,'2024-06-12 17:47:37.973259',1345,'Membro 1',0),(1349,'2024-06-12 17:47:37.973259',1346,'Valéria Ramos Soares Pinto',0),(1350,'2024-06-12 17:47:37.973259',1347,'EASC',0),(1351,'2024-06-12 17:47:37.973259',1348,'Diretoria de Vigilância Sanitária - Secretaria de Estado da Saúde de Santa Catarina',0),(1352,'2024-06-12 17:47:37.973259',1349,'OFÍCIO ELETRÔNICO Nº 64/2022/GABINETE PRES/PRES-FUNDACENTRO',0),(1353,'2024-06-12 17:47:37.973259',1350,'Programa Bahia do Trabalho Decente',0),(1354,'2024-06-12 17:47:37.973259',1351,'Membro 1',0),(1355,'2024-06-12 17:47:37.973259',1352,'Soraya Wingester Vasconcelos',0),(1356,'2024-06-12 17:47:37.973259',1353,'EABA',0),(1357,'2024-06-12 17:47:37.973259',1354,'',0),(1358,'2024-06-12 17:47:37.973259',1355,'OF/FUNDACENTRO/CRBA/0013/2019',0),(1359,'2024-06-12 17:47:37.973259',1356,'Subcomissão de Coordenação do Sistema de Gestão de Documentos - SUBSIGA/ME',0),(1360,'2024-06-12 17:47:37.973259',1357,'Membro 1',0),(1361,'2024-06-12 17:47:37.973259',1358,'Sergio Antonio dos Santos',0),(1362,'2024-06-12 17:47:37.973259',1359,'CTN',0),(1363,'2024-06-12 17:47:37.973259',1360,' Ministério da Economia - SUBSIGA/ME',0),(1364,'2024-06-12 17:47:37.973259',1361,'OFÍCIO ELETRÔNICO Nº 100/2020/GABINETE PRES/PRES-FUNDACENTRO ',0),(1365,'2024-06-12 17:47:37.973259',1362,'Membro 2',0),(1366,'2024-06-12 17:47:37.973259',1363,'Sergio Roberto Cosmano',0),(1367,'2024-06-12 17:47:37.973259',1364,'CTN',0),(1368,'2024-06-12 17:47:37.973259',1365,' Ministério da Economia - SUBSIGA/ME',0),(1369,'2024-06-12 17:47:37.973259',1366,'OFÍCIO ELETRÔNICO Nº 100/2020/GABINETE PRES/PRES-FUNDACENTRO ',0),(1370,'2024-06-12 17:47:37.973259',1367,'Programas',0),(1371,'2024-06-12 17:47:37.973259',1368,'Programas de longa duração estabelecidos pela Fundacentro',0),(1372,'2024-06-12 17:47:37.973259',1369,'Programa IDEA',0),(1373,'2024-06-12 17:47:37.973259',1370,'Programa de Bolsas IDEA',0),(1374,'2024-06-12 17:47:37.973259',1371,'PORTARIA FUNDACENTRO No. 355 DE 27 DE OUTUBRO DE 2020',0),(1375,'2024-06-12 17:47:37.973259',1372,'Resumo: mobilização de pesquisadores externos à FUNDACENTRO (pesquisador visitante ou bolsista) para ampliação da capacidade nacional de pesquisa sobre os temas de segurança e saúde do trabalho (SST).',0),(1376,'2024-06-12 17:47:37.973259',1373,'Portaria_IDEIA.pdf',0),(1377,'2024-06-12 17:47:37.973259',1374,'Programa BEI',0),(1378,'2024-06-12 17:47:37.973259',1375,'Programa de Bolsas de Estímulo à Inovação',0),(1379,'2024-06-12 17:47:37.973259',1376,'PORTARIA FUNDACENTRO No 355, DE 27 DE OUTUBRO DE 2020',0),(1380,'2024-06-12 17:47:37.973259',1377,'Programa BEI',0),(1381,'2024-06-12 17:47:37.973259',1378,'PORTARIA FUNDACENTRO NO. 959 DE 27 DE OUTUBRO DE 2020',0),(1382,'2024-06-12 17:47:37.973259',1379,'Portaria_BEI.pdf',0),(1383,'2024-06-12 17:47:37.973259',1380,'Projetos Externos',0),(1384,'2024-06-12 17:47:37.973259',1381,'Projetos Externos da Fundacentro',0),(1385,'2024-06-12 17:47:37.973259',1382,'Diagnóstico de Risco dos Agentes de Santa Catarina expostos a Agrotóxicos.',0),(1386,'2024-06-12 17:47:37.973259',1383,'Monitoramento da Saúde e Diagnóstico da Percepção de Risco dos Agentes de Combate a Endemias de Santa Catarina expostos a Agrotóxicos.',0),(1387,'2024-06-12 17:47:37.973259',1384,'Projetos Internos',0),(1388,'2024-06-12 17:47:37.973259',1385,'teste',0),(1389,'2024-06-12 17:47:37.973259',1386,'93',1),(1390,'2024-06-12 17:47:37.973259',1387,'',1),(1391,'2024-06-12 17:47:37.973259',1388,'servidores',1),(1392,'2024-06-12 17:47:37.973259',1389,'103',1),(1393,'2024-06-12 17:47:37.973259',1390,'servidores',1),(1394,'2024-06-12 17:47:37.973259',1391,'103',1),(1395,'2024-06-12 17:47:37.973259',1392,'equipe',1),(1396,'2024-06-12 17:47:37.973259',1393,'Verificar',1),(1397,'2024-06-12 17:47:37.973259',1394,'96',1),(1398,'2024-06-12 17:47:37.973259',1395,'ANEXO II do Art. 39',1),(1399,'2024-06-12 17:47:37.973259',1396,'25',1),(1400,'2024-06-12 17:47:37.973259',1397,'73',1),(1401,'2024-06-12 17:47:37.973259',1398,'166',1),(1402,'2024-06-12 17:47:37.973259',1399,'teste',1),(1403,'2024-06-12 17:47:37.973259',1400,'equipe servidores',1),(1404,'2024-06-12 17:47:37.973259',1401,'insere equipe de bolsistas',1),(1405,'2024-06-12 17:47:37.973259',1402,'166',1),(1406,'2024-06-12 17:47:37.973259',1403,'teste',1),(1407,'2024-06-12 17:47:37.973259',1404,'teste',1),(1408,'2024-06-12 17:47:37.973259',1405,'teste',1),(1409,'2024-06-12 17:47:37.973259',1406,'teste',1),(1410,'2024-06-12 17:47:37.973259',1407,'teste',1),(1411,'2024-06-12 17:47:37.973259',1408,'',1),(1412,'2024-06-12 17:47:37.973259',1409,'teste',1),(1413,'2024-06-12 17:47:37.973259',1410,'Serviço de Epidemiologia e Estatística',1),(1414,'2024-06-12 17:47:37.973259',1411,'teste',1),(1415,'2024-06-12 17:47:37.973259',1412,'',1),(1416,'2024-06-12 17:47:37.973259',1413,'teste',1),(1417,'2024-06-12 17:47:37.973259',1414,'teste',1),(1418,'2024-06-12 17:47:37.973259',1415,'',1),(1419,'2024-06-12 17:47:37.973259',1416,'',1),(1420,'2024-06-12 17:47:37.973259',1417,'',1),(1421,'2024-06-12 17:47:37.973259',1418,'teste',1),(1422,'2024-06-12 17:47:37.973259',1419,'teste',1),(1423,'2024-06-12 17:47:37.973259',1420,'(Aqui ficam os deletados)',1);
DELIMITER ;;
/*!50003 CREATE*/ /*!50017 DEFINER=`root`@`localhost`*/ /*!50003 TRIGGER grava_id_de_referencia
BEFORE INSERT ON fc_versoes
FOR EACH ROW
BEGIN
	DECLARE c varchar(26) DEFAULT "abcdefghijklmnopqrstuvwxyz";
	DECLARE conta INT DEFAULT 0;
	DECLARE conta2 INT DEFAULT 0;
	DECLARE identificador varchar(200) DEFAULT "";
	DECLARE velho_identificador varchar(200) DEFAULT "";
	DECLARE TEMP varchar(200) DEFAULT "";	
	IF  NEW.fc_id_secao IN (SELECT fc_id_chave_categoria from fc_secoes where fc_id_tipo_secao = (SELECT fc_id_chave_nested_tipo_secao FROM fc_nested_tipos_secoes WHERE fc_nome_nested_tipo_secao = "item_de_referencia")) THEN
    DELETE FROM ids_de_referencia WHERE id_secao_do_identificador = NEW.fc_id_secao; 
	SET identificador =  SUBSTRING(NEW.fc_trecho, position("[" IN NEW.fc_trecho)+1, position("]" IN NEW.fc_trecho) - position("[" IN NEW.fc_trecho) -1);
	SET velho_identificador = identificador;
	SET temp = identificador;
	WHILE temp IN (SELECT nome_id_de_referencia from ids_de_referencia) DO
	 IF conta > 26 THEN
	 	SET conta2 = conta2 + 1;
	 	SET identificador = CONCAT(identificador, SUBSTR(c, conta2, 1));
		SET conta=0;
	 END IF;
	 SET conta = conta + 1;
	 SET temp = CONCAT(identificador, SUBSTR(c,conta,1));
	 IF conta2>26 THEN
	 	SET conta2=0;
	 END IF;
	END WHILE;
	SET identificador = temp;
	
  	SET NEW.fc_trecho = REPLACE(NEW.fc_trecho, CONCAT("[",velho_identificador,"]"), CONCAT("[",identificador,"]"));
	END IF;
	END */;;
DELIMITER ;

--
